From: osstest service owner <osstest-admin@xenproject.org>
To: xen-devel@lists.xenproject.org, osstest-admin@xenproject.org
Subject: [Xen-devel] [linux-4.14 test] 137705: tolerable FAIL - PUSHED
Date: Sat, 15 Jun 2019 01:49:34 +0000 [thread overview]
Message-ID: <osstest-137705-mainreport@xen.org> (raw)
flight 137705 linux-4.14 real [real]
http://logs.test-lab.xenproject.org/osstest/logs/137705/
Failures :-/ but no regressions.
Tests which did not succeed, but are not blocking:
test-amd64-i386-xl-pvshim 12 guest-start fail never pass
test-amd64-i386-libvirt 13 migrate-support-check fail never pass
test-amd64-i386-libvirt-xsm 13 migrate-support-check fail never pass
test-amd64-amd64-libvirt-xsm 13 migrate-support-check fail never pass
test-amd64-amd64-libvirt-qemuu-debianhvm-amd64-xsm 11 migrate-support-check fail never pass
test-amd64-amd64-libvirt 13 migrate-support-check fail never pass
test-amd64-i386-libvirt-qemuu-debianhvm-amd64-xsm 11 migrate-support-check fail never pass
test-amd64-amd64-libvirt-vhd 12 migrate-support-check fail never pass
test-arm64-arm64-xl 13 migrate-support-check fail never pass
test-arm64-arm64-xl 14 saverestore-support-check fail never pass
test-amd64-amd64-qemuu-nested-amd 17 debian-hvm-install/l1/l2 fail never pass
test-arm64-arm64-xl-credit1 13 migrate-support-check fail never pass
test-arm64-arm64-xl-credit1 14 saverestore-support-check fail never pass
test-arm64-arm64-xl-xsm 13 migrate-support-check fail never pass
test-arm64-arm64-xl-xsm 14 saverestore-support-check fail never pass
test-arm64-arm64-libvirt-xsm 13 migrate-support-check fail never pass
test-arm64-arm64-libvirt-xsm 14 saverestore-support-check fail never pass
test-arm64-arm64-xl-credit2 13 migrate-support-check fail never pass
test-arm64-arm64-xl-credit2 14 saverestore-support-check fail never pass
test-armhf-armhf-xl-arndale 13 migrate-support-check fail never pass
test-armhf-armhf-xl-arndale 14 saverestore-support-check fail never pass
test-armhf-armhf-xl-vhd 12 migrate-support-check fail never pass
test-armhf-armhf-xl-credit1 13 migrate-support-check fail never pass
test-armhf-armhf-xl-vhd 13 saverestore-support-check fail never pass
test-armhf-armhf-xl-credit1 14 saverestore-support-check fail never pass
test-amd64-i386-xl-qemut-win7-amd64 17 guest-stop fail never pass
test-armhf-armhf-xl-rtds 13 migrate-support-check fail never pass
test-armhf-armhf-xl-rtds 14 saverestore-support-check fail never pass
test-armhf-armhf-xl-multivcpu 13 migrate-support-check fail never pass
test-armhf-armhf-xl-multivcpu 14 saverestore-support-check fail never pass
test-amd64-i386-xl-qemuu-win7-amd64 17 guest-stop fail never pass
test-armhf-armhf-libvirt 13 migrate-support-check fail never pass
test-armhf-armhf-libvirt 14 saverestore-support-check fail never pass
test-armhf-armhf-xl 13 migrate-support-check fail never pass
test-armhf-armhf-xl 14 saverestore-support-check fail never pass
test-armhf-armhf-xl-cubietruck 13 migrate-support-check fail never pass
test-armhf-armhf-xl-cubietruck 14 saverestore-support-check fail never pass
test-amd64-amd64-xl-qemuu-win7-amd64 17 guest-stop fail never pass
test-amd64-amd64-xl-qemuu-ws16-amd64 17 guest-stop fail never pass
test-armhf-armhf-xl-credit2 13 migrate-support-check fail never pass
test-armhf-armhf-xl-credit2 14 saverestore-support-check fail never pass
test-amd64-i386-xl-qemut-ws16-amd64 17 guest-stop fail never pass
test-amd64-amd64-xl-qemut-ws16-amd64 17 guest-stop fail never pass
test-armhf-armhf-libvirt-raw 12 migrate-support-check fail never pass
test-armhf-armhf-libvirt-raw 13 saverestore-support-check fail never pass
test-amd64-amd64-xl-qemut-win7-amd64 17 guest-stop fail never pass
test-amd64-i386-xl-qemuu-ws16-amd64 17 guest-stop fail never pass
test-amd64-i386-xl-qemuu-win10-i386 10 windows-install fail never pass
test-amd64-amd64-xl-qemut-win10-i386 10 windows-install fail never pass
test-amd64-amd64-xl-qemuu-win10-i386 10 windows-install fail never pass
test-amd64-i386-xl-qemut-win10-i386 10 windows-install fail never pass
version targeted for testing:
linux 2bf3258a12af6508d9c0cf17bfa895c5650d2dbb
baseline version:
linux 8cb1239889087368a792c655de99529eec219bfc
Last test of basis 137171 2019-06-02 10:19:15 Z 12 days
Failing since 137513 2019-06-09 07:41:24 Z 5 days 3 attempts
Testing same since 137705 2019-06-13 06:02:07 Z 1 days 1 attempts
------------------------------------------------------------
People who touched revisions under test:
Alan Maguire <alan.maguire@oracle.com>
Alan Stern <stern@rowland.harvard.edu>
Alex Deucher <alexander.deucher@amd.com>
Andrew Morton <akpm@linux-foundation.org>
Andrey Smirnov <andrew.smirnov@gmail.com>
Andy Duan <fugang.duan@nxp.com>
Antoine Tenart <antoine.tenart@bootlin.com>
Ard Biesheuvel <ard.biesheuvel@linaro.org>
Baruch Siach <baruch@tkos.co.il>
Ben Skeggs <bskeggs@redhat.com>
Benjamin Coddington <bcodding@redhat.com>
Bjørn Mork <bjorn@mork.no>
Brian Norris <briannorris@chromium.org>
Carsten Schmid <carsten_schmid@mentor.com>
Chris Packham <chris.packham@alliedtelesis.co.nz>
Chris Wilson <chris@chris-wilson.co.uk>
Christian Borntraeger <borntraeger@de.ibm.com>
Christian König <christian.koenig@amd.com>
Cédric Le Goater <clg@kaod.org>
Dan Carpenter <dan.carpenter@oracle.com>
Daniel Axtens <dja@axtens.net>
Daniel Drake <drake@endlessm.com>
Dave Airlie <airlied@redhat.com>
David Ahern <dsahern@gmail.com>
David S. Miller <davem@davemloft.net>
David Sterba <dsterba@suse.com>
Douglas Anderson <dianders@chromium.org>
Erez Alfasi <ereza@mellanox.com>
Eric Dumazet <edumazet@google.com>
Eugeniu Rosca <erosca@de.adit-jv.com>
Fabio Estevam <festevam@gmail.com>
Filipe Manana <fdmanana@suse.com>
Fugang Duan <fugang.duan@nxp.com>
George G. Davis <george_davis@mentor.com>
Greg Kroah-Hartman <gregkh@linuxfoundation.org>
Greg Kurz <groug@kaod.org>
Hangbin Liu <liuhangbin@gmail.com>
Heiko Stuebner <heiko@sntech.de>
Helge Deller <deller@gmx.de>
Henry Lin <henryl@nvidia.com>
Herbert Xu <herbert@gondor.apana.org.au>
Ido Schimmel <idosch@mellanox.com>
J. Bruce Fields <bfields@redhat.com>
James Clarke <jrtc27@jrtc27.com>
Jan Klötzke <Jan.Kloetzke@preh.de>
Jani Nikula <jani.nikula@intel.com>
Jessica Yu <jeyu@kernel.org>
Jian-Hong Pan <jian-hong@endlessm.com>
Jiri Kosina <jkosina@suse.cz>
Jiri Slaby <jslaby@suse.cz>
Jisheng Zhang <Jisheng.Zhang@synaptics.com>
Joe Burmeister <joe.burmeister@devtank.co.uk>
John David Anglin <dave.anglin@bell.net>
Jonathan Corbet <corbet@lwn.net>
Joonas Lahtinen <joonas.lahtinen@linux.intel.com>
Jorge Ramirez-Ortiz <jorge.ramirez-ortiz@linaro.org>
Juergen Gross <jgross@suse.com>
Junwei Hu <hujunwei4@huawei.com>
Kailang Yang <kailang@realtek.com>
Kees Cook <keescook@chromium.org>
Kevin Hilman <khilman@baylibre.com>
Kirill Smelkov <kirr@nexedi.com>
Kloetzke Jan <Jan.Kloetzke@preh.de>
Konrad Rzeszutek Wilk <konrad.wilk@oracle.com>
Kristian Evensen <kristian.evensen@gmail.com>
Laurent Pinchart <laurent.pinchart@ideasonboard.com>
Linus Torvalds <torvalds@linux-foundation.org>
Lyude Paul <lyude@redhat.com>
Marc Zyngier <marc.zyngier@arm.com>
Marcelo Ricardo Leitner <marcelo.leitner@gmail.com>
Martin K. Petersen <martin.petersen@oracle.com>
Mathias Nyman <mathias.nyman@linux.intel.com>
Matthias Kaehlcke <mka@chromium.org>
Mauro Carvalho Chehab <mchehab+samsung@kernel.org>
Maxime Chevallier <maxime.chevallier@bootlin.com>
Maximilian Luz <luzmaximilian@gmail.com>
Meelis Roos <mroos@linux.ee>
Michael Chan <michael.chan@broadcom.com>
Michael Ellerman <mpe@ellerman.id.au>
Michal Hocko <mhocko@suse.com>
Miguel Ojeda <miguel.ojeda.sandonis@gmail.com>
Mike Manning <mmanning@vyatta.att-mail.com>
Miklos Szeredi <mszeredi@redhat.com>
Mimi Zohar <zohar@linux.ibm.com>
Nadav Amit <namit@vmware.com>
Nathan Chancellor <natechancellor@gmail.com>
Neil Horman <nhorman@tuxdriver.com>
Nicolas Dichtel <nicolas.dichtel@6wind.com>
oliver Neukum <oneukum@suse.com>
Olivier Matz <olivier.matz@6wind.com>
Paolo Abeni <pabeni@redhat.com>
Parav Pandit <parav@mellanox.com>
Patrik Jakobsson <patrik.r.jakobsson@gmail.com>
Paul Burton <paul.burton@mips.com>
Paul Mackerras <paulus@ozlabs.org>
Pavel Machek <pavel@ucw.cz>
Pavel Shilovsky <pshilov@microsoft.com>
Rafael J. Wysocki <rafael.j.wysocki@intel.com>
Rasmus Villemoes <linux@rasmusvillemoes.dk>
Rasmus Villemoes <rasmus.villemoes@prevas.dk>
Raul E Rangel <rrangel@chromium.org>
Ravi Bangoria <ravi.bangoria@linux.ibm.com>
Robert Hancock <hancock@sedsystems.ca>
Roberto Bergantinos Corpas <rbergant@redhat.com>
Roberto Sassu <roberto.sassu@huawei.com>
Russell King <rmk+kernel@armlinux.org.uk>
Saeed Mahameed <saeedm@mellanox.com>
Santosh Shilimkar <santosh.shilimkar@oracle.com>
Shuah Khan <skhan@linuxfoundation.org>
Stefan Agner <stefan@agner.ch>
Steffen Maier <maier@linux.ibm.com>
Steve French <stfrench@microsoft.com>
Takashi Iwai <tiwai@suse.de>
Tariq Toukan <tariqt@mellanox.com>
Thomas Hellstrom <thellstrom@vmware.com>
Thomas Huth <thuth@redhat.com>
Tim Collier <osdevtc@gmail.com>
Todd Kjos <tkjos@android.com>
Todd Kjos <tkjos@google.com>
Vicente Bergas <vicencb@gmail.com>
Vivien Didelot <vivien.didelot@gmail.com>
Vladimir Davydov <vdavydov.dev@gmail.com>
Wolfram Sang <wsa@the-dreams.de>
Xin Long <lucien.xin@gmail.com>
YunQiang Su <ysu@wavecomp.com>
Yunsheng Lin <linyunsheng@huawei.com>
Zhenliang Wei <weizhenliang@huawei.com>
Zhu Yanjun <yanjun.zhu@oracle.com>
jobs:
build-amd64-xsm pass
build-arm64-xsm pass
build-i386-xsm pass
build-amd64 pass
build-arm64 pass
build-armhf pass
build-i386 pass
build-amd64-libvirt pass
build-arm64-libvirt pass
build-armhf-libvirt pass
build-i386-libvirt pass
build-amd64-pvops pass
build-arm64-pvops pass
build-armhf-pvops pass
build-i386-pvops pass
test-amd64-amd64-xl pass
test-arm64-arm64-xl pass
test-armhf-armhf-xl pass
test-amd64-i386-xl pass
test-amd64-amd64-libvirt-qemuu-debianhvm-amd64-xsm pass
test-amd64-i386-libvirt-qemuu-debianhvm-amd64-xsm pass
test-amd64-amd64-xl-qemut-stubdom-debianhvm-amd64-xsm pass
test-amd64-i386-xl-qemut-stubdom-debianhvm-amd64-xsm pass
test-amd64-amd64-xl-qemut-debianhvm-i386-xsm pass
test-amd64-i386-xl-qemut-debianhvm-i386-xsm pass
test-amd64-amd64-xl-qemuu-debianhvm-i386-xsm pass
test-amd64-i386-xl-qemuu-debianhvm-i386-xsm pass
test-amd64-amd64-libvirt-xsm pass
test-arm64-arm64-libvirt-xsm pass
test-amd64-i386-libvirt-xsm pass
test-amd64-amd64-xl-xsm pass
test-arm64-arm64-xl-xsm pass
test-amd64-i386-xl-xsm pass
test-amd64-amd64-qemuu-nested-amd fail
test-amd64-amd64-xl-pvhv2-amd pass
test-amd64-i386-qemut-rhel6hvm-amd pass
test-amd64-i386-qemuu-rhel6hvm-amd pass
test-amd64-amd64-xl-qemut-debianhvm-amd64 pass
test-amd64-i386-xl-qemut-debianhvm-amd64 pass
test-amd64-amd64-xl-qemuu-debianhvm-amd64 pass
test-amd64-i386-xl-qemuu-debianhvm-amd64 pass
test-amd64-i386-freebsd10-amd64 pass
test-amd64-amd64-xl-qemuu-ovmf-amd64 pass
test-amd64-i386-xl-qemuu-ovmf-amd64 pass
test-amd64-amd64-xl-qemut-win7-amd64 fail
test-amd64-i386-xl-qemut-win7-amd64 fail
test-amd64-amd64-xl-qemuu-win7-amd64 fail
test-amd64-i386-xl-qemuu-win7-amd64 fail
test-amd64-amd64-xl-qemut-ws16-amd64 fail
test-amd64-i386-xl-qemut-ws16-amd64 fail
test-amd64-amd64-xl-qemuu-ws16-amd64 fail
test-amd64-i386-xl-qemuu-ws16-amd64 fail
test-armhf-armhf-xl-arndale pass
test-amd64-amd64-xl-credit1 pass
test-arm64-arm64-xl-credit1 pass
test-armhf-armhf-xl-credit1 pass
test-amd64-amd64-xl-credit2 pass
test-arm64-arm64-xl-credit2 pass
test-armhf-armhf-xl-credit2 pass
test-armhf-armhf-xl-cubietruck pass
test-amd64-amd64-xl-qemuu-dmrestrict-amd64-dmrestrict pass
test-amd64-i386-xl-qemuu-dmrestrict-amd64-dmrestrict pass
test-amd64-amd64-examine pass
test-arm64-arm64-examine pass
test-armhf-armhf-examine pass
test-amd64-i386-examine pass
test-amd64-i386-freebsd10-i386 pass
test-amd64-amd64-xl-qemut-win10-i386 fail
test-amd64-i386-xl-qemut-win10-i386 fail
test-amd64-amd64-xl-qemuu-win10-i386 fail
test-amd64-i386-xl-qemuu-win10-i386 fail
test-amd64-amd64-qemuu-nested-intel pass
test-amd64-amd64-xl-pvhv2-intel pass
test-amd64-i386-qemut-rhel6hvm-intel pass
test-amd64-i386-qemuu-rhel6hvm-intel pass
test-amd64-amd64-libvirt pass
test-armhf-armhf-libvirt pass
test-amd64-i386-libvirt pass
test-amd64-amd64-xl-multivcpu pass
test-armhf-armhf-xl-multivcpu pass
test-amd64-amd64-pair pass
test-amd64-i386-pair pass
test-amd64-amd64-libvirt-pair pass
test-amd64-i386-libvirt-pair pass
test-amd64-amd64-amd64-pvgrub pass
test-amd64-amd64-i386-pvgrub pass
test-amd64-amd64-xl-pvshim pass
test-amd64-i386-xl-pvshim fail
test-amd64-amd64-pygrub pass
test-amd64-amd64-xl-qcow2 pass
test-armhf-armhf-libvirt-raw pass
test-amd64-i386-xl-raw pass
test-amd64-amd64-xl-rtds pass
test-armhf-armhf-xl-rtds pass
test-amd64-amd64-xl-qemuu-debianhvm-amd64-shadow pass
test-amd64-i386-xl-qemuu-debianhvm-amd64-shadow pass
test-amd64-amd64-xl-shadow pass
test-amd64-i386-xl-shadow pass
test-amd64-amd64-libvirt-vhd pass
test-armhf-armhf-xl-vhd pass
------------------------------------------------------------
sg-report-flight on osstest.test-lab.xenproject.org
logs: /home/logs/logs
images: /home/logs/images
Logs, config files, etc. are available at
http://logs.test-lab.xenproject.org/osstest/logs
Explanation of these reports, and of osstest in general, is at
http://xenbits.xen.org/gitweb/?p=osstest.git;a=blob;f=README.email;hb=master
http://xenbits.xen.org/gitweb/?p=osstest.git;a=blob;f=README;hb=master
Test harness code can be found at
http://xenbits.xen.org/gitweb?p=osstest.git;a=summary
Pushing revision :
To xenbits.xen.org:/home/xen/git/linux-pvops.git
8cb123988908..2bf3258a12af 2bf3258a12af6508d9c0cf17bfa895c5650d2dbb -> tested/linux-4.14
_______________________________________________
Xen-devel mailing list
Xen-devel@lists.xenproject.org
https://lists.xenproject.org/mailman/listinfo/xen-devel
reply other threads:[~2019-06-15 1:50 UTC|newest]
Thread overview: [no followups] expand[flat|nested] mbox.gz Atom feed
Reply instructions:
You may reply publicly to this message via plain-text email
using any one of the following methods:
* Save the following mbox file, import it into your mail client,
and reply-to-all from there: mbox
Avoid top-posting and favor interleaved quoting:
https://en.wikipedia.org/wiki/Posting_style#Interleaved_style
* Reply using the --to, --cc, and --in-reply-to
switches of git-send-email(1):
git send-email \
--in-reply-to=osstest-137705-mainreport@xen.org \
--to=osstest-admin@xenproject.org \
--cc=xen-devel@lists.xenproject.org \
/path/to/YOUR_REPLY
https://kernel.org/pub/software/scm/git/docs/git-send-email.html
* If your mail client supports setting the In-Reply-To header
via mailto: links, try the mailto: link
Be sure your reply has a Subject: header at the top and a blank line
before the message body.
This is a public inbox, see mirroring instructions
for how to clone and mirror all data and code used for this inbox;
as well as URLs for NNTP newsgroup(s).