From: osstest service owner <osstest-admin@xenproject.org>
To: xen-devel@lists.xenproject.org, osstest-admin@xenproject.org
Subject: [Xen-devel] [linux-4.9 test] 138284: regressions - FAIL
Date: Mon, 24 Jun 2019 01:55:01 +0000 [thread overview]
Message-ID: <osstest-138284-mainreport@xen.org> (raw)
flight 138284 linux-4.9 real [real]
http://logs.test-lab.xenproject.org/osstest/logs/138284/
Regressions :-(
Tests which did not succeed and are blocking,
including tests which could not be run:
test-amd64-i386-libvirt 7 xen-boot fail REGR. vs. 138023
test-arm64-arm64-xl 7 xen-boot fail REGR. vs. 138023
test-armhf-armhf-xl-arndale 16 guest-start/debian.repeat fail REGR. vs. 138023
Tests which did not succeed, but are not blocking:
test-arm64-arm64-examine 11 examine-serial/bootloader fail like 137906
test-amd64-amd64-xl-qemut-win7-amd64 17 guest-stop fail like 138023
test-amd64-amd64-xl-qemuu-win7-amd64 17 guest-stop fail like 138023
test-amd64-i386-xl-qemut-win7-amd64 17 guest-stop fail like 138023
test-amd64-i386-xl-qemuu-win7-amd64 17 guest-stop fail like 138023
test-amd64-amd64-xl-qemuu-ws16-amd64 17 guest-stop fail like 138023
test-amd64-amd64-xl-qemuu-dmrestrict-amd64-dmrestrict 10 debian-hvm-install fail never pass
test-amd64-i386-xl-qemuu-dmrestrict-amd64-dmrestrict 10 debian-hvm-install fail never pass
test-amd64-amd64-xl-pvhv2-intel 12 guest-start fail never pass
test-amd64-amd64-libvirt 13 migrate-support-check fail never pass
test-amd64-amd64-xl-pvhv2-amd 12 guest-start fail never pass
test-amd64-i386-libvirt-xsm 13 migrate-support-check fail never pass
test-amd64-amd64-libvirt-xsm 13 migrate-support-check fail never pass
test-amd64-i386-xl-pvshim 12 guest-start fail never pass
test-amd64-amd64-libvirt-qemuu-debianhvm-amd64-xsm 11 migrate-support-check fail never pass
test-amd64-amd64-qemuu-nested-amd 17 debian-hvm-install/l1/l2 fail never pass
test-amd64-i386-libvirt-qemuu-debianhvm-amd64-xsm 11 migrate-support-check fail never pass
test-arm64-arm64-xl-credit2 13 migrate-support-check fail never pass
test-arm64-arm64-xl-credit2 14 saverestore-support-check fail never pass
test-arm64-arm64-xl-credit1 13 migrate-support-check fail never pass
test-arm64-arm64-xl-credit1 14 saverestore-support-check fail never pass
test-arm64-arm64-libvirt-xsm 13 migrate-support-check fail never pass
test-arm64-arm64-libvirt-xsm 14 saverestore-support-check fail never pass
test-arm64-arm64-xl-xsm 13 migrate-support-check fail never pass
test-arm64-arm64-xl-xsm 14 saverestore-support-check fail never pass
test-amd64-amd64-libvirt-vhd 12 migrate-support-check fail never pass
test-armhf-armhf-xl-credit2 13 migrate-support-check fail never pass
test-armhf-armhf-xl-credit2 14 saverestore-support-check fail never pass
test-armhf-armhf-xl-arndale 13 migrate-support-check fail never pass
test-armhf-armhf-xl-arndale 14 saverestore-support-check fail never pass
test-armhf-armhf-xl-multivcpu 13 migrate-support-check fail never pass
test-armhf-armhf-xl-multivcpu 14 saverestore-support-check fail never pass
test-armhf-armhf-xl-rtds 13 migrate-support-check fail never pass
test-armhf-armhf-xl-rtds 14 saverestore-support-check fail never pass
test-armhf-armhf-libvirt 13 migrate-support-check fail never pass
test-armhf-armhf-libvirt 14 saverestore-support-check fail never pass
test-armhf-armhf-xl-credit1 13 migrate-support-check fail never pass
test-armhf-armhf-xl-credit1 14 saverestore-support-check fail never pass
test-amd64-amd64-xl-qemut-ws16-amd64 17 guest-stop fail never pass
test-armhf-armhf-xl-cubietruck 13 migrate-support-check fail never pass
test-armhf-armhf-xl-cubietruck 14 saverestore-support-check fail never pass
test-amd64-i386-xl-qemut-ws16-amd64 17 guest-stop fail never pass
test-armhf-armhf-libvirt-raw 12 migrate-support-check fail never pass
test-armhf-armhf-libvirt-raw 13 saverestore-support-check fail never pass
test-armhf-armhf-xl-vhd 12 migrate-support-check fail never pass
test-armhf-armhf-xl-vhd 13 saverestore-support-check fail never pass
test-amd64-i386-xl-qemuu-ws16-amd64 17 guest-stop fail never pass
test-amd64-amd64-xl-qemuu-win10-i386 10 windows-install fail never pass
test-amd64-amd64-xl-qemut-win10-i386 10 windows-install fail never pass
test-amd64-i386-xl-qemut-win10-i386 10 windows-install fail never pass
test-amd64-i386-xl-qemuu-win10-i386 10 windows-install fail never pass
test-armhf-armhf-xl 13 migrate-support-check fail never pass
test-armhf-armhf-xl 14 saverestore-support-check fail never pass
version targeted for testing:
linux 72f67fd749dba12f6412b8d57e680b435c3f284a
baseline version:
linux f4e2dd989e87a5982ae52bf5dc150287da8d729b
Last test of basis 138023 2019-06-19 13:45:18 Z 4 days
Testing same since 138284 2019-06-22 06:40:58 Z 1 days 1 attempts
------------------------------------------------------------
People who touched revisions under test:
"Eric W. Biederman" <ebiederm@xmission.com>
Adam Ford <aford173@gmail.com>
Al Viro <viro@zeniv.linux.org.uk>
Alexander Lochmann <alexander.lochmann@tu-dortmund.de>
Alexandre Belloni <alexandre.belloni@bootlin.com>
Alexandre Bounine <alex.bou9@gmail.com>
Amit Cohen <amitc@mellanox.com>
Amit Kucheria <amit.kucheria@linaro.org>
Andrew Morton <akpm@linux-foundation.org>
Andrey Smirnov <andrew.smirnov@gmail.com>
Andy Shevchenko <andriy.shevchenko@linux.intel.com>
Anshuman Khandual <anshuman.khandual@arm.com>
Ard Biesheuvel <ard.biesheuvel@arm.com>
Arnaldo Carvalho de Melo <acme@redhat.com>
Arnd Bergmann <arnd@arndb.de>
Bart Van Assche <bvanassche@acm.org>
Bartlomiej Zolnierkiewicz <b.zolnierkie@samsung.com>
Bartosz Golaszewski <bgolaszewski@baylibre.com>
Baruch Siach <baruch@tkos.co.il>
Bernd Eckstein <3ernd.Eckstein@gmail.com>
Bernd Eckstein <3erndeckstein@gmail.com>
Binbin Wu <binbin.wu@intel.com>
Bjorn Helgaas <bhelgaas@google.com>
Borislav Petkov <bp@suse.de>
Chao Yu <yuchao0@huawei.com>
Chris Packham <chris.packham@alliedtelesis.co.nz>
Christian Borntraeger <borntraeger@de.ibm.com>
Christian Brauner <christian@brauner.io>
Christoph Hellwig <hch@lst.de>
Christoph Vogtländer <c.vogtlaender@sigma-surface-science.com>
Colin Ian King <colin.king@canonical.com>
Coly Li <colyli@suse.de>
Cyrill Gorcunov <gorcunov@gmail.com>
Dan Carpenter <dan.carpenter@oracle.com>
Daniel Gomez <dagmcr@gmail.com>
Daniel Sobe <daniel.sobe@nxp.com>
Daniele Palmas <dnlplm@gmail.com>
David S. Miller <davem@davemloft.net>
Dick Kennedy <dick.kennedy@broadcom.com>
Don Brace <don.brace@microsemi.com>
Douglas Anderson <dianders@chromium.org>
Eduardo Valentin <edubezval@gmail.com>
Enric Balletbo i Serra <enric.balletbo@collabora.com>
Enrico Granata <egranata@chromium.org>
Eric Dumazet <edumazet@google.com>
Eric W. Biederman <ebiederm@xmission.com>
Felipe Balbi <felipe.balbi@linux.intel.com>
Florian Westphal <fw@strlen.de>
Frank van der Linden <fllinden@amazon.com>
Georg Hofmann <georg@hofmannsweb.com>
Greg Kroah-Hartman <gregkh@linuxfoundation.org>
Greg Kroah-Hartman <gregkh@linuxfoundation.org> [for tty parts]
Guenter Roeck <linux@roeck-us.net>
Hans de Goede <hdegoede@redhat.com>
Hans Verkuil <hans.verkuil@cisco.com>
Heiko Stuebner <heiko@sntech.de>
Hoan Nguyen An <na-hoan@jinso.co.jp>
Horst Schirmeier <horst.schirmeier@tu-dortmund.de>
Hou Tao <houtao1@huawei.com>
Ido Schimmel <idosch@mellanox.com>
Ingo Molnar <mingo@kernel.org>
Ivan Vecera <ivecera@redhat.com>
J. Bruce Fields <bfields@redhat.com>
Jaegeuk Kim <jaegeuk@kernel.org>
James Smart <jsmart2021@gmail.com>
Jann Horn <jannh@google.com>
Jason Yan <yanaijie@huawei.com>
Jeffrin Jose T <jeffrin@rajagiritech.edu.in>
Jens Axboe <axboe@kernel.dk>
Jeremy Sowden <jeremy@azazel.net>
Jiri Pirko <jiri@mellanox.com>
Joerg Roedel <jroedel@suse.de>
Johan Hovold <johan@kernel.org>
John Paul Adrian Glaubitz <glaubitz@physik.fu-berlin.de>
Jorge Ramirez-Ortiz <jorge.ramirez-ortiz@linaro.org>
Josh Poimboeuf <jpoimboe@redhat.com>
Junxiao Chang <junxiao.chang@intel.com>
Jörgen Storvist <jorgen.storvist@gmail.com>
Kai-Heng Feng <kai.heng.feng@canonical.com>
Kangjie Lu <kjlu@umn.edu>
Kees Cook <keescook@chromium.org>
Kirill Smelkov <kirr@nexedi.com>
Krzysztof Kozlowski <krzk@kernel.org>
Lee Jones <lee.jones@linaro.org>
Li RongQing <lirongqing@baidu.com>
Lianbo Jiang <lijiang@redhat.com>
Linus Torvalds <torvalds@linux-foundation.org>
Linus Walleij <linus.walleij@linaro.org>
Linxu Fang <fanglinxu@huawei.com>
Lorenzo Pieralisi <lorenzo.pieralisi@arm.com>
Lu Baolu <baolu.lu@linux.intel.com>
Luis Chamberlain <mcgrof@kernel.org>
Maciej Żenczykowski <maze@google.com>
Marco Zatta <marco@zatta.me>
Marek Szyprowski <m.szyprowski@samsung.com>
Marek Vasut <marek.vasut+renesas@gmail.com>
Mark Brown <broonie@kernel.org>
Mark Rutland <mark.rutland@arm.com>
Martin Blumenstingl <martin.blumenstingl@googlemail.com>
Martin K. Petersen <martin.petersen@oracle.com>
Martin Schiller <ms@dev.tdt.de>
Masahiro Yamada <yamada.masahiro@socionext.com>
Matt Redfearn <matt.redfearn@thinci.com>
Matthias Brugger <matthias.bgg@gmail.com>
Mauro Carvalho Chehab <mchehab+samsung@kernel.org>
Michael Hennerich <michael.hennerich@analog.com>
Michal Hocko <mhocko@suse.com>
Mika Westerberg <mika.westerberg@linux.intel.com>
Mike Kravetz <mike.kravetz@oracle.com>
Miklos Szeredi <mszeredi@redhat.com>
Minas Harutyunyan <hminas@synopsys.com>
Miroslav Lichvar <mlichvar@redhat.com>
Murray McAllister <murray.mcallister@gmail.com>
Nathan Chancellor <natechancellor@gmail.com>
Nicolin Chen <nicoleotsuka@gmail.com>
OGAWA Hirofumi <hirofumi@mail.parknet.co.jp>
Oleg Nesterov <oleg@redhat.com>
Oliver Zweigle <Oliver.Zweigle@faro.com>
Pablo Neira Ayuso <pablo@netfilter.org>
Paolo Bonzini <pbonzini@redhat.com>
Paul Mackerras <paulus@ozlabs.org>
Peter Ujfalusi <peter.ujfalusi@ti.com>
Peter Zijlstra (Intel) <peterz@infradead.org>
Peter Zijlstra <peterz@infradead.org>
Phong Hoang <phong.hoang.wz@renesas.com>
Pierre JUHEN <pierre.juhen@orange.fr>
Qian Cai <cai@lca.pw>
Randy Dunlap <rdunlap@infradead.org>
Richard Weinberger <richard@nod.at>
Russell King <rmk+kernel@armlinux.org.uk>
S.j. Wang <shengjiu.wang@nxp.com>
Sahitya Tummala <stummala@codeaurora.org>
Sasha Levin <sashal@kernel.org>
Saurav Kashyap <skashyap@marvell.com>
Sean Paul <seanpaul@chromium.org>
Shakeel Butt <shakeelb@google.com>
Shawn Guo <shawnguo@kernel.org>
Shawn Landden <shawn@git.icu>
Shenghui Wang <shhuiw@foxmail.com>
Shengjiu Wang <shengjiu.wang@nxp.com>
Shuah Khan <skhan@linuxfoundation.org>
Srinivas Kandagatla <srinivas.kandagatla@linaro.org>
Stephane Eranian <eranian@google.com>
Takashi Iwai <tiwai@suse.de>
Takashi Sakamoto <o-takashi@sakamocchi.jp>
Tejun Heo <tj@kernel.org>
Thierry Reding <thierry.reding@gmail.com>
Thomas Gleixner <tglx@linutronix.de>
Thomas Hellstrom <thellstrom@vmware.com>
Thomas Richter <tmricht@linux.ibm.com>
Tony Lindgren <tony@atomide.com>
Tony Luck <tony.luck@intel.com>
Tyrel Datwyler <tyreld@linux.vnet.ibm.com>
Varun Prakash <varun@chelsio.com>
Vignesh Raghavendra <vigneshr@ti.com>
Vinod Koul <vkoul@kernel.org>
Vladimir Zapolskiy <vz@mleia.com>
Wengang Wang <wen.gang.wang@oracle.com>
Wenwen Wang <wang6495@umn.edu>
Will Deacon <will.deacon@arm.com>
Wim Van Sebroeck <wim@linux-watchdog.org>
Wolfram Sang <wsa@the-dreams.de>
Yabin Cui <yabinc@google.com>
Yingjoe Chen <yingjoe.chen@mediatek.com>
Yoshihiro Shimoda <yoshihiro.shimoda.uh@renesas.com>
Young Xiao <YangX92@hotmail.com>
Yue Hu <huyue2@yulong.com>
YueHaibing <yuehaibing@huawei.com>
Zhang Yu <zhangyu31@baidu.com>
jobs:
build-amd64-xsm pass
build-arm64-xsm pass
build-i386-xsm pass
build-amd64 pass
build-arm64 pass
build-armhf pass
build-i386 pass
build-amd64-libvirt pass
build-arm64-libvirt pass
build-armhf-libvirt pass
build-i386-libvirt pass
build-amd64-pvops pass
build-arm64-pvops pass
build-armhf-pvops pass
build-i386-pvops pass
test-amd64-amd64-xl pass
test-arm64-arm64-xl fail
test-armhf-armhf-xl pass
test-amd64-i386-xl pass
test-amd64-amd64-libvirt-qemuu-debianhvm-amd64-xsm pass
test-amd64-i386-libvirt-qemuu-debianhvm-amd64-xsm pass
test-amd64-amd64-xl-qemut-stubdom-debianhvm-amd64-xsm pass
test-amd64-i386-xl-qemut-stubdom-debianhvm-amd64-xsm pass
test-amd64-amd64-xl-qemut-debianhvm-i386-xsm pass
test-amd64-i386-xl-qemut-debianhvm-i386-xsm pass
test-amd64-amd64-xl-qemuu-debianhvm-i386-xsm pass
test-amd64-i386-xl-qemuu-debianhvm-i386-xsm pass
test-amd64-amd64-libvirt-xsm pass
test-arm64-arm64-libvirt-xsm pass
test-amd64-i386-libvirt-xsm pass
test-amd64-amd64-xl-xsm pass
test-arm64-arm64-xl-xsm pass
test-amd64-i386-xl-xsm pass
test-amd64-amd64-qemuu-nested-amd fail
test-amd64-amd64-xl-pvhv2-amd fail
test-amd64-i386-qemut-rhel6hvm-amd pass
test-amd64-i386-qemuu-rhel6hvm-amd pass
test-amd64-amd64-xl-qemut-debianhvm-amd64 pass
test-amd64-i386-xl-qemut-debianhvm-amd64 pass
test-amd64-amd64-xl-qemuu-debianhvm-amd64 pass
test-amd64-i386-xl-qemuu-debianhvm-amd64 pass
test-amd64-i386-freebsd10-amd64 pass
test-amd64-amd64-xl-qemuu-ovmf-amd64 pass
test-amd64-i386-xl-qemuu-ovmf-amd64 pass
test-amd64-amd64-xl-qemut-win7-amd64 fail
test-amd64-i386-xl-qemut-win7-amd64 fail
test-amd64-amd64-xl-qemuu-win7-amd64 fail
test-amd64-i386-xl-qemuu-win7-amd64 fail
test-amd64-amd64-xl-qemut-ws16-amd64 fail
test-amd64-i386-xl-qemut-ws16-amd64 fail
test-amd64-amd64-xl-qemuu-ws16-amd64 fail
test-amd64-i386-xl-qemuu-ws16-amd64 fail
test-armhf-armhf-xl-arndale fail
test-amd64-amd64-xl-credit1 pass
test-arm64-arm64-xl-credit1 pass
test-armhf-armhf-xl-credit1 pass
test-amd64-amd64-xl-credit2 pass
test-arm64-arm64-xl-credit2 pass
test-armhf-armhf-xl-credit2 pass
test-armhf-armhf-xl-cubietruck pass
test-amd64-amd64-xl-qemuu-dmrestrict-amd64-dmrestrict fail
test-amd64-i386-xl-qemuu-dmrestrict-amd64-dmrestrict fail
test-amd64-amd64-examine pass
test-arm64-arm64-examine pass
test-armhf-armhf-examine pass
test-amd64-i386-examine pass
test-amd64-i386-freebsd10-i386 pass
test-amd64-amd64-xl-qemut-win10-i386 fail
test-amd64-i386-xl-qemut-win10-i386 fail
test-amd64-amd64-xl-qemuu-win10-i386 fail
test-amd64-i386-xl-qemuu-win10-i386 fail
test-amd64-amd64-qemuu-nested-intel pass
test-amd64-amd64-xl-pvhv2-intel fail
test-amd64-i386-qemut-rhel6hvm-intel pass
test-amd64-i386-qemuu-rhel6hvm-intel pass
test-amd64-amd64-libvirt pass
test-armhf-armhf-libvirt pass
test-amd64-i386-libvirt fail
test-amd64-amd64-xl-multivcpu pass
test-armhf-armhf-xl-multivcpu pass
test-amd64-amd64-pair pass
test-amd64-i386-pair pass
test-amd64-amd64-libvirt-pair pass
test-amd64-i386-libvirt-pair pass
test-amd64-amd64-amd64-pvgrub pass
test-amd64-amd64-i386-pvgrub pass
test-amd64-amd64-xl-pvshim pass
test-amd64-i386-xl-pvshim fail
test-amd64-amd64-pygrub pass
test-amd64-amd64-xl-qcow2 pass
test-armhf-armhf-libvirt-raw pass
test-amd64-i386-xl-raw pass
test-amd64-amd64-xl-rtds pass
test-armhf-armhf-xl-rtds pass
test-amd64-amd64-xl-qemuu-debianhvm-amd64-shadow pass
test-amd64-i386-xl-qemuu-debianhvm-amd64-shadow pass
test-amd64-amd64-xl-shadow pass
test-amd64-i386-xl-shadow pass
test-amd64-amd64-libvirt-vhd pass
test-armhf-armhf-xl-vhd pass
------------------------------------------------------------
sg-report-flight on osstest.test-lab.xenproject.org
logs: /home/logs/logs
images: /home/logs/images
Logs, config files, etc. are available at
http://logs.test-lab.xenproject.org/osstest/logs
Explanation of these reports, and of osstest in general, is at
http://xenbits.xen.org/gitweb/?p=osstest.git;a=blob;f=README.email;hb=master
http://xenbits.xen.org/gitweb/?p=osstest.git;a=blob;f=README;hb=master
Test harness code can be found at
http://xenbits.xen.org/gitweb?p=osstest.git;a=summary
Not pushing.
(No revision log; it would be 4131 lines long.)
_______________________________________________
Xen-devel mailing list
Xen-devel@lists.xenproject.org
https://lists.xenproject.org/mailman/listinfo/xen-devel
reply other threads:[~2019-06-24 1:55 UTC|newest]
Thread overview: [no followups] expand[flat|nested] mbox.gz Atom feed
Reply instructions:
You may reply publicly to this message via plain-text email
using any one of the following methods:
* Save the following mbox file, import it into your mail client,
and reply-to-all from there: mbox
Avoid top-posting and favor interleaved quoting:
https://en.wikipedia.org/wiki/Posting_style#Interleaved_style
* Reply using the --to, --cc, and --in-reply-to
switches of git-send-email(1):
git send-email \
--in-reply-to=osstest-138284-mainreport@xen.org \
--to=osstest-admin@xenproject.org \
--cc=xen-devel@lists.xenproject.org \
/path/to/YOUR_REPLY
https://kernel.org/pub/software/scm/git/docs/git-send-email.html
* If your mail client supports setting the In-Reply-To header
via mailto: links, try the mailto: link
Be sure your reply has a Subject: header at the top and a blank line
before the message body.
This is a public inbox, see mirroring instructions
for how to clone and mirror all data and code used for this inbox;
as well as URLs for NNTP newsgroup(s).