From: osstest service owner <osstest-admin@xenproject.org>
To: xen-devel@lists.xenproject.org, osstest-admin@xenproject.org
Subject: [xen-unstable-smoke test] 152297: regressions - FAIL
Date: Thu, 30 Jul 2020 09:04:29 +0000 [thread overview]
Message-ID: <osstest-152297-mainreport@xen.org> (raw)
flight 152297 xen-unstable-smoke real [real]
http://logs.test-lab.xenproject.org/osstest/logs/152297/
Regressions :-(
Tests which did not succeed and are blocking,
including tests which could not be run:
test-arm64-arm64-xl-xsm 7 xen-boot fail REGR. vs. 152269
Tests which did not succeed, but are not blocking:
test-amd64-amd64-libvirt 13 migrate-support-check fail never pass
test-armhf-armhf-xl 13 migrate-support-check fail never pass
test-armhf-armhf-xl 14 saverestore-support-check fail never pass
version targeted for testing:
xen 64219fa179c3e48adad12bfce3f6b3f1596cccbf
baseline version:
xen b071ec25e85c4aacf3da59e5258cda0b1c4df45d
Last test of basis 152269 2020-07-28 19:05:32 Z 1 days
Testing same since 152288 2020-07-29 19:01:00 Z 0 days 3 attempts
------------------------------------------------------------
People who touched revisions under test:
Fam Zheng <famzheng@amazon.com>
jobs:
build-arm64-xsm pass
build-amd64 pass
build-armhf pass
build-amd64-libvirt pass
test-armhf-armhf-xl pass
test-arm64-arm64-xl-xsm fail
test-amd64-amd64-xl-qemuu-debianhvm-amd64 pass
test-amd64-amd64-libvirt pass
------------------------------------------------------------
sg-report-flight on osstest.test-lab.xenproject.org
logs: /home/logs/logs
images: /home/logs/images
Logs, config files, etc. are available at
http://logs.test-lab.xenproject.org/osstest/logs
Explanation of these reports, and of osstest in general, is at
http://xenbits.xen.org/gitweb/?p=osstest.git;a=blob;f=README.email;hb=master
http://xenbits.xen.org/gitweb/?p=osstest.git;a=blob;f=README;hb=master
Test harness code can be found at
http://xenbits.xen.org/gitweb?p=osstest.git;a=summary
Not pushing.
------------------------------------------------------------
commit 64219fa179c3e48adad12bfce3f6b3f1596cccbf
Author: Fam Zheng <famzheng@amazon.com>
Date: Wed Jul 29 18:51:45 2020 +0100
x86/cpuid: Fix APIC bit clearing
The bug is obvious here, other places in this function used
"cpufeat_mask" correctly.
Fixed: b648feff8ea2 ("xen/x86: Improvements to in-hypervisor cpuid sanity checks")
Signed-off-by: Fam Zheng <famzheng@amazon.com>
Reviewed-by: Roger Pau Monné <roger.pau@citrix.com>
Reviewed-by: Andrew Cooper <andrew.cooper3@citrix.com>
(qemu changes not included)
reply other threads:[~2020-07-30 9:04 UTC|newest]
Thread overview: [no followups] expand[flat|nested] mbox.gz Atom feed
Reply instructions:
You may reply publicly to this message via plain-text email
using any one of the following methods:
* Save the following mbox file, import it into your mail client,
and reply-to-all from there: mbox
Avoid top-posting and favor interleaved quoting:
https://en.wikipedia.org/wiki/Posting_style#Interleaved_style
* Reply using the --to, --cc, and --in-reply-to
switches of git-send-email(1):
git send-email \
--in-reply-to=osstest-152297-mainreport@xen.org \
--to=osstest-admin@xenproject.org \
--cc=xen-devel@lists.xenproject.org \
/path/to/YOUR_REPLY
https://kernel.org/pub/software/scm/git/docs/git-send-email.html
* If your mail client supports setting the In-Reply-To header
via mailto: links, try the mailto: link
Be sure your reply has a Subject: header at the top and a blank line
before the message body.
This is a public inbox, see mirroring instructions
for how to clone and mirror all data and code used for this inbox;
as well as URLs for NNTP newsgroup(s).