From: osstest service owner <osstest-admin@xenproject.org>
To: xen-devel@lists.xenproject.org, osstest-admin@xenproject.org
Subject: [linux-linus test] 159484: regressions - trouble: broken/fail/pass
Date: Sat, 20 Feb 2021 10:43:24 +0000 [thread overview]
Message-ID: <osstest-159484-mainreport@xen.org> (raw)
flight 159484 linux-linus real [real]
http://logs.test-lab.xenproject.org/osstest/logs/159484/
Regressions :-(
Tests which did not succeed and are blocking,
including tests which could not be run:
test-arm64-arm64-xl-credit1 <job status> broken
test-amd64-i386-xl-xsm 7 xen-install fail REGR. vs. 152332
test-amd64-i386-xl-qemut-debianhvm-amd64 7 xen-install fail REGR. vs. 152332
test-amd64-i386-xl-qemuu-debianhvm-amd64-shadow 7 xen-install fail REGR. vs. 152332
test-amd64-i386-xl-qemuu-ws16-amd64 7 xen-install fail REGR. vs. 152332
test-amd64-i386-qemut-rhel6hvm-intel 7 xen-install fail REGR. vs. 152332
test-amd64-i386-xl-qemuu-dmrestrict-amd64-dmrestrict 7 xen-install fail REGR. vs. 152332
test-amd64-i386-qemuu-rhel6hvm-intel 7 xen-install fail REGR. vs. 152332
test-amd64-i386-libvirt 7 xen-install fail REGR. vs. 152332
test-amd64-i386-examine 6 xen-install fail REGR. vs. 152332
test-amd64-i386-xl-qemuu-debianhvm-amd64 7 xen-install fail REGR. vs. 152332
test-amd64-i386-xl-qemut-ws16-amd64 7 xen-install fail REGR. vs. 152332
test-amd64-i386-xl-qemuu-debianhvm-i386-xsm 7 xen-install fail REGR. vs. 152332
test-amd64-i386-qemut-rhel6hvm-amd 7 xen-install fail REGR. vs. 152332
test-amd64-i386-qemuu-rhel6hvm-amd 7 xen-install fail REGR. vs. 152332
test-amd64-i386-libvirt-qemuu-debianhvm-amd64-xsm 7 xen-install fail REGR. vs. 152332
test-amd64-i386-libvirt-xsm 7 xen-install fail REGR. vs. 152332
test-amd64-i386-xl 7 xen-install fail REGR. vs. 152332
test-amd64-i386-pair 10 xen-install/src_host fail REGR. vs. 152332
test-amd64-coresched-i386-xl 7 xen-install fail REGR. vs. 152332
test-amd64-i386-pair 11 xen-install/dst_host fail REGR. vs. 152332
test-amd64-i386-freebsd10-amd64 7 xen-install fail REGR. vs. 152332
test-amd64-i386-xl-raw 7 xen-install fail REGR. vs. 152332
test-amd64-i386-xl-pvshim 7 xen-install fail REGR. vs. 152332
test-amd64-i386-xl-qemut-debianhvm-i386-xsm 7 xen-install fail REGR. vs. 152332
test-amd64-i386-xl-shadow 7 xen-install fail REGR. vs. 152332
test-amd64-i386-freebsd10-i386 7 xen-install fail REGR. vs. 152332
test-amd64-i386-xl-qemut-win7-amd64 7 xen-install fail REGR. vs. 152332
test-amd64-i386-xl-qemuu-win7-amd64 7 xen-install fail REGR. vs. 152332
test-amd64-i386-xl-qemuu-ovmf-amd64 7 xen-install fail REGR. vs. 152332
test-amd64-i386-xl-qemut-stubdom-debianhvm-amd64-xsm 7 xen-install fail REGR. vs. 152332
test-amd64-i386-libvirt-pair 10 xen-install/src_host fail REGR. vs. 152332
test-amd64-i386-libvirt-pair 11 xen-install/dst_host fail REGR. vs. 152332
test-arm64-arm64-examine 13 examine-iommu fail REGR. vs. 152332
test-amd64-amd64-amd64-pvgrub 20 guest-stop fail REGR. vs. 152332
test-amd64-amd64-i386-pvgrub 20 guest-stop fail REGR. vs. 152332
test-arm64-arm64-xl-xsm 12 debian-install fail in 159367 REGR. vs. 152332
test-arm64-arm64-xl-credit2 12 debian-install fail in 159440 REGR. vs. 152332
test-arm64-arm64-xl-credit1 10 host-ping-check-xen fail in 159463 REGR. vs. 152332
test-arm64-arm64-xl 12 debian-install fail in 159463 REGR. vs. 152332
Tests which are failing intermittently (not blocking):
test-amd64-amd64-i386-pvgrub 19 guest-localmigrate/x10 fail in 159367 pass in 159484
test-arm64-arm64-xl-xsm 10 host-ping-check-xen fail in 159413 pass in 159367
test-arm64-arm64-libvirt-xsm 10 host-ping-check-xen fail in 159413 pass in 159440
test-arm64-arm64-xl 10 host-ping-check-xen fail in 159413 pass in 159463
test-arm64-arm64-xl-seattle 8 xen-boot fail in 159413 pass in 159484
test-arm64-arm64-xl-credit1 8 xen-boot fail in 159440 pass in 159463
test-arm64-arm64-examine 8 reboot fail in 159440 pass in 159484
test-amd64-amd64-xl-qemuu-debianhvm-i386-xsm 12 debian-hvm-install fail in 159440 pass in 159484
test-arm64-arm64-xl-xsm 8 xen-boot fail pass in 159413
test-arm64-arm64-libvirt-xsm 8 xen-boot fail pass in 159440
test-arm64-arm64-xl-credit2 8 xen-boot fail pass in 159440
test-arm64-arm64-xl 8 xen-boot fail pass in 159463
test-arm64-arm64-xl-seattle 10 host-ping-check-xen fail pass in 159463
Tests which did not succeed, but are not blocking:
test-arm64-arm64-xl-credit1 5 host-install(5) broken blocked in 152332
test-arm64-arm64-xl 11 leak-check/basis(11) fail in 159367 blocked in 152332
test-arm64-arm64-xl-credit2 11 leak-check/basis(11) fail in 159367 blocked in 152332
test-armhf-armhf-xl-rtds 18 guest-start/debian.repeat fail in 159413 like 152332
test-arm64-arm64-libvirt-xsm 11 leak-check/basis(11) fail in 159440 blocked in 152332
test-arm64-arm64-xl-seattle 11 leak-check/basis(11) fail in 159440 blocked in 152332
test-amd64-amd64-xl-qemut-win7-amd64 19 guest-stop fail like 152332
test-armhf-armhf-libvirt 16 saverestore-support-check fail like 152332
test-amd64-amd64-xl-qemut-ws16-amd64 19 guest-stop fail like 152332
test-amd64-amd64-xl-qemuu-win7-amd64 19 guest-stop fail like 152332
test-armhf-armhf-libvirt-raw 15 saverestore-support-check fail like 152332
test-amd64-amd64-qemuu-nested-amd 20 debian-hvm-install/l1/l2 fail like 152332
test-amd64-amd64-xl-qemuu-ws16-amd64 19 guest-stop fail like 152332
test-amd64-amd64-libvirt-xsm 15 migrate-support-check fail never pass
test-amd64-amd64-libvirt 15 migrate-support-check fail never pass
test-arm64-arm64-xl-thunderx 15 migrate-support-check fail never pass
test-arm64-arm64-xl-thunderx 16 saverestore-support-check fail never pass
test-armhf-armhf-xl-arndale 15 migrate-support-check fail never pass
test-armhf-armhf-xl-arndale 16 saverestore-support-check fail never pass
test-amd64-amd64-libvirt-qemuu-debianhvm-amd64-xsm 13 migrate-support-check fail never pass
test-amd64-amd64-libvirt-vhd 14 migrate-support-check fail never pass
test-armhf-armhf-xl-credit2 15 migrate-support-check fail never pass
test-armhf-armhf-xl-credit2 16 saverestore-support-check fail never pass
test-armhf-armhf-xl-rtds 15 migrate-support-check fail never pass
test-armhf-armhf-xl-rtds 16 saverestore-support-check fail never pass
test-armhf-armhf-libvirt 15 migrate-support-check fail never pass
test-armhf-armhf-xl-multivcpu 15 migrate-support-check fail never pass
test-armhf-armhf-xl-multivcpu 16 saverestore-support-check fail never pass
test-armhf-armhf-xl-cubietruck 15 migrate-support-check fail never pass
test-armhf-armhf-xl-cubietruck 16 saverestore-support-check fail never pass
test-armhf-armhf-xl-credit1 15 migrate-support-check fail never pass
test-armhf-armhf-xl-credit1 16 saverestore-support-check fail never pass
test-armhf-armhf-xl-vhd 14 migrate-support-check fail never pass
test-armhf-armhf-xl-vhd 15 saverestore-support-check fail never pass
test-armhf-armhf-libvirt-raw 14 migrate-support-check fail never pass
test-armhf-armhf-xl 15 migrate-support-check fail never pass
test-armhf-armhf-xl 16 saverestore-support-check fail never pass
version targeted for testing:
linux f40ddce88593482919761f74910f42f4b84c004b
baseline version:
linux deacdb3e3979979016fcd0ffd518c320a62ad166
Last test of basis 152332 2020-07-31 19:41:23 Z 203 days
Failing since 152366 2020-08-01 20:49:34 Z 202 days 349 attempts
Testing same since 159367 2021-02-15 05:07:31 Z 5 days 6 attempts
------------------------------------------------------------
4578 people touched revisions under test,
not listing them all
jobs:
build-amd64-xsm pass
build-arm64-xsm pass
build-i386-xsm pass
build-amd64 pass
build-arm64 pass
build-armhf pass
build-i386 pass
build-amd64-libvirt pass
build-arm64-libvirt pass
build-armhf-libvirt pass
build-i386-libvirt pass
build-amd64-pvops pass
build-arm64-pvops pass
build-armhf-pvops pass
build-i386-pvops pass
test-amd64-amd64-xl pass
test-amd64-coresched-amd64-xl pass
test-arm64-arm64-xl fail
test-armhf-armhf-xl pass
test-amd64-i386-xl fail
test-amd64-coresched-i386-xl fail
test-amd64-amd64-libvirt-qemuu-debianhvm-amd64-xsm pass
test-amd64-i386-libvirt-qemuu-debianhvm-amd64-xsm fail
test-amd64-amd64-xl-qemut-stubdom-debianhvm-amd64-xsm pass
test-amd64-i386-xl-qemut-stubdom-debianhvm-amd64-xsm fail
test-amd64-amd64-xl-qemut-debianhvm-i386-xsm pass
test-amd64-i386-xl-qemut-debianhvm-i386-xsm fail
test-amd64-amd64-xl-qemuu-debianhvm-i386-xsm pass
test-amd64-i386-xl-qemuu-debianhvm-i386-xsm fail
test-amd64-amd64-libvirt-xsm pass
test-arm64-arm64-libvirt-xsm fail
test-amd64-i386-libvirt-xsm fail
test-amd64-amd64-xl-xsm pass
test-arm64-arm64-xl-xsm fail
test-amd64-i386-xl-xsm fail
test-amd64-amd64-qemuu-nested-amd fail
test-amd64-amd64-xl-pvhv2-amd pass
test-amd64-i386-qemut-rhel6hvm-amd fail
test-amd64-i386-qemuu-rhel6hvm-amd fail
test-amd64-amd64-dom0pvh-xl-amd pass
test-amd64-amd64-xl-qemut-debianhvm-amd64 pass
test-amd64-i386-xl-qemut-debianhvm-amd64 fail
test-amd64-amd64-xl-qemuu-debianhvm-amd64 pass
test-amd64-i386-xl-qemuu-debianhvm-amd64 fail
test-amd64-i386-freebsd10-amd64 fail
test-amd64-amd64-qemuu-freebsd11-amd64 pass
test-amd64-amd64-qemuu-freebsd12-amd64 pass
test-amd64-amd64-xl-qemuu-ovmf-amd64 pass
test-amd64-i386-xl-qemuu-ovmf-amd64 fail
test-amd64-amd64-xl-qemut-win7-amd64 fail
test-amd64-i386-xl-qemut-win7-amd64 fail
test-amd64-amd64-xl-qemuu-win7-amd64 fail
test-amd64-i386-xl-qemuu-win7-amd64 fail
test-amd64-amd64-xl-qemut-ws16-amd64 fail
test-amd64-i386-xl-qemut-ws16-amd64 fail
test-amd64-amd64-xl-qemuu-ws16-amd64 fail
test-amd64-i386-xl-qemuu-ws16-amd64 fail
test-armhf-armhf-xl-arndale pass
test-amd64-amd64-xl-credit1 pass
test-arm64-arm64-xl-credit1 broken
test-armhf-armhf-xl-credit1 pass
test-amd64-amd64-xl-credit2 pass
test-arm64-arm64-xl-credit2 fail
test-armhf-armhf-xl-credit2 pass
test-armhf-armhf-xl-cubietruck pass
test-amd64-amd64-xl-qemuu-dmrestrict-amd64-dmrestrict pass
test-amd64-i386-xl-qemuu-dmrestrict-amd64-dmrestrict fail
test-amd64-amd64-examine pass
test-arm64-arm64-examine fail
test-armhf-armhf-examine pass
test-amd64-i386-examine fail
test-amd64-i386-freebsd10-i386 fail
test-amd64-amd64-qemuu-nested-intel pass
test-amd64-amd64-xl-pvhv2-intel pass
test-amd64-i386-qemut-rhel6hvm-intel fail
test-amd64-i386-qemuu-rhel6hvm-intel fail
test-amd64-amd64-dom0pvh-xl-intel pass
test-amd64-amd64-libvirt pass
test-armhf-armhf-libvirt pass
test-amd64-i386-libvirt fail
test-amd64-amd64-xl-multivcpu pass
test-armhf-armhf-xl-multivcpu pass
test-amd64-amd64-pair pass
test-amd64-i386-pair fail
test-amd64-amd64-libvirt-pair pass
test-amd64-i386-libvirt-pair fail
test-amd64-amd64-amd64-pvgrub fail
test-amd64-amd64-i386-pvgrub fail
test-amd64-amd64-xl-pvshim pass
test-amd64-i386-xl-pvshim fail
test-amd64-amd64-pygrub pass
test-amd64-amd64-xl-qcow2 pass
test-armhf-armhf-libvirt-raw pass
test-amd64-i386-xl-raw fail
test-amd64-amd64-xl-rtds pass
test-armhf-armhf-xl-rtds pass
test-arm64-arm64-xl-seattle fail
test-amd64-amd64-xl-qemuu-debianhvm-amd64-shadow pass
test-amd64-i386-xl-qemuu-debianhvm-amd64-shadow fail
test-amd64-amd64-xl-shadow pass
test-amd64-i386-xl-shadow fail
test-arm64-arm64-xl-thunderx pass
test-amd64-amd64-libvirt-vhd pass
test-armhf-armhf-xl-vhd pass
------------------------------------------------------------
sg-report-flight on osstest.test-lab.xenproject.org
logs: /home/logs/logs
images: /home/logs/images
Logs, config files, etc. are available at
http://logs.test-lab.xenproject.org/osstest/logs
Explanation of these reports, and of osstest in general, is at
http://xenbits.xen.org/gitweb/?p=osstest.git;a=blob;f=README.email;hb=master
http://xenbits.xen.org/gitweb/?p=osstest.git;a=blob;f=README;hb=master
Test harness code can be found at
http://xenbits.xen.org/gitweb?p=osstest.git;a=summary
broken-job test-arm64-arm64-xl-credit1 broken
broken-step test-arm64-arm64-xl-credit1 host-install(5)
Not pushing.
(No revision log; it would be 1033140 lines long.)
reply other threads:[~2021-02-20 10:43 UTC|newest]
Thread overview: [no followups] expand[flat|nested] mbox.gz Atom feed
Reply instructions:
You may reply publicly to this message via plain-text email
using any one of the following methods:
* Save the following mbox file, import it into your mail client,
and reply-to-all from there: mbox
Avoid top-posting and favor interleaved quoting:
https://en.wikipedia.org/wiki/Posting_style#Interleaved_style
* Reply using the --to, --cc, and --in-reply-to
switches of git-send-email(1):
git send-email \
--in-reply-to=osstest-159484-mainreport@xen.org \
--to=osstest-admin@xenproject.org \
--cc=xen-devel@lists.xenproject.org \
/path/to/YOUR_REPLY
https://kernel.org/pub/software/scm/git/docs/git-send-email.html
* If your mail client supports setting the In-Reply-To header
via mailto: links, try the mailto: link
Be sure your reply has a Subject: header at the top and a blank line
before the message body.
This is a public inbox, see mirroring instructions
for how to clone and mirror all data and code used for this inbox;
as well as URLs for NNTP newsgroup(s).