From: osstest service owner <osstest-admin@xenproject.org>
To: xen-devel@lists.xensource.com, osstest-admin@xenproject.org
Subject: [qemu-mainline test] 95783: regressions - trouble: broken/fail/pass
Date: Thu, 16 Jun 2016 18:49:43 +0000 [thread overview]
Message-ID: <osstest-95783-mainreport@xen.org> (raw)
[-- Attachment #1: Type: text/plain, Size: 14244 bytes --]
flight 95783 qemu-mainline real [real]
http://logs.test-lab.xenproject.org/osstest/logs/95783/
Regressions :-(
Tests which did not succeed and are blocking,
including tests which could not be run:
test-amd64-amd64-xl 3 host-install(3) broken REGR. vs. 94856
test-amd64-i386-xl 3 host-install(3) broken REGR. vs. 94856
test-amd64-amd64-xl-credit2 3 host-install(3) broken REGR. vs. 94856
test-amd64-amd64-libvirt-pair 3 host-install/src_host(3) broken REGR. vs. 94856
test-amd64-i386-libvirt-pair 3 host-install/src_host(3) broken REGR. vs. 94856
test-amd64-i386-libvirt-qemuu-debianhvm-amd64-xsm 9 debian-hvm-install fail REGR. vs. 94856
test-amd64-i386-freebsd10-amd64 10 guest-start fail REGR. vs. 94856
test-amd64-amd64-qemuu-nested-intel 13 xen-boot/l1 fail REGR. vs. 94856
test-amd64-i386-xl-qemuu-debianhvm-amd64-xsm 9 debian-hvm-install fail REGR. vs. 94856
test-amd64-i386-xl-qemuu-winxpsp3 17 guest-start/win.repeat fail REGR. vs. 94856
Regressions which are regarded as allowable (not blocking):
test-amd64-i386-xl-qemuu-win7-amd64 16 guest-stop fail like 94856
test-amd64-amd64-xl-qemuu-win7-amd64 16 guest-stop fail like 94856
test-amd64-amd64-xl-rtds 9 debian-install fail like 94856
Tests which did not succeed, but are not blocking:
test-amd64-amd64-xl-pvh-amd 11 guest-start fail never pass
test-amd64-amd64-xl-pvh-intel 11 guest-start fail never pass
test-armhf-armhf-libvirt-xsm 12 migrate-support-check fail never pass
test-armhf-armhf-libvirt-xsm 14 guest-saverestore fail never pass
test-amd64-i386-libvirt 12 migrate-support-check fail never pass
test-amd64-amd64-libvirt 12 migrate-support-check fail never pass
test-armhf-armhf-libvirt-qcow2 11 migrate-support-check fail never pass
test-armhf-armhf-libvirt-qcow2 13 guest-saverestore fail never pass
test-amd64-amd64-qemuu-nested-amd 16 debian-hvm-install/l1/l2 fail never pass
test-armhf-armhf-xl-multivcpu 13 saverestore-support-check fail never pass
test-armhf-armhf-xl-multivcpu 12 migrate-support-check fail never pass
test-amd64-amd64-libvirt-xsm 12 migrate-support-check fail never pass
test-armhf-armhf-xl-arndale 12 migrate-support-check fail never pass
test-armhf-armhf-xl-arndale 13 saverestore-support-check fail never pass
test-amd64-amd64-libvirt-qemuu-debianhvm-amd64-xsm 10 migrate-support-check fail never pass
test-armhf-armhf-xl-cubietruck 12 migrate-support-check fail never pass
test-armhf-armhf-xl-cubietruck 13 saverestore-support-check fail never pass
test-amd64-amd64-libvirt-vhd 11 migrate-support-check fail never pass
test-armhf-armhf-xl 12 migrate-support-check fail never pass
test-armhf-armhf-xl 13 saverestore-support-check fail never pass
test-armhf-armhf-libvirt 14 guest-saverestore fail never pass
test-armhf-armhf-libvirt 12 migrate-support-check fail never pass
test-armhf-armhf-xl-xsm 13 saverestore-support-check fail never pass
test-armhf-armhf-xl-xsm 12 migrate-support-check fail never pass
test-armhf-armhf-libvirt-raw 13 guest-saverestore fail never pass
test-armhf-armhf-libvirt-raw 11 migrate-support-check fail never pass
test-armhf-armhf-xl-rtds 13 saverestore-support-check fail never pass
test-armhf-armhf-xl-rtds 12 migrate-support-check fail never pass
test-armhf-armhf-xl-vhd 11 migrate-support-check fail never pass
test-armhf-armhf-xl-vhd 12 saverestore-support-check fail never pass
test-amd64-i386-libvirt-xsm 12 migrate-support-check fail never pass
test-armhf-armhf-xl-credit2 13 saverestore-support-check fail never pass
test-armhf-armhf-xl-credit2 12 migrate-support-check fail never pass
version targeted for testing:
qemuu 49237b856ae58ee7955be0b959c504c51b014f20
baseline version:
qemuu d6550e9ed2e1a60d889dfb721de00d9a4e3bafbe
Last test of basis 94856 2016-05-27 20:14:49 Z 19 days
Failing since 94983 2016-05-31 09:40:12 Z 16 days 20 attempts
Testing same since 95783 2016-06-15 15:16:41 Z 1 days 1 attempts
------------------------------------------------------------
People who touched revisions under test:
Alberto Garcia <berto@igalia.com>
Alex Bennée <alex.bennee@linaro.org>
Alex Bligh <alex@alex.org.uk>
Alexander Graf <agraf@suse.de>
Alexey Kardashevskiy <aik@ozlabs.ru>
Alistair Francis <alistair.francis@xilinx.com>
Andrew Jones <drjones@redhat.com>
Anthony PERARD <anthony.perard@citrix.com>
Anton Blanchard <anton@samba.org>
Ard Biesheuvel <ard.biesheuvel@linaro.org>
Benjamin Herrenschmidt <benh@kernel.crashing.org>
Bharata B Rao <bharata@linux.vnet.ibm.com>
Cao jin <caoj.fnst@cn.fujitsu.com>
Changlong Xie <xiecl.fnst@cn.fujitsu.com>
Chen Fan <chen.fan.fnst@cn.fujitsu.com>
Christian Borntraeger <borntraeger@de.ibm.com>
Christophe Lyon <christophe.lyon@linaro.org>
Cole Robinson <crobinso@redhat.com>
Colin Lord <clord@redhat.com>
Corey Minyard <cminyard@mvista.com>
Cornelia Huck <cornelia.huck@de.ibm.com>
Cédric Le Goater <clg@kaod.org>
Daniel P. Berrange <berrange@redhat.com>
David Gibson <david@gibson.dropbear.id.au>
David Hildenbrand <dahi@linux.vnet.ibm.com>
Denis V. Lunev <den@openvz.org>
Dmitry Fleytman <dmitry.fleytman@ravellosystems.com>
Dmitry Fleytman <dmitry@daynix.com>
Dmitry Osipenko <digetx@gmail.com>
Drew Jones <drjones@redhat.com>
Edgar E. Iglesias <edgar.iglesias@xilinx.com>
Eduardo Habkost <ehabkost@redhat.com>
Emilio G. Cota <cota@braap.org>
Eric Blake <eblake@redhat.com>
Fam Zheng <famz@redhat.com>
Gerd Hoffmann <kraxel@redhat.com>
Greg Kurz <gkurz@linux.vnet.ibm.com>
Gu Zheng <guz.fnst@cn.fujitsu.com>
Guillaume Delbergue <guillaume.delbergue@greensocs.com>
Halil Pasic <pasic@linux.vnet.ibm.com>
Hyun Kwon <hyun.kwon@xilinx.com>
Igor Mammedov <imammedo@redhat.com>
James Clarke <jrtc27@jrtc27.com>
Jan Beulich <jbeulich@suse.com>
Jan Vesely <jano.vesely@gmail.com>
Jason Wang <jasowang@redhat.com>
Jean-Christophe Dubois <jcd@tribudubois.net>
Jens Wiklander <jens.wiklander@linaro.org>
Jerome Forissier <jerome.forissier@linaro.org>
Kevin Wolf <kwolf@redhat.com>
KONRAD Frederic <fred.konrad@greensocs.com>
Laurent Vivier <laurent@vivier.eu>
Laurent Vivier <lvivier@redhat.com>
Leonid Bloch <leonid.bloch@ravellosystems.com>
Li Zhijian <lizhijian@cn.fujitsu.com>
Marc-André Lureau <marcandre.lureau@redhat.com>
Mark Cave-Ayland <mark.cave-ayland@ilande.co.uk>
Markus Armbruster <armbru@redhat.com>
Max Filippov <jcmvbkbc@gmail.com>
Michael Neuling <mikey@neuling.org>
Michael Roth <mdroth@linux.vnet.ibm.com>
Michael S. Tsirkin <mst@redhat.com>
Michael Tokarev <mjt@tls.msk.ru>
Michael Walle <michael@walle.cc>
Mike Frysinger <vapier@chromium.org>
Olaf Hering <olaf@aepfle.de>
Paolo Bonzini <pbonzini@redhat.com>
Paul Durrant <paul.durrant@citrix.com>
Pavel Butsykin <pbutsykin@virtuozzo.com>
Pavel Dovgalyuk <pavel.dovgaluk@ispras.ru>
Peter Crosthwaite <crosthwaite.peter@gmail.com>
Peter Crosthwaite <crosthwaitepeter@gmail.com>
Peter Krempa <pkrempa@redhat.com>
Peter Lieven <pl@kamp.de>
Peter Maydell <peter.maydell@linaro.org>
Peter Wu <peter@lekensteyn.nl>
Prasad J Pandit <pjp@fedoraproject.org>
Richard Henderson <rth@twiddle.net>
Riku Voipio <riku.voipio@linaro.org>
Robert Ho <robert.hu@intel.com>
Sameeh Jubran <sameeh@daynix.com>
Samuel Thibault <samuel.thibault@ens-lyon.org>
Sergey Fedorov <sergey.fedorov@linaro.org>
Sergey Sorokin <afarallax@yandex.ru>
Shannon Zhao <shannon.zhao@linaro.org>
Stefan Hajnoczi <stefanha@redhat.com>
Stefan Weil <sw@weilnetz.de>
Stefano Stabellini <sstabellini@kernel.org>
Steven Luo <steven+qemu@steven676.net>
Talha Imran <talha_imran@mentor.com>
Thomas Huth <thuth@redhat.com>
Timothy E Baldwin <T.E.Baldwin99@members.leeds.ac.uk>
Timothy Edward Baldwin <T.E.Baldwin99@members.leeds.ac.uk>
Wei Jiangang <weijg.fnst@cn.fujitsu.com>
Wen Congyang <wency@cn.fujitsu.com>
Xiao Guangrong <guangrong.xiao@linux.intel.com>
xiaoqiang zhao <zxq_yx_007@163.com>
Yang Hongyang <hongyang.yang@easystack.cn>
Zhang Chen <zhangchen.fnst@cn.fujitsu.com>
Zhou Jie <zhoujie2011@cn.fujitsu.com>
Zhu Guihua <zhugh.fnst@cn.fujitsu.com>
jobs:
build-amd64-xsm pass
build-armhf-xsm pass
build-i386-xsm pass
build-amd64 pass
build-armhf pass
build-i386 pass
build-amd64-libvirt pass
build-armhf-libvirt pass
build-i386-libvirt pass
build-amd64-pvops pass
build-armhf-pvops pass
build-i386-pvops pass
test-amd64-amd64-xl broken
test-armhf-armhf-xl pass
test-amd64-i386-xl broken
test-amd64-amd64-libvirt-qemuu-debianhvm-amd64-xsm pass
test-amd64-i386-libvirt-qemuu-debianhvm-amd64-xsm fail
test-amd64-amd64-xl-qemuu-debianhvm-amd64-xsm pass
test-amd64-i386-xl-qemuu-debianhvm-amd64-xsm fail
test-amd64-amd64-libvirt-xsm pass
test-armhf-armhf-libvirt-xsm fail
test-amd64-i386-libvirt-xsm pass
test-amd64-amd64-xl-xsm pass
test-armhf-armhf-xl-xsm pass
test-amd64-i386-xl-xsm pass
test-amd64-amd64-qemuu-nested-amd fail
test-amd64-amd64-xl-pvh-amd fail
test-amd64-i386-qemuu-rhel6hvm-amd pass
test-amd64-amd64-xl-qemuu-debianhvm-amd64 pass
test-amd64-i386-xl-qemuu-debianhvm-amd64 pass
test-amd64-i386-freebsd10-amd64 fail
test-amd64-amd64-xl-qemuu-ovmf-amd64 pass
test-amd64-i386-xl-qemuu-ovmf-amd64 pass
test-amd64-amd64-xl-qemuu-win7-amd64 fail
test-amd64-i386-xl-qemuu-win7-amd64 fail
test-armhf-armhf-xl-arndale pass
test-amd64-amd64-xl-credit2 broken
test-armhf-armhf-xl-credit2 pass
test-armhf-armhf-xl-cubietruck pass
test-amd64-i386-freebsd10-i386 pass
test-amd64-amd64-qemuu-nested-intel fail
test-amd64-amd64-xl-pvh-intel fail
test-amd64-i386-qemuu-rhel6hvm-intel pass
test-amd64-amd64-libvirt pass
test-armhf-armhf-libvirt fail
test-amd64-i386-libvirt pass
test-amd64-amd64-xl-multivcpu pass
test-armhf-armhf-xl-multivcpu pass
test-amd64-amd64-pair pass
test-amd64-i386-pair pass
test-amd64-amd64-libvirt-pair broken
test-amd64-i386-libvirt-pair broken
test-amd64-amd64-amd64-pvgrub pass
test-amd64-amd64-i386-pvgrub pass
test-amd64-amd64-pygrub pass
test-armhf-armhf-libvirt-qcow2 fail
test-amd64-amd64-xl-qcow2 pass
test-armhf-armhf-libvirt-raw fail
test-amd64-i386-xl-raw pass
test-amd64-amd64-xl-rtds fail
test-armhf-armhf-xl-rtds pass
test-amd64-i386-xl-qemuu-winxpsp3-vcpus1 pass
test-amd64-amd64-libvirt-vhd pass
test-armhf-armhf-xl-vhd pass
test-amd64-amd64-xl-qemuu-winxpsp3 pass
test-amd64-i386-xl-qemuu-winxpsp3 fail
------------------------------------------------------------
sg-report-flight on osstest.test-lab.xenproject.org
logs: /home/logs/logs
images: /home/logs/images
Logs, config files, etc. are available at
http://logs.test-lab.xenproject.org/osstest/logs
Explanation of these reports, and of osstest in general, is at
http://xenbits.xen.org/gitweb/?p=osstest.git;a=blob;f=README.email;hb=master
http://xenbits.xen.org/gitweb/?p=osstest.git;a=blob;f=README;hb=master
Test harness code can be found at
http://xenbits.xen.org/gitweb?p=osstest.git;a=summary
broken-step test-amd64-amd64-xl host-install(3)
broken-step test-amd64-i386-xl host-install(3)
broken-step test-amd64-amd64-xl-credit2 host-install(3)
broken-step test-amd64-amd64-libvirt-pair host-install/src_host(3)
broken-step test-amd64-i386-libvirt-pair host-install/src_host(3)
Not pushing.
(No revision log; it would be 8723 lines long.)
[-- Attachment #2: Type: text/plain, Size: 126 bytes --]
_______________________________________________
Xen-devel mailing list
Xen-devel@lists.xen.org
http://lists.xen.org/xen-devel
reply other threads:[~2016-06-16 18:49 UTC|newest]
Thread overview: [no followups] expand[flat|nested] mbox.gz Atom feed
Reply instructions:
You may reply publicly to this message via plain-text email
using any one of the following methods:
* Save the following mbox file, import it into your mail client,
and reply-to-all from there: mbox
Avoid top-posting and favor interleaved quoting:
https://en.wikipedia.org/wiki/Posting_style#Interleaved_style
* Reply using the --to, --cc, and --in-reply-to
switches of git-send-email(1):
git send-email \
--in-reply-to=osstest-95783-mainreport@xen.org \
--to=osstest-admin@xenproject.org \
--cc=xen-devel@lists.xensource.com \
/path/to/YOUR_REPLY
https://kernel.org/pub/software/scm/git/docs/git-send-email.html
* If your mail client supports setting the In-Reply-To header
via mailto: links, try the mailto: link
Be sure your reply has a Subject: header at the top and a blank line
before the message body.
This is a public inbox, see mirroring instructions
for how to clone and mirror all data and code used for this inbox;
as well as URLs for NNTP newsgroup(s).