* [linux-3.4 test] 86823: regressions - FAIL
@ 2016-03-22 8:02 osstest service owner
2016-03-22 11:32 ` Ian Jackson
0 siblings, 1 reply; 2+ messages in thread
From: osstest service owner @ 2016-03-22 8:02 UTC (permalink / raw)
To: xen-devel, osstest-admin
[-- Attachment #1: Type: text/plain, Size: 13106 bytes --]
flight 86823 linux-3.4 real [real]
http://logs.test-lab.xenproject.org/osstest/logs/86823/
Regressions :-(
Tests which did not succeed and are blocking,
including tests which could not be run:
build-amd64-rumpuserxen 6 xen-build fail REGR. vs. 64451
build-i386-rumpuserxen 6 xen-build fail REGR. vs. 64451
Regressions which are regarded as allowable (not blocking):
test-amd64-amd64-xl-qemuu-win7-amd64 20 leak-check/check fail blocked in 64451
test-amd64-i386-xl-qemut-win7-amd64 16 guest-stop fail like 64451
test-amd64-amd64-xl-qemut-win7-amd64 16 guest-stop fail like 64451
Tests which did not succeed, but are not blocking:
test-amd64-amd64-rumpuserxen-amd64 1 build-check(1) blocked n/a
test-amd64-i386-rumpuserxen-i386 1 build-check(1) blocked n/a
test-amd64-amd64-xl-pvh-amd 11 guest-start fail never pass
test-amd64-amd64-xl-pvh-intel 11 guest-start fail never pass
test-amd64-amd64-libvirt 12 migrate-support-check fail never pass
test-amd64-i386-libvirt 12 migrate-support-check fail never pass
test-amd64-amd64-qemuu-nested-amd 16 debian-hvm-install/l1/l2 fail never pass
test-amd64-i386-libvirt-xsm 12 migrate-support-check fail never pass
test-amd64-amd64-libvirt-xsm 12 migrate-support-check fail never pass
test-amd64-amd64-libvirt-qemuu-debianhvm-amd64-xsm 10 migrate-support-check fail never pass
test-amd64-i386-libvirt-qemuu-debianhvm-amd64-xsm 10 migrate-support-check fail never pass
test-amd64-amd64-libvirt-vhd 11 migrate-support-check fail never pass
test-amd64-i386-xl-qemuu-win7-amd64 16 guest-stop fail never pass
version targeted for testing:
linux 3389604d77540abf738b486d650c1745b2d663ca
baseline version:
linux 3edd6224c2a677bb59efe0b083a51fc2b3b5c64d
Last test of basis 64451 2015-11-16 12:12:15 Z 126 days
Testing same since 86823 2016-03-21 14:17:05 Z 0 days 1 attempts
------------------------------------------------------------
People who touched revisions under test:
Al Viro <viro@zeniv.linux.org.uk>
Albert Huitsing <albert@huitsing.nl>
Aleksei Mamlin <mamlinav@gmail.com>
Alex Deucher <alexander.deucher@amd.com>
Alexei Potashnik <alexei@purestorage.com>
Aman Deep <aman.deep@samsung.com>
Andrew Morton <akpm@linux-foundation.org>
Andrey Vagin <avagin@openvz.org>
Andy Lutomirski <luto@kernel.org>
Anssi Hannula <anssi.hannula@iki.fi>
Arkadiusz MiÅkiewicz <arekm@maven.pl>
Arne Fitzenreiter <arne_f@ipfire.org>
Bart Van Assche <bart.vanassche@sandisk.com>
Ben Hutchings <ben@decadent.org.uk>
Ben Zhang <benzh@chromium.org>
Bernhard Bender <bernhard.bender@bytecmed.com>
bingtian.ly@taobao.com <bingtian.ly@taobao.com>
Borislav Petkov <bp@suse.de>
Brian Campbell <bacam@z273.org.uk>
Chris Mason <clm@fb.com>
Chris Metcalf <cmetcalf@ezchip.com>
Claudio Cappelli <claudio.cappelli.linux@gmail.com>
Clemens Ladisch <clemens@ladisch.de>
Cong Wang <xiyou.wangcong@gmail.com>
Dan Carpenter <dan.carpenter@oracle.com>
Daniel Borkmann <daniel@iogearbox.net>
Daniel Vetter <daniel.vetter@ffwll.ch>
Darren Lavender <darren.lavender@hp.com>
David Ahern <dsa@cumulusnetworks.com>
David Daney <david.daney@cavium.com>
David Howells <dhowells@redhat.com>
David S. Miller <davem@davemloft.net>
Dennis Yang <shinrairis@gmail.com>
Dirk Behme <dirk.behme@de.bosch.com>
Dmitry Torokhov <dmitry.torokhov@gmail.com>
Dmitry Vyukov <dvyukov@google.com>
Dominic Sacré <dominic.sacre@gmx.de>
Don Zickus <dzickus@redhat.com>
Doug Ledford <dledford@redhat.com>
Edward Hyunkoo Jee <edjee@google.com>
Eric Dumazet <edumazet@google.com>
Eric Dumazet <eric.dumazet@gmail.com>
Eric Northup <digitaleric@google.com>
Felipe Balbi <balbi@kernel.org>
Felipe Balbi <balbi@ti.com>
Felix Fietkau <nbd@openwrt.org>
Filipe Manana <fdmanana@suse.com>
Gioh Kim <gioh.kim@lge.com>
Greg Kroah-Hartman <gregkh@linuxfoundation.org>
Hannes Frederic Sowa <hannes@stressinduktion.org>
Heiko Carstens <heiko.carstens@de.ibm.com>
Herbert Xu <herbert@gondor.apana.org.au>
Herton R. Krzesinski <herton@redhat.com>
Huang Rui <ray.huang@amd.com>
Ingo Molnar <mingo@kernel.org>
James Bottomley <JBottomley@Odin.com>
Jan Beulich <jbeulich@suse.com>
Jason Gunthorpe <jgunthorpe@obsidianresearch.com>
Jason Wang <jasowang@redhat.com>
Jiri Pirko <jiri@resnulli.us>
Joe Perches <joe@perches.com>
Joe Stringer <joestringer@nicira.com>
Joe Thornber <ejt@redhat.com>
Johan Hovold <johan@kernel.org>
Johannes Berg <johannes.berg@intel.com>
John Soni Jose <sony.john@avagotech.com>
John Youn <John.Youn@synopsys.com>
John Youn <johnyoun@synopsys.com>
Joseph Qi <joseph.qi@huawei.com>
Juergen Gross <jgross@suse.com>
Julian Anastasov <ja@ssi.bg>
Kai Mäkisara <kai.makisara@kolumbus.fi>
Kirill A. Shutemov <kirill.shutemov@linux.intel.com>
Li Yu <raise.sail@gmail.com>
Linus Torvalds <torvalds@linux-foundation.org>
Lior Amsalem <alior@marvell.com>
lucien <lucien.xin@gmail.com>
Manfred Spraul <manfred@colorfullife.com>
Marc Kleine-Budde <mkl@pengutronix.de>
Marc-André Lureau <marcandre.lureau@redhat.com>
Marcelo Leitner <mleitner@redhat.com>
Marcelo Ricardo Leitner <marcelo.leitner@gmail.com>
Marcelo Ricardo Leitner <mleitner@redhat.com>
Marcelo Tosatti <mtosatti@redhat.com>
Martin Schwidefsky <schwidefsky@de.ibm.com>
Mathias Nyman <mathias.nyman@linux.intel.com>
Michael S. Tsirkin <mst@redhat.com>
Michael Walle <michael@walle.cc>
Michal Hocko <mhocko@suse.cz>
Michal Kubecek <mkubecek@suse.cz>
Michal KubeÄek <mkubecek@suse.cz>
Mike Snitzer <snitzer@redhat.com>
Mikulas Patocka <mikulas@twibright.com>
Mikulas Patocka <mpatocka@redhat.com>
Neil Brown <neilb@suse.de>
NeilBrown <neilb@suse.com>
NeilBrown <neilb@suse.de>
Nicholas Bellinger <nab@linux-iscsi.org>
Nikolay Borisov <kernel@kyup.com>
Oleg Nesterov <oleg@redhat.com>
Oliver Neukum <oneukum@suse.com>
Pablo Neira Ayuso <pablo@netfilter.org>
Paolo Bonzini <pbonzini@redhat.com>
Peter Sanford <peter@sanford.io>
Peter Zijlstra (Intel) <peterz@infradead.org>
Peter Zijlstra <peterz@infradead.org>
Philipp Hahn <pmhahn@pmhahn.de>
Quentin Casasnovas <quentin.casasnovas@oracle.com>
Rainer Weikusat <rweikusat@mobileactivedefense.com>
Ralf Baechle <ralf@linux-mips.org>
Richard Weinberger <richard@nod.at>
Sabrina Dubroca <sd@queasysnail.net>
Sanidhya Kashyap <sanidhya.gatech@gmail.com>
Santosh Shilimkar <santosh.shilimkar@oracle.com>
Sasha Levin <sasha.levin@oracle.com>
Seymour, Shane M <shane.seymour@hp.com>
Shane Seymour <shane.seymour@hp.com>
Spencer Baugh <sbaugh@catern.com>
Stefan Agner <stefan@agner.ch>
Steven Rostedt <rostedt@goodmis.org>
Subbaraya Sundeep Bhatta <subbaraya.sundeep.bhatta@xilinx.com>
Takashi Iwai <tiwai@suse.de>
Tejun Heo <tj@kernel.org>
Theodore Ts'o <tytso@mit.edu>
Thomas Gleixner <tglx@linutronix.de>
Thomas Petazzoni <thomas.petazzoni@free-electrons.com>
Tom Hughes <tom@compton.nu>
Tomas Winkler <tomas.winkler@intel.com>
Trond Myklebust <trond.myklebust@primarydata.com>
Ulf Hansson <ulf.hansson@linaro.org>
Vasu Dev <vasu.dev@intel.com>
Vlad Yasevich <vyasevich@gmail.com>
Vlad Zolotarov <vladz@cloudius-systems.com>
WANG Cong <xiyou.wangcong@gmail.com>
Wengang Wang <wen.gang.wang@oracle.com>
Xin Long <lucien.xin@gmail.com>
Yao-Wen Mao <yaowen@google.com>
Zefan Li <lizefan@huawei.com>
Zhao Junwang <zhjwpku@gmail.com>
Zhuang Jin Can <jin.can.zhuang@intel.com>
jobs:
build-amd64-xsm pass
build-i386-xsm pass
build-amd64 pass
build-i386 pass
build-amd64-libvirt pass
build-i386-libvirt pass
build-amd64-pvops pass
build-i386-pvops pass
build-amd64-rumpuserxen fail
build-i386-rumpuserxen fail
test-amd64-amd64-xl pass
test-amd64-i386-xl pass
test-amd64-amd64-xl-qemut-debianhvm-amd64-xsm pass
test-amd64-i386-xl-qemut-debianhvm-amd64-xsm pass
test-amd64-amd64-libvirt-qemuu-debianhvm-amd64-xsm pass
test-amd64-i386-libvirt-qemuu-debianhvm-amd64-xsm pass
test-amd64-amd64-xl-qemuu-debianhvm-amd64-xsm pass
test-amd64-i386-xl-qemuu-debianhvm-amd64-xsm pass
test-amd64-amd64-xl-qemut-stubdom-debianhvm-amd64-xsm pass
test-amd64-i386-xl-qemut-stubdom-debianhvm-amd64-xsm pass
test-amd64-amd64-libvirt-xsm pass
test-amd64-i386-libvirt-xsm pass
test-amd64-amd64-xl-xsm pass
test-amd64-i386-xl-xsm pass
test-amd64-amd64-qemuu-nested-amd fail
test-amd64-amd64-xl-pvh-amd fail
test-amd64-i386-qemut-rhel6hvm-amd pass
test-amd64-i386-qemuu-rhel6hvm-amd pass
test-amd64-amd64-xl-qemut-debianhvm-amd64 pass
test-amd64-i386-xl-qemut-debianhvm-amd64 pass
test-amd64-amd64-xl-qemuu-debianhvm-amd64 pass
test-amd64-i386-xl-qemuu-debianhvm-amd64 pass
test-amd64-i386-freebsd10-amd64 pass
test-amd64-amd64-xl-qemuu-ovmf-amd64 pass
test-amd64-i386-xl-qemuu-ovmf-amd64 pass
test-amd64-amd64-rumpuserxen-amd64 blocked
test-amd64-amd64-xl-qemut-win7-amd64 fail
test-amd64-i386-xl-qemut-win7-amd64 fail
test-amd64-amd64-xl-qemuu-win7-amd64 fail
test-amd64-i386-xl-qemuu-win7-amd64 fail
test-amd64-amd64-xl-credit2 pass
test-amd64-i386-freebsd10-i386 pass
test-amd64-i386-rumpuserxen-i386 blocked
test-amd64-amd64-qemuu-nested-intel pass
test-amd64-amd64-xl-pvh-intel fail
test-amd64-i386-qemut-rhel6hvm-intel pass
test-amd64-i386-qemuu-rhel6hvm-intel pass
test-amd64-amd64-libvirt pass
test-amd64-i386-libvirt pass
test-amd64-amd64-xl-multivcpu pass
test-amd64-amd64-pair pass
test-amd64-i386-pair pass
test-amd64-amd64-libvirt-pair pass
test-amd64-i386-libvirt-pair pass
test-amd64-amd64-amd64-pvgrub pass
test-amd64-amd64-i386-pvgrub pass
test-amd64-amd64-pygrub pass
test-amd64-amd64-xl-qcow2 pass
test-amd64-i386-xl-raw pass
test-amd64-amd64-xl-rtds pass
test-amd64-i386-xl-qemut-winxpsp3-vcpus1 pass
test-amd64-i386-xl-qemuu-winxpsp3-vcpus1 pass
test-amd64-amd64-libvirt-vhd pass
test-amd64-amd64-xl-qemut-winxpsp3 pass
test-amd64-i386-xl-qemut-winxpsp3 pass
test-amd64-amd64-xl-qemuu-winxpsp3 pass
test-amd64-i386-xl-qemuu-winxpsp3 pass
------------------------------------------------------------
sg-report-flight on osstest.test-lab.xenproject.org
logs: /home/logs/logs
images: /home/logs/images
Logs, config files, etc. are available at
http://logs.test-lab.xenproject.org/osstest/logs
Explanation of these reports, and of osstest in general, is at
http://xenbits.xen.org/gitweb/?p=osstest.git;a=blob;f=README.email;hb=master
http://xenbits.xen.org/gitweb/?p=osstest.git;a=blob;f=README;hb=master
Test harness code can be found at
http://xenbits.xen.org/gitweb?p=osstest.git;a=summary
Not pushing.
(No revision log; it would be 3543 lines long.)
[-- Attachment #2: Type: text/plain, Size: 126 bytes --]
_______________________________________________
Xen-devel mailing list
Xen-devel@lists.xen.org
http://lists.xen.org/xen-devel
^ permalink raw reply [flat|nested] 2+ messages in thread
* Re: [linux-3.4 test] 86823: regressions - FAIL
2016-03-22 8:02 [linux-3.4 test] 86823: regressions - FAIL osstest service owner
@ 2016-03-22 11:32 ` Ian Jackson
0 siblings, 0 replies; 2+ messages in thread
From: Ian Jackson @ 2016-03-22 11:32 UTC (permalink / raw)
To: xen-devel
osstest service owner writes ("[linux-3.4 test] 86823: regressions - FAIL"):
> flight 86823 linux-3.4 real [real]
> http://logs.test-lab.xenproject.org/osstest/logs/86823/
>
> Regressions :-(
>
> Tests which did not succeed and are blocking,
> including tests which could not be run:
> build-amd64-rumpuserxen 6 xen-build fail REGR. vs. 64451
> build-i386-rumpuserxen 6 xen-build fail REGR. vs. 64451
Expected, therefore force pushed.
Ian.
_______________________________________________
Xen-devel mailing list
Xen-devel@lists.xen.org
http://lists.xen.org/xen-devel
^ permalink raw reply [flat|nested] 2+ messages in thread
end of thread, other threads:[~2016-03-22 11:32 UTC | newest]
Thread overview: 2+ messages (download: mbox.gz / follow: Atom feed)
-- links below jump to the message on this page --
2016-03-22 8:02 [linux-3.4 test] 86823: regressions - FAIL osstest service owner
2016-03-22 11:32 ` Ian Jackson
This is a public inbox, see mirroring instructions
for how to clone and mirror all data and code used for this inbox;
as well as URLs for NNTP newsgroup(s).