* [xen-4.8-testing test] 136566: regressions - FAIL
@ 2019-05-22 1:07 osstest service owner
2019-05-22 1:07 ` [Xen-devel] " osstest service owner
2019-05-22 6:49 ` Jan Beulich
0 siblings, 2 replies; 5+ messages in thread
From: osstest service owner @ 2019-05-22 1:07 UTC (permalink / raw)
To: xen-devel, osstest-admin
flight 136566 xen-4.8-testing real [real]
http://logs.test-lab.xenproject.org/osstest/logs/136566/
Regressions :-(
Tests which did not succeed and are blocking,
including tests which could not be run:
test-xtf-amd64-amd64-4 50 xtf/test-hvm64-lbr-tsx-vmentry fail REGR. vs. 130965
test-xtf-amd64-amd64-4 70 xtf/test-hvm64-xsa-278 fail REGR. vs. 130965
build-amd64-prev 6 xen-build fail REGR. vs. 130965
build-i386-prev 6 xen-build fail REGR. vs. 130965
test-amd64-i386-freebsd10-amd64 17 guest-localmigrate/x10 fail REGR. vs. 130965
Tests which did not succeed, but are not blocking:
test-amd64-i386-migrupgrade 1 build-check(1) blocked n/a
test-amd64-amd64-migrupgrade 1 build-check(1) blocked n/a
test-amd64-i386-xl-qemut-win7-amd64 17 guest-stop fail like 130965
test-amd64-amd64-xl-qemut-win7-amd64 17 guest-stop fail like 130965
test-amd64-i386-xl-qemuu-win7-amd64 17 guest-stop fail like 130965
test-amd64-amd64-xl-qemuu-win7-amd64 17 guest-stop fail like 130965
test-amd64-i386-xl-qemuu-ws16-amd64 17 guest-stop fail like 130965
test-amd64-amd64-xl-qemut-ws16-amd64 17 guest-stop fail like 130965
test-amd64-amd64-xl-qemuu-ws16-amd64 17 guest-stop fail like 130965
test-amd64-i386-xl-qemut-ws16-amd64 17 guest-stop fail like 130965
test-amd64-i386-libvirt 13 migrate-support-check fail never pass
test-amd64-i386-libvirt-xsm 13 migrate-support-check fail never pass
test-amd64-amd64-libvirt 13 migrate-support-check fail never pass
test-amd64-i386-libvirt-qemuu-debianhvm-amd64-xsm 11 migrate-support-check fail never pass
test-arm64-arm64-xl-xsm 13 migrate-support-check fail never pass
test-arm64-arm64-xl-xsm 14 saverestore-support-check fail never pass
test-arm64-arm64-xl-credit1 13 migrate-support-check fail never pass
test-arm64-arm64-xl-credit1 14 saverestore-support-check fail never pass
test-arm64-arm64-xl 13 migrate-support-check fail never pass
test-arm64-arm64-xl 14 saverestore-support-check fail never pass
test-arm64-arm64-xl-credit2 13 migrate-support-check fail never pass
test-arm64-arm64-xl-credit2 14 saverestore-support-check fail never pass
test-amd64-amd64-libvirt-xsm 13 migrate-support-check fail never pass
test-amd64-amd64-libvirt-qemuu-debianhvm-amd64-xsm 11 migrate-support-check fail never pass
test-amd64-amd64-qemuu-nested-amd 17 debian-hvm-install/l1/l2 fail never pass
test-amd64-amd64-libvirt-vhd 12 migrate-support-check fail never pass
test-armhf-armhf-xl-arndale 13 migrate-support-check fail never pass
test-armhf-armhf-xl-arndale 14 saverestore-support-check fail never pass
test-armhf-armhf-xl-credit1 13 migrate-support-check fail never pass
test-armhf-armhf-xl-credit1 14 saverestore-support-check fail never pass
test-armhf-armhf-xl-multivcpu 13 migrate-support-check fail never pass
test-armhf-armhf-xl-multivcpu 14 saverestore-support-check fail never pass
test-armhf-armhf-xl-credit2 13 migrate-support-check fail never pass
test-armhf-armhf-xl-credit2 14 saverestore-support-check fail never pass
test-armhf-armhf-libvirt 13 migrate-support-check fail never pass
test-armhf-armhf-libvirt 14 saverestore-support-check fail never pass
test-armhf-armhf-xl-cubietruck 13 migrate-support-check fail never pass
test-armhf-armhf-xl-cubietruck 14 saverestore-support-check fail never pass
test-armhf-armhf-libvirt-raw 12 migrate-support-check fail never pass
test-armhf-armhf-libvirt-raw 13 saverestore-support-check fail never pass
test-arm64-arm64-libvirt-xsm 13 migrate-support-check fail never pass
test-arm64-arm64-libvirt-xsm 14 saverestore-support-check fail never pass
test-armhf-armhf-xl-vhd 12 migrate-support-check fail never pass
test-armhf-armhf-xl-vhd 13 saverestore-support-check fail never pass
test-armhf-armhf-xl 13 migrate-support-check fail never pass
test-armhf-armhf-xl 14 saverestore-support-check fail never pass
test-armhf-armhf-xl-rtds 13 migrate-support-check fail never pass
test-armhf-armhf-xl-rtds 14 saverestore-support-check fail never pass
test-amd64-amd64-xl-qemut-win10-i386 10 windows-install fail never pass
test-amd64-i386-xl-qemut-win10-i386 10 windows-install fail never pass
test-amd64-amd64-xl-qemuu-win10-i386 10 windows-install fail never pass
test-amd64-i386-xl-qemuu-win10-i386 10 windows-install fail never pass
version targeted for testing:
xen ecbf88af9b0f90832fe2394edde864da45a9e560
baseline version:
xen 908e768fae49a8db0089e68188652079e3bfaa66
Last test of basis 130965 2018-12-03 09:06:19 Z 169 days
Failing since 133598 2019-03-05 15:06:23 Z 77 days 38 attempts
Testing same since 136566 2019-05-19 14:06:30 Z 2 days 1 attempts
------------------------------------------------------------
People who touched revisions under test:
Andrew Cooper <andrew.cooper3@citrix.com>
Christian Lindig <christian.lindig@citrix.com>
George Dunlap <george.dunlap@citrix.com>
Jan Beulich <jbeulich@suse.com>
Juergen Gross <jgross@suse.com>
Manuel Bouyer <bouyer@antioche.eu.org>
Sergey Dyasli <sergey.dyasli@citrix.com>
Wei Liu <wei.liu2@citrix.com>
jobs:
build-amd64-xsm pass
build-arm64-xsm pass
build-i386-xsm pass
build-amd64-xtf pass
build-amd64 pass
build-arm64 pass
build-armhf pass
build-i386 pass
build-amd64-libvirt pass
build-arm64-libvirt pass
build-armhf-libvirt pass
build-i386-libvirt pass
build-amd64-prev fail
build-i386-prev fail
build-amd64-pvops pass
build-arm64-pvops pass
build-armhf-pvops pass
build-i386-pvops pass
test-xtf-amd64-amd64-1 pass
test-xtf-amd64-amd64-2 pass
test-xtf-amd64-amd64-3 pass
test-xtf-amd64-amd64-4 pass
test-xtf-amd64-amd64-5 pass
test-amd64-amd64-xl pass
test-arm64-arm64-xl pass
test-armhf-armhf-xl pass
test-amd64-i386-xl pass
test-amd64-amd64-libvirt-qemuu-debianhvm-amd64-xsm pass
test-amd64-i386-libvirt-qemuu-debianhvm-amd64-xsm pass
test-amd64-amd64-xl-qemut-stubdom-debianhvm-amd64-xsm pass
test-amd64-i386-xl-qemut-stubdom-debianhvm-amd64-xsm pass
test-amd64-amd64-xl-qemut-debianhvm-i386-xsm pass
test-amd64-i386-xl-qemut-debianhvm-i386-xsm pass
test-amd64-amd64-xl-qemuu-debianhvm-i386-xsm pass
test-amd64-i386-xl-qemuu-debianhvm-i386-xsm pass
test-amd64-amd64-libvirt-xsm pass
test-arm64-arm64-libvirt-xsm pass
test-amd64-i386-libvirt-xsm pass
test-amd64-amd64-xl-xsm pass
test-arm64-arm64-xl-xsm pass
test-amd64-i386-xl-xsm pass
test-amd64-amd64-qemuu-nested-amd fail
test-amd64-i386-qemut-rhel6hvm-amd pass
test-amd64-i386-qemuu-rhel6hvm-amd pass
test-amd64-amd64-xl-qemut-debianhvm-amd64 pass
test-amd64-i386-xl-qemut-debianhvm-amd64 pass
test-amd64-amd64-xl-qemuu-debianhvm-amd64 pass
test-amd64-i386-xl-qemuu-debianhvm-amd64 pass
test-amd64-i386-freebsd10-amd64 fail
test-amd64-amd64-xl-qemuu-ovmf-amd64 pass
test-amd64-i386-xl-qemuu-ovmf-amd64 pass
test-amd64-amd64-xl-qemut-win7-amd64 fail
test-amd64-i386-xl-qemut-win7-amd64 fail
test-amd64-amd64-xl-qemuu-win7-amd64 fail
test-amd64-i386-xl-qemuu-win7-amd64 fail
test-amd64-amd64-xl-qemut-ws16-amd64 fail
test-amd64-i386-xl-qemut-ws16-amd64 fail
test-amd64-amd64-xl-qemuu-ws16-amd64 fail
test-amd64-i386-xl-qemuu-ws16-amd64 fail
test-armhf-armhf-xl-arndale pass
test-amd64-amd64-xl-credit1 pass
test-arm64-arm64-xl-credit1 pass
test-armhf-armhf-xl-credit1 pass
test-amd64-amd64-xl-credit2 pass
test-arm64-arm64-xl-credit2 pass
test-armhf-armhf-xl-credit2 pass
test-armhf-armhf-xl-cubietruck pass
test-amd64-i386-freebsd10-i386 pass
test-amd64-amd64-xl-qemut-win10-i386 fail
test-amd64-i386-xl-qemut-win10-i386 fail
test-amd64-amd64-xl-qemuu-win10-i386 fail
test-amd64-i386-xl-qemuu-win10-i386 fail
test-amd64-amd64-qemuu-nested-intel pass
test-amd64-i386-qemut-rhel6hvm-intel pass
test-amd64-i386-qemuu-rhel6hvm-intel pass
test-amd64-amd64-libvirt pass
test-armhf-armhf-libvirt pass
test-amd64-i386-libvirt pass
test-amd64-amd64-livepatch pass
test-amd64-i386-livepatch pass
test-amd64-amd64-migrupgrade blocked
test-amd64-i386-migrupgrade blocked
test-amd64-amd64-xl-multivcpu pass
test-armhf-armhf-xl-multivcpu pass
test-amd64-amd64-pair pass
test-amd64-i386-pair pass
test-amd64-amd64-libvirt-pair pass
test-amd64-i386-libvirt-pair pass
test-amd64-amd64-amd64-pvgrub pass
test-amd64-amd64-i386-pvgrub pass
test-amd64-amd64-pygrub pass
test-amd64-amd64-xl-qcow2 pass
test-armhf-armhf-libvirt-raw pass
test-amd64-i386-xl-raw pass
test-amd64-amd64-xl-rtds pass
test-armhf-armhf-xl-rtds pass
test-amd64-amd64-xl-qemuu-debianhvm-amd64-shadow pass
test-amd64-i386-xl-qemuu-debianhvm-amd64-shadow pass
test-amd64-amd64-xl-shadow pass
test-amd64-i386-xl-shadow pass
test-amd64-amd64-libvirt-vhd pass
test-armhf-armhf-xl-vhd pass
------------------------------------------------------------
sg-report-flight on osstest.test-lab.xenproject.org
logs: /home/logs/logs
images: /home/logs/images
Logs, config files, etc. are available at
http://logs.test-lab.xenproject.org/osstest/logs
Explanation of these reports, and of osstest in general, is at
http://xenbits.xen.org/gitweb/?p=osstest.git;a=blob;f=README.email;hb=master
http://xenbits.xen.org/gitweb/?p=osstest.git;a=blob;f=README;hb=master
Test harness code can be found at
http://xenbits.xen.org/gitweb?p=osstest.git;a=summary
Not pushing.
(No revision log; it would be 758 lines long.)
_______________________________________________
Xen-devel mailing list
Xen-devel@lists.xenproject.org
https://lists.xenproject.org/mailman/listinfo/xen-devel
^ permalink raw reply [flat|nested] 5+ messages in thread
* [Xen-devel] [xen-4.8-testing test] 136566: regressions - FAIL
2019-05-22 1:07 [xen-4.8-testing test] 136566: regressions - FAIL osstest service owner
@ 2019-05-22 1:07 ` osstest service owner
2019-05-22 6:49 ` Jan Beulich
1 sibling, 0 replies; 5+ messages in thread
From: osstest service owner @ 2019-05-22 1:07 UTC (permalink / raw)
To: xen-devel, osstest-admin
flight 136566 xen-4.8-testing real [real]
http://logs.test-lab.xenproject.org/osstest/logs/136566/
Regressions :-(
Tests which did not succeed and are blocking,
including tests which could not be run:
test-xtf-amd64-amd64-4 50 xtf/test-hvm64-lbr-tsx-vmentry fail REGR. vs. 130965
test-xtf-amd64-amd64-4 70 xtf/test-hvm64-xsa-278 fail REGR. vs. 130965
build-amd64-prev 6 xen-build fail REGR. vs. 130965
build-i386-prev 6 xen-build fail REGR. vs. 130965
test-amd64-i386-freebsd10-amd64 17 guest-localmigrate/x10 fail REGR. vs. 130965
Tests which did not succeed, but are not blocking:
test-amd64-i386-migrupgrade 1 build-check(1) blocked n/a
test-amd64-amd64-migrupgrade 1 build-check(1) blocked n/a
test-amd64-i386-xl-qemut-win7-amd64 17 guest-stop fail like 130965
test-amd64-amd64-xl-qemut-win7-amd64 17 guest-stop fail like 130965
test-amd64-i386-xl-qemuu-win7-amd64 17 guest-stop fail like 130965
test-amd64-amd64-xl-qemuu-win7-amd64 17 guest-stop fail like 130965
test-amd64-i386-xl-qemuu-ws16-amd64 17 guest-stop fail like 130965
test-amd64-amd64-xl-qemut-ws16-amd64 17 guest-stop fail like 130965
test-amd64-amd64-xl-qemuu-ws16-amd64 17 guest-stop fail like 130965
test-amd64-i386-xl-qemut-ws16-amd64 17 guest-stop fail like 130965
test-amd64-i386-libvirt 13 migrate-support-check fail never pass
test-amd64-i386-libvirt-xsm 13 migrate-support-check fail never pass
test-amd64-amd64-libvirt 13 migrate-support-check fail never pass
test-amd64-i386-libvirt-qemuu-debianhvm-amd64-xsm 11 migrate-support-check fail never pass
test-arm64-arm64-xl-xsm 13 migrate-support-check fail never pass
test-arm64-arm64-xl-xsm 14 saverestore-support-check fail never pass
test-arm64-arm64-xl-credit1 13 migrate-support-check fail never pass
test-arm64-arm64-xl-credit1 14 saverestore-support-check fail never pass
test-arm64-arm64-xl 13 migrate-support-check fail never pass
test-arm64-arm64-xl 14 saverestore-support-check fail never pass
test-arm64-arm64-xl-credit2 13 migrate-support-check fail never pass
test-arm64-arm64-xl-credit2 14 saverestore-support-check fail never pass
test-amd64-amd64-libvirt-xsm 13 migrate-support-check fail never pass
test-amd64-amd64-libvirt-qemuu-debianhvm-amd64-xsm 11 migrate-support-check fail never pass
test-amd64-amd64-qemuu-nested-amd 17 debian-hvm-install/l1/l2 fail never pass
test-amd64-amd64-libvirt-vhd 12 migrate-support-check fail never pass
test-armhf-armhf-xl-arndale 13 migrate-support-check fail never pass
test-armhf-armhf-xl-arndale 14 saverestore-support-check fail never pass
test-armhf-armhf-xl-credit1 13 migrate-support-check fail never pass
test-armhf-armhf-xl-credit1 14 saverestore-support-check fail never pass
test-armhf-armhf-xl-multivcpu 13 migrate-support-check fail never pass
test-armhf-armhf-xl-multivcpu 14 saverestore-support-check fail never pass
test-armhf-armhf-xl-credit2 13 migrate-support-check fail never pass
test-armhf-armhf-xl-credit2 14 saverestore-support-check fail never pass
test-armhf-armhf-libvirt 13 migrate-support-check fail never pass
test-armhf-armhf-libvirt 14 saverestore-support-check fail never pass
test-armhf-armhf-xl-cubietruck 13 migrate-support-check fail never pass
test-armhf-armhf-xl-cubietruck 14 saverestore-support-check fail never pass
test-armhf-armhf-libvirt-raw 12 migrate-support-check fail never pass
test-armhf-armhf-libvirt-raw 13 saverestore-support-check fail never pass
test-arm64-arm64-libvirt-xsm 13 migrate-support-check fail never pass
test-arm64-arm64-libvirt-xsm 14 saverestore-support-check fail never pass
test-armhf-armhf-xl-vhd 12 migrate-support-check fail never pass
test-armhf-armhf-xl-vhd 13 saverestore-support-check fail never pass
test-armhf-armhf-xl 13 migrate-support-check fail never pass
test-armhf-armhf-xl 14 saverestore-support-check fail never pass
test-armhf-armhf-xl-rtds 13 migrate-support-check fail never pass
test-armhf-armhf-xl-rtds 14 saverestore-support-check fail never pass
test-amd64-amd64-xl-qemut-win10-i386 10 windows-install fail never pass
test-amd64-i386-xl-qemut-win10-i386 10 windows-install fail never pass
test-amd64-amd64-xl-qemuu-win10-i386 10 windows-install fail never pass
test-amd64-i386-xl-qemuu-win10-i386 10 windows-install fail never pass
version targeted for testing:
xen ecbf88af9b0f90832fe2394edde864da45a9e560
baseline version:
xen 908e768fae49a8db0089e68188652079e3bfaa66
Last test of basis 130965 2018-12-03 09:06:19 Z 169 days
Failing since 133598 2019-03-05 15:06:23 Z 77 days 38 attempts
Testing same since 136566 2019-05-19 14:06:30 Z 2 days 1 attempts
------------------------------------------------------------
People who touched revisions under test:
Andrew Cooper <andrew.cooper3@citrix.com>
Christian Lindig <christian.lindig@citrix.com>
George Dunlap <george.dunlap@citrix.com>
Jan Beulich <jbeulich@suse.com>
Juergen Gross <jgross@suse.com>
Manuel Bouyer <bouyer@antioche.eu.org>
Sergey Dyasli <sergey.dyasli@citrix.com>
Wei Liu <wei.liu2@citrix.com>
jobs:
build-amd64-xsm pass
build-arm64-xsm pass
build-i386-xsm pass
build-amd64-xtf pass
build-amd64 pass
build-arm64 pass
build-armhf pass
build-i386 pass
build-amd64-libvirt pass
build-arm64-libvirt pass
build-armhf-libvirt pass
build-i386-libvirt pass
build-amd64-prev fail
build-i386-prev fail
build-amd64-pvops pass
build-arm64-pvops pass
build-armhf-pvops pass
build-i386-pvops pass
test-xtf-amd64-amd64-1 pass
test-xtf-amd64-amd64-2 pass
test-xtf-amd64-amd64-3 pass
test-xtf-amd64-amd64-4 pass
test-xtf-amd64-amd64-5 pass
test-amd64-amd64-xl pass
test-arm64-arm64-xl pass
test-armhf-armhf-xl pass
test-amd64-i386-xl pass
test-amd64-amd64-libvirt-qemuu-debianhvm-amd64-xsm pass
test-amd64-i386-libvirt-qemuu-debianhvm-amd64-xsm pass
test-amd64-amd64-xl-qemut-stubdom-debianhvm-amd64-xsm pass
test-amd64-i386-xl-qemut-stubdom-debianhvm-amd64-xsm pass
test-amd64-amd64-xl-qemut-debianhvm-i386-xsm pass
test-amd64-i386-xl-qemut-debianhvm-i386-xsm pass
test-amd64-amd64-xl-qemuu-debianhvm-i386-xsm pass
test-amd64-i386-xl-qemuu-debianhvm-i386-xsm pass
test-amd64-amd64-libvirt-xsm pass
test-arm64-arm64-libvirt-xsm pass
test-amd64-i386-libvirt-xsm pass
test-amd64-amd64-xl-xsm pass
test-arm64-arm64-xl-xsm pass
test-amd64-i386-xl-xsm pass
test-amd64-amd64-qemuu-nested-amd fail
test-amd64-i386-qemut-rhel6hvm-amd pass
test-amd64-i386-qemuu-rhel6hvm-amd pass
test-amd64-amd64-xl-qemut-debianhvm-amd64 pass
test-amd64-i386-xl-qemut-debianhvm-amd64 pass
test-amd64-amd64-xl-qemuu-debianhvm-amd64 pass
test-amd64-i386-xl-qemuu-debianhvm-amd64 pass
test-amd64-i386-freebsd10-amd64 fail
test-amd64-amd64-xl-qemuu-ovmf-amd64 pass
test-amd64-i386-xl-qemuu-ovmf-amd64 pass
test-amd64-amd64-xl-qemut-win7-amd64 fail
test-amd64-i386-xl-qemut-win7-amd64 fail
test-amd64-amd64-xl-qemuu-win7-amd64 fail
test-amd64-i386-xl-qemuu-win7-amd64 fail
test-amd64-amd64-xl-qemut-ws16-amd64 fail
test-amd64-i386-xl-qemut-ws16-amd64 fail
test-amd64-amd64-xl-qemuu-ws16-amd64 fail
test-amd64-i386-xl-qemuu-ws16-amd64 fail
test-armhf-armhf-xl-arndale pass
test-amd64-amd64-xl-credit1 pass
test-arm64-arm64-xl-credit1 pass
test-armhf-armhf-xl-credit1 pass
test-amd64-amd64-xl-credit2 pass
test-arm64-arm64-xl-credit2 pass
test-armhf-armhf-xl-credit2 pass
test-armhf-armhf-xl-cubietruck pass
test-amd64-i386-freebsd10-i386 pass
test-amd64-amd64-xl-qemut-win10-i386 fail
test-amd64-i386-xl-qemut-win10-i386 fail
test-amd64-amd64-xl-qemuu-win10-i386 fail
test-amd64-i386-xl-qemuu-win10-i386 fail
test-amd64-amd64-qemuu-nested-intel pass
test-amd64-i386-qemut-rhel6hvm-intel pass
test-amd64-i386-qemuu-rhel6hvm-intel pass
test-amd64-amd64-libvirt pass
test-armhf-armhf-libvirt pass
test-amd64-i386-libvirt pass
test-amd64-amd64-livepatch pass
test-amd64-i386-livepatch pass
test-amd64-amd64-migrupgrade blocked
test-amd64-i386-migrupgrade blocked
test-amd64-amd64-xl-multivcpu pass
test-armhf-armhf-xl-multivcpu pass
test-amd64-amd64-pair pass
test-amd64-i386-pair pass
test-amd64-amd64-libvirt-pair pass
test-amd64-i386-libvirt-pair pass
test-amd64-amd64-amd64-pvgrub pass
test-amd64-amd64-i386-pvgrub pass
test-amd64-amd64-pygrub pass
test-amd64-amd64-xl-qcow2 pass
test-armhf-armhf-libvirt-raw pass
test-amd64-i386-xl-raw pass
test-amd64-amd64-xl-rtds pass
test-armhf-armhf-xl-rtds pass
test-amd64-amd64-xl-qemuu-debianhvm-amd64-shadow pass
test-amd64-i386-xl-qemuu-debianhvm-amd64-shadow pass
test-amd64-amd64-xl-shadow pass
test-amd64-i386-xl-shadow pass
test-amd64-amd64-libvirt-vhd pass
test-armhf-armhf-xl-vhd pass
------------------------------------------------------------
sg-report-flight on osstest.test-lab.xenproject.org
logs: /home/logs/logs
images: /home/logs/images
Logs, config files, etc. are available at
http://logs.test-lab.xenproject.org/osstest/logs
Explanation of these reports, and of osstest in general, is at
http://xenbits.xen.org/gitweb/?p=osstest.git;a=blob;f=README.email;hb=master
http://xenbits.xen.org/gitweb/?p=osstest.git;a=blob;f=README;hb=master
Test harness code can be found at
http://xenbits.xen.org/gitweb?p=osstest.git;a=summary
Not pushing.
(No revision log; it would be 758 lines long.)
_______________________________________________
Xen-devel mailing list
Xen-devel@lists.xenproject.org
https://lists.xenproject.org/mailman/listinfo/xen-devel
^ permalink raw reply [flat|nested] 5+ messages in thread
* Re: [xen-4.8-testing test] 136566: regressions - FAIL
2019-05-22 1:07 [xen-4.8-testing test] 136566: regressions - FAIL osstest service owner
2019-05-22 1:07 ` [Xen-devel] " osstest service owner
@ 2019-05-22 6:49 ` Jan Beulich
2019-05-22 6:49 ` [Xen-devel] " Jan Beulich
2019-06-17 13:28 ` Ian Jackson
1 sibling, 2 replies; 5+ messages in thread
From: Jan Beulich @ 2019-05-22 6:49 UTC (permalink / raw)
To: osstest service owner; +Cc: xen-devel
>>> On 22.05.19 at 03:07, <osstest-admin@xenproject.org> wrote:
> flight 136566 xen-4.8-testing real [real]
> http://logs.test-lab.xenproject.org/osstest/logs/136566/
>
> Regressions :-(
>
> Tests which did not succeed and are blocking,
> including tests which could not be run:
> test-xtf-amd64-amd64-4 50 xtf/test-hvm64-lbr-tsx-vmentry fail REGR. vs. 130965
> test-xtf-amd64-amd64-4 70 xtf/test-hvm64-xsa-278 fail REGR. vs. 130965
> build-amd64-prev 6 xen-build fail REGR. vs. 130965
> build-i386-prev 6 xen-build fail REGR. vs. 130965
Am I mistaken in understanding that these two will go away only once
the 4.7 tree gets a push (which, even when its own build failures have
got addressed, will require a 4.6 push to occur first), and in turn the
respective 4.9 failures will go away only once we get a push here? If
so - what's the state of these old trees? So far I had been under the
impression that necessary build fix backports had been identified and
applied ...
Jan
_______________________________________________
Xen-devel mailing list
Xen-devel@lists.xenproject.org
https://lists.xenproject.org/mailman/listinfo/xen-devel
^ permalink raw reply [flat|nested] 5+ messages in thread
* Re: [Xen-devel] [xen-4.8-testing test] 136566: regressions - FAIL
2019-05-22 6:49 ` Jan Beulich
@ 2019-05-22 6:49 ` Jan Beulich
2019-06-17 13:28 ` Ian Jackson
1 sibling, 0 replies; 5+ messages in thread
From: Jan Beulich @ 2019-05-22 6:49 UTC (permalink / raw)
To: osstest service owner; +Cc: xen-devel
>>> On 22.05.19 at 03:07, <osstest-admin@xenproject.org> wrote:
> flight 136566 xen-4.8-testing real [real]
> http://logs.test-lab.xenproject.org/osstest/logs/136566/
>
> Regressions :-(
>
> Tests which did not succeed and are blocking,
> including tests which could not be run:
> test-xtf-amd64-amd64-4 50 xtf/test-hvm64-lbr-tsx-vmentry fail REGR. vs. 130965
> test-xtf-amd64-amd64-4 70 xtf/test-hvm64-xsa-278 fail REGR. vs. 130965
> build-amd64-prev 6 xen-build fail REGR. vs. 130965
> build-i386-prev 6 xen-build fail REGR. vs. 130965
Am I mistaken in understanding that these two will go away only once
the 4.7 tree gets a push (which, even when its own build failures have
got addressed, will require a 4.6 push to occur first), and in turn the
respective 4.9 failures will go away only once we get a push here? If
so - what's the state of these old trees? So far I had been under the
impression that necessary build fix backports had been identified and
applied ...
Jan
_______________________________________________
Xen-devel mailing list
Xen-devel@lists.xenproject.org
https://lists.xenproject.org/mailman/listinfo/xen-devel
^ permalink raw reply [flat|nested] 5+ messages in thread
* Re: [Xen-devel] [xen-4.8-testing test] 136566: regressions - FAIL
2019-05-22 6:49 ` Jan Beulich
2019-05-22 6:49 ` [Xen-devel] " Jan Beulich
@ 2019-06-17 13:28 ` Ian Jackson
1 sibling, 0 replies; 5+ messages in thread
From: Ian Jackson @ 2019-06-17 13:28 UTC (permalink / raw)
To: Jan Beulich; +Cc: Juergen Gross, xen-devel
Jan Beulich writes ("Re: [xen-4.8-testing test] 136566: regressions - FAIL"):
> Am I mistaken in understanding that these two will go away only once
> the 4.7 tree gets a push (which, even when its own build failures have
> got addressed, will require a 4.6 push to occur first), and in turn the
> respective 4.9 failures will go away only once we get a push here?
Yes.
> If so - what's the state of these old trees? So far I had been
> under the impression that necessary build fix backports had been
> identified and applied ...
Yes.
However,
4.6 is quite badly broken. See my mail
Subject: Re: [xen-4.6-testing test] 137064: regressions - FAIL
Date: Fri, 31 May 2019 11:33:31 +0100
in which I proposed a force push despite these serious problems.
I'll check with you on irc now whether you agree that this should be
pushed now.
4.7 is broken with HVM guests. You wrote about this today:
Subject: Re: [Xen-devel] [xen-4.7-testing test] 137065: regressions - FAIL
Date: Mon, 17 Jun 2019 08:04:00 +0100
Ian.
_______________________________________________
Xen-devel mailing list
Xen-devel@lists.xenproject.org
https://lists.xenproject.org/mailman/listinfo/xen-devel
^ permalink raw reply [flat|nested] 5+ messages in thread
end of thread, other threads:[~2019-06-17 13:29 UTC | newest]
Thread overview: 5+ messages (download: mbox.gz / follow: Atom feed)
-- links below jump to the message on this page --
2019-05-22 1:07 [xen-4.8-testing test] 136566: regressions - FAIL osstest service owner
2019-05-22 1:07 ` [Xen-devel] " osstest service owner
2019-05-22 6:49 ` Jan Beulich
2019-05-22 6:49 ` [Xen-devel] " Jan Beulich
2019-06-17 13:28 ` Ian Jackson
This is a public inbox, see mirroring instructions
for how to clone and mirror all data and code used for this inbox;
as well as URLs for NNTP newsgroup(s).