* [xen-unstable-smoke test] 160853: regressions - FAIL
@ 2021-04-09 11:53 osstest service owner
2021-04-09 12:22 ` Jan Beulich
0 siblings, 1 reply; 2+ messages in thread
From: osstest service owner @ 2021-04-09 11:53 UTC (permalink / raw)
To: xen-devel, osstest-admin
flight 160853 xen-unstable-smoke real [real]
flight 160857 xen-unstable-smoke real-retest [real]
http://logs.test-lab.xenproject.org/osstest/logs/160853/
http://logs.test-lab.xenproject.org/osstest/logs/160857/
Regressions :-(
Tests which did not succeed and are blocking,
including tests which could not be run:
test-armhf-armhf-xl 18 guest-start/debian.repeat fail REGR. vs. 160803
Tests which did not succeed, but are not blocking:
test-amd64-amd64-libvirt 15 migrate-support-check fail never pass
test-arm64-arm64-xl-xsm 15 migrate-support-check fail never pass
test-arm64-arm64-xl-xsm 16 saverestore-support-check fail never pass
test-armhf-armhf-xl 15 migrate-support-check fail never pass
test-armhf-armhf-xl 16 saverestore-support-check fail never pass
version targeted for testing:
xen 9cd905bae87fb06efa59c347ef1e96c5dc6cdb62
baseline version:
xen 025eacc13f6147ffa99da5ecee4ed96e7fe8e887
Last test of basis 160803 2021-04-07 19:00:28 Z 1 days
Testing same since 160853 2021-04-09 08:00:27 Z 0 days 1 attempts
------------------------------------------------------------
People who touched revisions under test:
Andrew Cooper <andrew.cooper3@citrix.com>
Boris Ostrovsky <boris.ostrovsky@oracle.com>
Ian Jackson <iwj@xenproject.org>
Jan Beulich <jbeulich@suse.com>
Juergen Gross <jgross@suse.com>
Rahul Singh <rahul.singh@arm.com>
Roger Pau Monné <roger.pau@citrix.com>
Tim Deegan <tim@xen.org>
jobs:
build-arm64-xsm pass
build-amd64 pass
build-armhf pass
build-amd64-libvirt pass
test-armhf-armhf-xl fail
test-arm64-arm64-xl-xsm pass
test-amd64-amd64-xl-qemuu-debianhvm-amd64 pass
test-amd64-amd64-libvirt pass
------------------------------------------------------------
sg-report-flight on osstest.test-lab.xenproject.org
logs: /home/logs/logs
images: /home/logs/images
Logs, config files, etc. are available at
http://logs.test-lab.xenproject.org/osstest/logs
Explanation of these reports, and of osstest in general, is at
http://xenbits.xen.org/gitweb/?p=osstest.git;a=blob;f=README.email;hb=master
http://xenbits.xen.org/gitweb/?p=osstest.git;a=blob;f=README;hb=master
Test harness code can be found at
http://xenbits.xen.org/gitweb?p=osstest.git;a=summary
Not pushing.
(No revision log; it would be 329 lines long.)
^ permalink raw reply [flat|nested] 2+ messages in thread
* Re: [xen-unstable-smoke test] 160853: regressions - FAIL
2021-04-09 11:53 [xen-unstable-smoke test] 160853: regressions - FAIL osstest service owner
@ 2021-04-09 12:22 ` Jan Beulich
0 siblings, 0 replies; 2+ messages in thread
From: Jan Beulich @ 2021-04-09 12:22 UTC (permalink / raw)
To: osstest service owner, xen-devel
On 09.04.2021 13:53, osstest service owner wrote:
> flight 160853 xen-unstable-smoke real [real]
> flight 160857 xen-unstable-smoke real-retest [real]
> http://logs.test-lab.xenproject.org/osstest/logs/160853/
> http://logs.test-lab.xenproject.org/osstest/logs/160857/
>
> Regressions :-(
>
> Tests which did not succeed and are blocking,
> including tests which could not be run:
> test-armhf-armhf-xl 18 guest-start/debian.repeat fail REGR. vs. 160803
This (and a few more similar ones) has been failing in non-smoke
flights as well for a while. Therefore I don't think I need to be
concerned ... No idea though what the plan is to address the
failures there (which might then also help the one here).
Jan
^ permalink raw reply [flat|nested] 2+ messages in thread
end of thread, other threads:[~2021-04-09 12:23 UTC | newest]
Thread overview: 2+ messages (download: mbox.gz / follow: Atom feed)
-- links below jump to the message on this page --
2021-04-09 11:53 [xen-unstable-smoke test] 160853: regressions - FAIL osstest service owner
2021-04-09 12:22 ` Jan Beulich
This is a public inbox, see mirroring instructions
for how to clone and mirror all data and code used for this inbox;
as well as URLs for NNTP newsgroup(s).