From: osstest service owner <osstest-admin@xenproject.org>
To: xen-devel@lists.xensource.com, osstest-admin@xenproject.org
Subject: [linux-linus test] 110060: regressions - FAIL
Date: Wed, 07 Jun 2017 17:21:43 +0000 [thread overview]
Message-ID: <osstest-110060-mainreport@xen.org> (raw)
[-- Attachment #1: Type: text/plain, Size: 19468 bytes --]
flight 110060 linux-linus real [real]
http://logs.test-lab.xenproject.org/osstest/logs/110060/
Regressions :-(
Tests which did not succeed and are blocking,
including tests which could not be run:
test-amd64-i386-qemut-rhel6hvm-amd 9 redhat-install fail REGR. vs. 109994
test-amd64-amd64-libvirt-vhd 10 guest-start fail REGR. vs. 109994
test-amd64-i386-freebsd10-i386 18 guest-start/freebsd.repeat fail REGR. vs. 109994
test-amd64-i386-xl-qemuu-debianhvm-amd64 9 debian-hvm-install fail REGR. vs. 109994
test-amd64-i386-xl-qemut-debianhvm-amd64-xsm 17 guest-start/debianhvm.repeat fail REGR. vs. 109994
Tests which did not succeed, but are not blocking:
test-amd64-i386-xl-qemut-win7-amd64 17 guest-start/win.repeat fail blocked in 109994
test-armhf-armhf-xl-rtds 15 guest-start/debian.repeat fail like 109963
test-armhf-armhf-libvirt-xsm 13 saverestore-support-check fail like 109994
test-amd64-i386-xl-qemuu-win7-amd64 16 guest-stop fail like 109994
test-armhf-armhf-libvirt 13 saverestore-support-check fail like 109994
test-amd64-amd64-xl-qemuu-win7-amd64 16 guest-stop fail like 109994
test-amd64-amd64-xl-qemut-win7-amd64 15 guest-localmigrate/x10 fail like 109994
test-armhf-armhf-libvirt-raw 12 saverestore-support-check fail like 109994
test-amd64-amd64-xl-rtds 9 debian-install fail like 109994
test-amd64-amd64-xl-qemut-ws16-amd64 9 windows-install fail never pass
test-amd64-i386-libvirt-xsm 12 migrate-support-check fail never pass
test-amd64-i386-libvirt 12 migrate-support-check fail never pass
test-amd64-amd64-libvirt 12 migrate-support-check fail never pass
test-amd64-amd64-xl-qemuu-ws16-amd64 9 windows-install fail never pass
test-arm64-arm64-xl-xsm 12 migrate-support-check fail never pass
test-arm64-arm64-xl-xsm 13 saverestore-support-check fail never pass
test-arm64-arm64-xl-credit2 12 migrate-support-check fail never pass
test-arm64-arm64-xl-credit2 13 saverestore-support-check fail never pass
test-amd64-amd64-libvirt-qemuu-debianhvm-amd64-xsm 10 migrate-support-check fail never pass
test-amd64-i386-libvirt-qemuu-debianhvm-amd64-xsm 10 migrate-support-check fail never pass
test-arm64-arm64-xl 12 migrate-support-check fail never pass
test-arm64-arm64-xl 13 saverestore-support-check fail never pass
test-arm64-arm64-libvirt-xsm 12 migrate-support-check fail never pass
test-arm64-arm64-libvirt-xsm 13 saverestore-support-check fail never pass
test-amd64-amd64-qemuu-nested-amd 16 debian-hvm-install/l1/l2 fail never pass
test-armhf-armhf-libvirt-xsm 12 migrate-support-check fail never pass
test-armhf-armhf-xl-xsm 12 migrate-support-check fail never pass
test-armhf-armhf-xl-xsm 13 saverestore-support-check fail never pass
test-armhf-armhf-xl-credit2 12 migrate-support-check fail never pass
test-armhf-armhf-xl-credit2 13 saverestore-support-check fail never pass
test-armhf-armhf-xl-arndale 12 migrate-support-check fail never pass
test-armhf-armhf-xl-arndale 13 saverestore-support-check fail never pass
test-amd64-amd64-libvirt-xsm 12 migrate-support-check fail never pass
test-armhf-armhf-libvirt 12 migrate-support-check fail never pass
test-armhf-armhf-libvirt-raw 11 migrate-support-check fail never pass
test-armhf-armhf-xl-rtds 12 migrate-support-check fail never pass
test-armhf-armhf-xl-rtds 13 saverestore-support-check fail never pass
test-armhf-armhf-xl-multivcpu 12 migrate-support-check fail never pass
test-armhf-armhf-xl-multivcpu 13 saverestore-support-check fail never pass
test-armhf-armhf-xl-cubietruck 12 migrate-support-check fail never pass
test-armhf-armhf-xl-cubietruck 13 saverestore-support-check fail never pass
test-armhf-armhf-xl-vhd 11 migrate-support-check fail never pass
test-armhf-armhf-xl-vhd 12 saverestore-support-check fail never pass
test-amd64-i386-xl-qemuu-win10-i386 9 windows-install fail never pass
test-amd64-i386-xl-qemut-win10-i386 9 windows-install fail never pass
test-amd64-i386-xl-qemuu-ws16-amd64 9 windows-install fail never pass
test-amd64-amd64-xl-qemut-win10-i386 9 windows-install fail never pass
test-amd64-i386-xl-qemut-ws16-amd64 9 windows-install fail never pass
test-armhf-armhf-xl 12 migrate-support-check fail never pass
test-armhf-armhf-xl 13 saverestore-support-check fail never pass
test-amd64-amd64-xl-qemuu-win10-i386 9 windows-install fail never pass
version targeted for testing:
linux b29794ec95c6856b316c2295904208bf11ffddd9
baseline version:
linux ea094f3c830a67f252677aacba5d04ebcf55c4d9
Last test of basis 109994 2017-06-04 10:33:35 Z 3 days
Failing since 110006 2017-06-05 02:17:35 Z 2 days 5 attempts
Testing same since 110060 2017-06-07 01:59:38 Z 0 days 1 attempts
------------------------------------------------------------
People who touched revisions under test:
"J. Bruce Fields" <bfields@fieldses.org>
"Mauro S. M. Rodrigues" <maurosr@linux.vnet.ibm.com>
Alexander Duyck <alexander.h.duyck@intel.com>
Alexandre Belloni <alexandre.belloni@free-electrons.com>
Alexandre TORGUE <alexandre.torgue@st.com>
Andi Shyti <andi.shyti@samsung.com>
Andrew Bowers <andrewx.bowers@intel.com>
Andrew Lunn <andrew@lunn.ch>
Anmol Sarma <me@anmolsarma.in>
Ard Biesheuvel <ard.biesheuvel@linaro.org>
Arend van Spriel <arend.vanspriel@broadcom.com>
Arnd Bergmann <arnd@arndb.de>
Artem Savkov <asavkov@redhat.com>
Artemy Kovalyov <artemyko@mellanox.com>
Arun Easi <arun.easi@cavium.com>
Arvind Yadav <arvind.yadav.cs@gmail.com>
Ben Hutchings <ben@decadent.org.uk>
Benjamin Coddington <bcodding@redhat.com>
Benjamin Tissoires <benjamin.tissoires@redhat.com>
Bjorn Andersson <bjorn.andersson@linaro.org>
Björn Töpel <bjorn.topel@intel.com>
Byczkowski, Jakub <jakub.byczkowski@intel.com>
Camelia Groza <camelia.groza@nxp.com>
Chopra, Manish <Manish.Chopra@cavium.com>
Colin Ian King <colin.king@canonical.com>
Craig Gallek <kraig@google.com>
Cyril Hrubis <chrubis@suse.cz>
Damian Ivanov <damianatorrpm@gmail.com>
Dan Carpenter <dan.carpenter@oracle.com>
David Ahern <dsahern@gmail.com>
David Rientjes <rientjes@google.com>
David S. Miller <davem@davemloft.net>
Davide Caratti <dcaratti@redhat.com>
Dennis Dalessandro <dennis.dalessandro@intel.com>
Dmitry Torokhov <dmitry.torokhov@gmail.com>
Doug Ledford <dledford@redhat.com>
Douglas Caetano dos Santos <douglascs@taghos.com.br>
Emmanuel Grumbach <emmanuel.grumbach@intel.com>
Eric Biggers <ebiggers@google.com>
Eric Dumazet <edumazet@google.com>
Eric Garver <e@erig.me>
Eryu Guan <eguan@redhat.com>
Eugeniu Rosca <erosca@de.adit-jv.com>
Firo Yang <firogm@gmail.com>
Florian Fainelli <f.fainelli@gmail.com>
Ganesh Goudar <ganeshgr@chelsio.com>
Giuseppe Cavallaro <peppe.cavallaro@st.com>
Greg Kroah-Hartman <gregkh@linuxfoundation.org>
Gregory CLEMENT <gregory.clement@free-electrons.com>
Gregory Greenman <gregory.greenman@intel.com>
Guilherme G. Piccoli <gpiccoli@linux.vnet.ibm.com>
Gustavo A. R. Silva <garsilva@embeddedor.com>
Haim Dreyfuss <haim.dreyfuss@intel.com>
Haishuang Yan <yanhaishuang@cmss.chinamobile.com>
Hans de Goede <hdegoede@redhat.com>
Hans Verkuil <hans.verkuil@cisco.com>
Henry Orosco <henry.orosco@intel.com>
Honggang Li <honli@redhat.com>
Huw Davies <huw@codeweavers.com>
Ido Shamay <idos@mellanox.com>
Israel Rukshin <israelr@mellanox.com>
Jack Morgenstein <jackm@dev.mellanox.co.il>
Jaechul Lee <jcsing.lee@samsung.com>
Jakub Byczkowski <jakub.byczkowski@intel.com>
James Clarke <jrtc27@jrtc27.com>
Jan Kara <jack@suse.cz>
Jane Chu <jane.chu@oracle.com>
Jeff Kirsher <jeffrey.t.kirsher@intel.com>
Jia-Ju Bai <baijiaju1990@163.com>
Jiri Benc <jbenc@redhat.com>
Jiri Pirko <jiri@mellanox.com>
Johannes Berg <johannes.berg@intel.com>
John Allen <jallen@linux.vnet.ibm.com>
Kalle Valo <kvalo@codeaurora.org>
Kalle Valo <kvalo@qca.qualcomm.com>
Lance Richardson <lrichard@redhat.com>
Leon Romanovsky <leon@kernel.org>
Leon Romanovsky <leonro@mellanox.com>
Leonard Crestez <leonard.crestez@nxp.com>
Liad Kaufman <liad.kaufman@intel.com>
Liam McBirnie <liam.mcbirnie@boeing.com>
Liam McBirnie <mcbirnie.l@gmail.com>
Liam R. Howlett <Liam.Howlett@Oracle.com>
Linus Torvalds <torvalds@linux-foundation.org>
Liping Zhang <zlpnobody@gmail.com>
Lorenzo Colitti <lorenzo@google.com>
Luca Coelho <luciano.coelho@intel.com>
Madalin Bucur <madalin.bucur@nxp.com>
Majd Dibbiny <majd@mellanox.com>
Manish Chopra <manish.chopra@cavium.com>
Manish Rangankar <manish.rangankar@cavium.com>
manish.rangankar@cavium.com <manish.rangankar@cavium.com>
Manoj Iyer <manoj.iyer@canonical.com>
Mark Bloch <markb@mellanox.com>
Markus Elfring <elfring@users.sourceforge.net>
Martin K. Petersen <martin.petersen@oracle.com>
Mauro Carvalho Chehab <mchehab@s-opensource.com>
Mauro S. M. Rodrigues <maurosr@linux.vnet.ibm.com>
Max Filippov <jcmvbkbc@gmail.com>
Max Gurtovoy <maxg@mellanox.com>
Michael S. Tsirkin <mst@redhat.com>
Michal Hocko <mhocko@suse.com>
Mike Kravetz <mike.kravetz@oracle.com>
Mike Marciniszyn <mike.marciniszyn@intel.com>
Mikulas Patocka <mpatocka@redhat.com>
Mintz, Yuval <Yuval.Mintz@cavium.com>
Mustafa Ismail <mustafa.ismail@intel.com>
Mustafa Ismail <mustafa.ismail@intelcom>
Neal Cardwell <ncardwell@google.com>
NeilBrown <neilb@suse.com>
Nicolas Dichtel <nicolas.dichtel@6wind.com>
Nicolas Pitre <nico@linaro.org>
Niklas Cassel <niklas.cassel@axis.com>
Nikolay Aleksandrov <nikolay@cumulusnetworks.com>
Nilesh Javali <nilesh.javali@cavium.com>
Olga Kornievskaia <kolga@netapp.com>
Or Gerlitz <ogerlitz@mellanox.com>
Pablo Neira Ayuso <pablo@netfilter.org>
Paolo Abeni <pabeni@redhat.com>
Paul Moore <paul@paul-moore.com>
Pavel Tatashin <pasha.tatashin@oracle.com>
Peter Dawson <peter.a.dawson@boeing.com>
Potnuri Bharat Teja <bharat@chelsio.com>
Pravin B Shelar <pshelar@ovn.org>
Qing Huang <qing.huang@oracle.com>
Raju Rangoju <rajur@chelsio.com>
Ram Amrani <Ram.Amrani@cavium.com>
Randy Dunlap <rdunlap@infradead.org>
Richard Haines <richard_c_haines@btinternet.com>
Richard Narron <comet.berkeley@gmail.com>
Roi Dayan <roid@mellanox.com>
Roopa Prabhu <roopa@cumulusnetworks.com>
Russell King <rmk+kernel@armlinux.org.uk>
Saeed Mahameed <saeedm@mellanox.com>
Sean Young <sean@mess.org>
Sergei Shtylyov <sergei.shtylyov@cogentembedded.com>
Shahar S Matityahu <shahar.s.matityahu@intel.com>
Shiraz Saleem <shiraz.saleem@intel.com>
Soheil Hassas Yeganeh <soheil@google.com>
Steve Wise <swise@opengridcomputing.com>
Steven L Roberts <robers97@gmail.com>
Steven L. Roberts <robers97@gmail.com>
Sudeep Holla <sudeep.holla@arm.com>
Sui Chen <suichen6@gmail.com>
Tadeusz Struk <tadeusz.struk@intel.com>
Talat Batheesh <talatb@mellanox.com>
Tariq Toukan <tariqt@mellanox.com>
Tatyana Nikolova <tatyana.e.nikolova@intel.com>
Tejun Heo <tj@kernel.org>
Thomas Falcon <tlfalcon@linux.vnet.ibm.com>
Thomas Petazzoni <thomas.petazzoni@free-electrons.com>
Thor Thayer <thor.thayer@linux.intel.com>
Timur Tabi <timur@codeaurora.org>
Tom Lendacky <thomas.lendacky@amd.com>
Trond Myklebust <trond.myklebust@primarydata.com>
Varun Prakash <varun@chelsio.com>
Vegard Nossum <vegard.nossum@oracle.com>
Vladimir Murzin <vladimir.murzin@arm.com>
Waiman Long <longman@redhat.com>
Willem de Bruijn <willemb@google.com>
Wolfgang Bumiller <w.bumiller@proxmox.com>
Yuchung Cheng <ycheng@google.com>
Yuval Mintz <Yuval.Mintz@cavium.com>
jobs:
build-amd64-xsm pass
build-arm64-xsm pass
build-armhf-xsm pass
build-i386-xsm pass
build-amd64 pass
build-arm64 pass
build-armhf pass
build-i386 pass
build-amd64-libvirt pass
build-arm64-libvirt pass
build-armhf-libvirt pass
build-i386-libvirt pass
build-amd64-pvops pass
build-arm64-pvops pass
build-armhf-pvops pass
build-i386-pvops pass
build-amd64-rumprun pass
build-i386-rumprun pass
test-amd64-amd64-xl pass
test-arm64-arm64-xl pass
test-armhf-armhf-xl pass
test-amd64-i386-xl pass
test-amd64-amd64-xl-qemut-debianhvm-amd64-xsm pass
test-amd64-i386-xl-qemut-debianhvm-amd64-xsm fail
test-amd64-amd64-libvirt-qemuu-debianhvm-amd64-xsm pass
test-amd64-i386-libvirt-qemuu-debianhvm-amd64-xsm pass
test-amd64-amd64-xl-qemuu-debianhvm-amd64-xsm pass
test-amd64-i386-xl-qemuu-debianhvm-amd64-xsm pass
test-amd64-amd64-xl-qemut-stubdom-debianhvm-amd64-xsm pass
test-amd64-i386-xl-qemut-stubdom-debianhvm-amd64-xsm pass
test-amd64-amd64-libvirt-xsm pass
test-arm64-arm64-libvirt-xsm pass
test-armhf-armhf-libvirt-xsm pass
test-amd64-i386-libvirt-xsm pass
test-amd64-amd64-xl-xsm pass
test-arm64-arm64-xl-xsm pass
test-armhf-armhf-xl-xsm pass
test-amd64-i386-xl-xsm pass
test-amd64-amd64-qemuu-nested-amd fail
test-amd64-amd64-xl-pvh-amd pass
test-amd64-i386-qemut-rhel6hvm-amd fail
test-amd64-i386-qemuu-rhel6hvm-amd pass
test-amd64-amd64-xl-qemut-debianhvm-amd64 pass
test-amd64-i386-xl-qemut-debianhvm-amd64 pass
test-amd64-amd64-xl-qemuu-debianhvm-amd64 pass
test-amd64-i386-xl-qemuu-debianhvm-amd64 fail
test-amd64-i386-freebsd10-amd64 pass
test-amd64-amd64-xl-qemuu-ovmf-amd64 pass
test-amd64-i386-xl-qemuu-ovmf-amd64 pass
test-amd64-amd64-rumprun-amd64 pass
test-amd64-amd64-xl-qemut-win7-amd64 fail
test-amd64-i386-xl-qemut-win7-amd64 fail
test-amd64-amd64-xl-qemuu-win7-amd64 fail
test-amd64-i386-xl-qemuu-win7-amd64 fail
test-amd64-amd64-xl-qemut-ws16-amd64 fail
test-amd64-i386-xl-qemut-ws16-amd64 fail
test-amd64-amd64-xl-qemuu-ws16-amd64 fail
test-amd64-i386-xl-qemuu-ws16-amd64 fail
test-armhf-armhf-xl-arndale pass
test-amd64-amd64-xl-credit2 pass
test-arm64-arm64-xl-credit2 pass
test-armhf-armhf-xl-credit2 pass
test-armhf-armhf-xl-cubietruck pass
test-amd64-amd64-examine pass
test-arm64-arm64-examine pass
test-armhf-armhf-examine pass
test-amd64-i386-examine pass
test-amd64-i386-freebsd10-i386 fail
test-amd64-i386-rumprun-i386 pass
test-amd64-amd64-xl-qemut-win10-i386 fail
test-amd64-i386-xl-qemut-win10-i386 fail
test-amd64-amd64-xl-qemuu-win10-i386 fail
test-amd64-i386-xl-qemuu-win10-i386 fail
test-amd64-amd64-qemuu-nested-intel pass
test-amd64-amd64-xl-pvh-intel pass
test-amd64-i386-qemut-rhel6hvm-intel pass
test-amd64-i386-qemuu-rhel6hvm-intel pass
test-amd64-amd64-libvirt pass
test-armhf-armhf-libvirt pass
test-amd64-i386-libvirt pass
test-amd64-amd64-xl-multivcpu pass
test-armhf-armhf-xl-multivcpu pass
test-amd64-amd64-pair pass
test-amd64-i386-pair pass
test-amd64-amd64-libvirt-pair pass
test-amd64-i386-libvirt-pair pass
test-amd64-amd64-amd64-pvgrub pass
test-amd64-amd64-i386-pvgrub pass
test-amd64-amd64-pygrub pass
test-amd64-amd64-xl-qcow2 pass
test-armhf-armhf-libvirt-raw pass
test-amd64-i386-xl-raw pass
test-amd64-amd64-xl-rtds fail
test-armhf-armhf-xl-rtds fail
test-amd64-amd64-libvirt-vhd fail
test-armhf-armhf-xl-vhd pass
------------------------------------------------------------
sg-report-flight on osstest.test-lab.xenproject.org
logs: /home/logs/logs
images: /home/logs/images
Logs, config files, etc. are available at
http://logs.test-lab.xenproject.org/osstest/logs
Explanation of these reports, and of osstest in general, is at
http://xenbits.xen.org/gitweb/?p=osstest.git;a=blob;f=README.email;hb=master
http://xenbits.xen.org/gitweb/?p=osstest.git;a=blob;f=README;hb=master
Test harness code can be found at
http://xenbits.xen.org/gitweb?p=osstest.git;a=summary
Not pushing.
(No revision log; it would be 3760 lines long.)
[-- Attachment #2: Type: text/plain, Size: 127 bytes --]
_______________________________________________
Xen-devel mailing list
Xen-devel@lists.xen.org
https://lists.xen.org/xen-devel
reply other threads:[~2017-06-07 17:21 UTC|newest]
Thread overview: [no followups] expand[flat|nested] mbox.gz Atom feed
Reply instructions:
You may reply publicly to this message via plain-text email
using any one of the following methods:
* Save the following mbox file, import it into your mail client,
and reply-to-all from there: mbox
Avoid top-posting and favor interleaved quoting:
https://en.wikipedia.org/wiki/Posting_style#Interleaved_style
* Reply using the --to, --cc, and --in-reply-to
switches of git-send-email(1):
git send-email \
--in-reply-to=osstest-110060-mainreport@xen.org \
--to=osstest-admin@xenproject.org \
--cc=xen-devel@lists.xensource.com \
/path/to/YOUR_REPLY
https://kernel.org/pub/software/scm/git/docs/git-send-email.html
* If your mail client supports setting the In-Reply-To header
via mailto: links, try the mailto: link
Be sure your reply has a Subject: header at the top and a blank line
before the message body.
This is a public inbox, see mirroring instructions
for how to clone and mirror all data and code used for this inbox;
as well as URLs for NNTP newsgroup(s).