* [Xen-devel] [xen-4.6-testing test] 137719: regressions - FAIL
@ 2019-06-15 12:30 osstest service owner
0 siblings, 0 replies; only message in thread
From: osstest service owner @ 2019-06-15 12:30 UTC (permalink / raw)
To: xen-devel, osstest-admin
flight 137719 xen-4.6-testing real [real]
http://logs.test-lab.xenproject.org/osstest/logs/137719/
Regressions :-(
Tests which did not succeed and are blocking,
including tests which could not be run:
test-amd64-amd64-migrupgrade 22 guest-migrate/src_host/dst_host fail REGR. vs. 127792
test-amd64-i386-freebsd10-i386 11 guest-start fail REGR. vs. 127792
test-amd64-i386-freebsd10-amd64 11 guest-start fail REGR. vs. 127792
test-amd64-i386-migrupgrade 22 guest-migrate/src_host/dst_host fail REGR. vs. 127792
test-amd64-amd64-xl-qemuu-debianhvm-amd64-shadow 10 debian-hvm-install fail REGR. vs. 127792
test-amd64-amd64-xl-qemut-debianhvm-amd64 10 debian-hvm-install fail REGR. vs. 127792
test-amd64-amd64-xl-qemuu-debianhvm-amd64 10 debian-hvm-install fail REGR. vs. 127792
test-amd64-i386-xl-qemuu-debianhvm-amd64 10 debian-hvm-install fail REGR. vs. 127792
test-amd64-i386-xl-qemut-stubdom-debianhvm-amd64-xsm 10 debian-hvm-install fail REGR. vs. 127792
test-amd64-amd64-libvirt-qemuu-debianhvm-amd64-xsm 10 debian-hvm-install fail REGR. vs. 127792
test-amd64-amd64-xl-qemut-stubdom-debianhvm-amd64-xsm 10 debian-hvm-install fail REGR. vs. 127792
test-amd64-i386-qemuu-rhel6hvm-intel 10 redhat-install fail REGR. vs. 127792
test-amd64-amd64-qemuu-nested-intel 10 debian-hvm-install fail REGR. vs. 127792
test-amd64-amd64-qemuu-nested-amd 10 debian-hvm-install fail REGR. vs. 127792
test-amd64-i386-xl-qemuu-debianhvm-amd64-shadow 10 debian-hvm-install fail REGR. vs. 127792
test-amd64-i386-libvirt-qemuu-debianhvm-amd64-xsm 10 debian-hvm-install fail REGR. vs. 127792
test-amd64-i386-xl-qemuu-ovmf-amd64 10 debian-hvm-install fail REGR. vs. 127792
test-amd64-i386-qemut-rhel6hvm-amd 10 redhat-install fail REGR. vs. 127792
test-amd64-amd64-xl-qemuu-ovmf-amd64 10 debian-hvm-install fail REGR. vs. 127792
test-amd64-i386-qemuu-rhel6hvm-amd 10 redhat-install fail REGR. vs. 127792
test-amd64-i386-xl-qemut-debianhvm-amd64 10 debian-hvm-install fail REGR. vs. 127792
test-amd64-i386-qemut-rhel6hvm-intel 10 redhat-install fail REGR. vs. 127792
test-amd64-i386-xl-qemuu-win7-amd64 10 windows-install fail REGR. vs. 127792
test-amd64-amd64-xl-qemut-win7-amd64 10 windows-install fail REGR. vs. 127792
test-amd64-i386-xl-qemuu-ws16-amd64 10 windows-install fail REGR. vs. 127792
test-amd64-amd64-xl-qemuu-win7-amd64 10 windows-install fail REGR. vs. 127792
test-amd64-amd64-xl-qemut-ws16-amd64 10 windows-install fail REGR. vs. 127792
test-amd64-i386-xl-qemut-win7-amd64 10 windows-install fail REGR. vs. 127792
test-amd64-amd64-xl-qemuu-ws16-amd64 10 windows-install fail REGR. vs. 127792
test-amd64-i386-xl-qemut-ws16-amd64 10 windows-install fail REGR. vs. 127792
Tests which are failing intermittently (not blocking):
test-armhf-armhf-xl-credit2 16 guest-start/debian.repeat fail in 137654 pass in 137719
test-xtf-amd64-amd64-5 108 leak-check/check fail pass in 137234
test-xtf-amd64-amd64-3 108 leak-check/check fail pass in 137234
test-xtf-amd64-amd64-4 108 leak-check/check fail pass in 137433
test-xtf-amd64-amd64-1 108 leak-check/check fail pass in 137525
test-xtf-amd64-amd64-2 108 leak-check/check fail pass in 137654
Tests which did not succeed, but are not blocking:
test-xtf-amd64-amd64-3 70 xtf/test-hvm64-xsa-278 fail blocked in 127792
test-xtf-amd64-amd64-1 70 xtf/test-hvm64-xsa-278 fail blocked in 127792
test-xtf-amd64-amd64-5 70 xtf/test-hvm64-xsa-278 fail blocked in 127792
test-xtf-amd64-amd64-2 70 xtf/test-hvm64-xsa-278 fail blocked in 127792
test-xtf-amd64-amd64-4 70 xtf/test-hvm64-xsa-278 fail blocked in 127792
test-xtf-amd64-amd64-1 107 xtf/test-pv64-xsa-279 fail blocked in 127792
test-xtf-amd64-amd64-2 107 xtf/test-pv64-xsa-279 fail blocked in 127792
test-xtf-amd64-amd64-5 107 xtf/test-pv64-xsa-279 fail blocked in 127792
test-xtf-amd64-amd64-4 107 xtf/test-pv64-xsa-279 fail blocked in 127792
test-xtf-amd64-amd64-3 107 xtf/test-pv64-xsa-279 fail blocked in 127792
test-armhf-armhf-xl-rtds 17 guest-start.2 fail blocked in 127792
test-armhf-armhf-xl-rtds 16 guest-start/debian.repeat fail in 137654 like 127792
test-xtf-amd64-amd64-1 50 xtf/test-hvm64-lbr-tsx-vmentry fail like 127746
test-xtf-amd64-amd64-5 50 xtf/test-hvm64-lbr-tsx-vmentry fail like 127746
test-xtf-amd64-amd64-4 50 xtf/test-hvm64-lbr-tsx-vmentry fail like 127746
test-xtf-amd64-amd64-3 50 xtf/test-hvm64-lbr-tsx-vmentry fail like 127792
test-xtf-amd64-amd64-2 50 xtf/test-hvm64-lbr-tsx-vmentry fail like 127792
test-armhf-armhf-libvirt 14 saverestore-support-check fail like 127792
test-armhf-armhf-libvirt-raw 13 saverestore-support-check fail like 127792
test-xtf-amd64-amd64-3 37 xtf/test-hvm32pae-memop-seg fail never pass
test-xtf-amd64-amd64-3 52 xtf/test-hvm64-memop-seg fail never pass
test-xtf-amd64-amd64-3 80 xtf/test-pv32pae-xsa-194 fail never pass
test-xtf-amd64-amd64-1 37 xtf/test-hvm32pae-memop-seg fail never pass
test-xtf-amd64-amd64-3 87 xtf/test-pv64-pv-fsgsbase fail never pass
test-xtf-amd64-amd64-5 37 xtf/test-hvm32pae-memop-seg fail never pass
test-xtf-amd64-amd64-1 52 xtf/test-hvm64-memop-seg fail never pass
test-xtf-amd64-amd64-2 37 xtf/test-hvm32pae-memop-seg fail never pass
test-xtf-amd64-amd64-5 52 xtf/test-hvm64-memop-seg fail never pass
test-xtf-amd64-amd64-4 37 xtf/test-hvm32pae-memop-seg fail never pass
test-xtf-amd64-amd64-2 52 xtf/test-hvm64-memop-seg fail never pass
test-xtf-amd64-amd64-1 80 xtf/test-pv32pae-xsa-194 fail never pass
test-xtf-amd64-amd64-1 87 xtf/test-pv64-pv-fsgsbase fail never pass
test-xtf-amd64-amd64-4 52 xtf/test-hvm64-memop-seg fail never pass
test-xtf-amd64-amd64-5 80 xtf/test-pv32pae-xsa-194 fail never pass
test-xtf-amd64-amd64-5 87 xtf/test-pv64-pv-fsgsbase fail never pass
test-xtf-amd64-amd64-2 80 xtf/test-pv32pae-xsa-194 fail never pass
test-xtf-amd64-amd64-2 87 xtf/test-pv64-pv-fsgsbase fail never pass
test-xtf-amd64-amd64-4 80 xtf/test-pv32pae-xsa-194 fail never pass
test-xtf-amd64-amd64-4 87 xtf/test-pv64-pv-fsgsbase fail never pass
test-amd64-i386-libvirt 13 migrate-support-check fail never pass
test-amd64-amd64-libvirt 13 migrate-support-check fail never pass
test-amd64-amd64-libvirt-xsm 13 migrate-support-check fail never pass
test-amd64-i386-libvirt-xsm 13 migrate-support-check fail never pass
test-amd64-amd64-libvirt-vhd 12 migrate-support-check fail never pass
test-armhf-armhf-xl-arndale 13 migrate-support-check fail never pass
test-armhf-armhf-xl-arndale 14 saverestore-support-check fail never pass
test-armhf-armhf-xl 13 migrate-support-check fail never pass
test-armhf-armhf-xl 14 saverestore-support-check fail never pass
test-armhf-armhf-xl-credit1 13 migrate-support-check fail never pass
test-armhf-armhf-xl-credit1 14 saverestore-support-check fail never pass
test-armhf-armhf-xl-multivcpu 13 migrate-support-check fail never pass
test-armhf-armhf-xl-multivcpu 14 saverestore-support-check fail never pass
test-armhf-armhf-xl-credit2 13 migrate-support-check fail never pass
test-armhf-armhf-xl-credit2 14 saverestore-support-check fail never pass
test-armhf-armhf-xl-cubietruck 13 migrate-support-check fail never pass
test-armhf-armhf-xl-cubietruck 14 saverestore-support-check fail never pass
test-armhf-armhf-libvirt 13 migrate-support-check fail never pass
test-amd64-amd64-xl-qemut-debianhvm-i386-xsm 10 debian-hvm-install fail never pass
test-amd64-amd64-xl-qemuu-debianhvm-i386-xsm 10 debian-hvm-install fail never pass
test-armhf-armhf-libvirt-raw 12 migrate-support-check fail never pass
test-amd64-i386-xl-qemuu-debianhvm-i386-xsm 10 debian-hvm-install fail never pass
test-amd64-i386-xl-qemut-debianhvm-i386-xsm 10 debian-hvm-install fail never pass
test-armhf-armhf-xl-vhd 12 migrate-support-check fail never pass
test-armhf-armhf-xl-vhd 13 saverestore-support-check fail never pass
test-armhf-armhf-xl-rtds 13 migrate-support-check fail never pass
test-armhf-armhf-xl-rtds 14 saverestore-support-check fail never pass
test-amd64-i386-xl-qemut-win10-i386 10 windows-install fail never pass
test-amd64-amd64-xl-qemut-win10-i386 10 windows-install fail never pass
test-amd64-amd64-xl-qemuu-win10-i386 10 windows-install fail never pass
test-amd64-i386-xl-qemuu-win10-i386 10 windows-install fail never pass
version targeted for testing:
xen 6ebcc5b28d5f80e3b04c96d691577833fdae215a
baseline version:
xen 3636de3f1a9a513ebdcd77555dce0e4d451e198b
Last test of basis 127792 2018-09-19 03:50:41 Z 269 days
Failing since 135433 2019-04-29 15:36:10 Z 46 days 25 attempts
Testing same since 137101 2019-05-31 01:01:27 Z 15 days 8 attempts
------------------------------------------------------------
People who touched revisions under test:
Andrew Cooper <andrew.cooper3@citrix.com>
Chris Patterson <pattersonc@ainfosec.com>
Cédric Bosdonnat <cbosdonnat@suse.com>
Daniel De Graaf <dgdegra@tycho.nsa.gov>
Ian Campbell <ian.campbell@citrix.com>
Ian Jackson <ian.jackson@eu.citrix.com>
Jan Beulich <jbeulich@suse.com>
Juergen Gross <jgross@suse.com>
Quan Xu <xuquan8@huawei.com>
Samuel Thibault <samuel.thibault@ens-lyon.org>
Wei Liu <wei.liu2@citrix.com>
jobs:
build-amd64-xsm pass
build-i386-xsm pass
build-amd64-xtf pass
build-amd64 pass
build-armhf pass
build-i386 pass
build-amd64-libvirt pass
build-armhf-libvirt pass
build-i386-libvirt pass
build-amd64-prev pass
build-i386-prev pass
build-amd64-pvops pass
build-armhf-pvops pass
build-i386-pvops pass
test-xtf-amd64-amd64-1 fail
test-xtf-amd64-amd64-2 fail
test-xtf-amd64-amd64-3 fail
test-xtf-amd64-amd64-4 fail
test-xtf-amd64-amd64-5 fail
test-amd64-amd64-xl pass
test-armhf-armhf-xl pass
test-amd64-i386-xl pass
test-amd64-amd64-libvirt-qemuu-debianhvm-amd64-xsm fail
test-amd64-i386-libvirt-qemuu-debianhvm-amd64-xsm fail
test-amd64-amd64-xl-qemut-stubdom-debianhvm-amd64-xsm fail
test-amd64-i386-xl-qemut-stubdom-debianhvm-amd64-xsm fail
test-amd64-amd64-xl-qemut-debianhvm-i386-xsm fail
test-amd64-i386-xl-qemut-debianhvm-i386-xsm fail
test-amd64-amd64-xl-qemuu-debianhvm-i386-xsm fail
test-amd64-i386-xl-qemuu-debianhvm-i386-xsm fail
test-amd64-amd64-libvirt-xsm pass
test-amd64-i386-libvirt-xsm pass
test-amd64-amd64-xl-xsm pass
test-amd64-i386-xl-xsm pass
test-amd64-amd64-qemuu-nested-amd fail
test-amd64-i386-qemut-rhel6hvm-amd fail
test-amd64-i386-qemuu-rhel6hvm-amd fail
test-amd64-amd64-xl-qemut-debianhvm-amd64 fail
test-amd64-i386-xl-qemut-debianhvm-amd64 fail
test-amd64-amd64-xl-qemuu-debianhvm-amd64 fail
test-amd64-i386-xl-qemuu-debianhvm-amd64 fail
test-amd64-i386-freebsd10-amd64 fail
test-amd64-amd64-xl-qemuu-ovmf-amd64 fail
test-amd64-i386-xl-qemuu-ovmf-amd64 fail
test-amd64-amd64-xl-qemut-win7-amd64 fail
test-amd64-i386-xl-qemut-win7-amd64 fail
test-amd64-amd64-xl-qemuu-win7-amd64 fail
test-amd64-i386-xl-qemuu-win7-amd64 fail
test-amd64-amd64-xl-qemut-ws16-amd64 fail
test-amd64-i386-xl-qemut-ws16-amd64 fail
test-amd64-amd64-xl-qemuu-ws16-amd64 fail
test-amd64-i386-xl-qemuu-ws16-amd64 fail
test-armhf-armhf-xl-arndale pass
test-amd64-amd64-xl-credit1 pass
test-armhf-armhf-xl-credit1 pass
test-amd64-amd64-xl-credit2 pass
test-armhf-armhf-xl-credit2 pass
test-armhf-armhf-xl-cubietruck pass
test-amd64-i386-freebsd10-i386 fail
test-amd64-amd64-xl-qemut-win10-i386 fail
test-amd64-i386-xl-qemut-win10-i386 fail
test-amd64-amd64-xl-qemuu-win10-i386 fail
test-amd64-i386-xl-qemuu-win10-i386 fail
test-amd64-amd64-qemuu-nested-intel fail
test-amd64-i386-qemut-rhel6hvm-intel fail
test-amd64-i386-qemuu-rhel6hvm-intel fail
test-amd64-amd64-libvirt pass
test-armhf-armhf-libvirt pass
test-amd64-i386-libvirt pass
test-amd64-amd64-migrupgrade fail
test-amd64-i386-migrupgrade fail
test-amd64-amd64-xl-multivcpu pass
test-armhf-armhf-xl-multivcpu pass
test-amd64-amd64-pair pass
test-amd64-i386-pair pass
test-amd64-amd64-libvirt-pair pass
test-amd64-i386-libvirt-pair pass
test-amd64-amd64-amd64-pvgrub pass
test-amd64-amd64-i386-pvgrub pass
test-amd64-amd64-pygrub pass
test-amd64-amd64-xl-qcow2 pass
test-armhf-armhf-libvirt-raw pass
test-amd64-i386-xl-raw pass
test-amd64-amd64-xl-rtds pass
test-armhf-armhf-xl-rtds fail
test-amd64-amd64-xl-qemuu-debianhvm-amd64-shadow fail
test-amd64-i386-xl-qemuu-debianhvm-amd64-shadow fail
test-amd64-amd64-xl-shadow pass
test-amd64-i386-xl-shadow pass
test-amd64-amd64-libvirt-vhd pass
test-armhf-armhf-xl-vhd pass
------------------------------------------------------------
sg-report-flight on osstest.test-lab.xenproject.org
logs: /home/logs/logs
images: /home/logs/images
Logs, config files, etc. are available at
http://logs.test-lab.xenproject.org/osstest/logs
Explanation of these reports, and of osstest in general, is at
http://xenbits.xen.org/gitweb/?p=osstest.git;a=blob;f=README.email;hb=master
http://xenbits.xen.org/gitweb/?p=osstest.git;a=blob;f=README;hb=master
Test harness code can be found at
http://xenbits.xen.org/gitweb?p=osstest.git;a=summary
Not pushing.
(No revision log; it would be 392 lines long.)
_______________________________________________
Xen-devel mailing list
Xen-devel@lists.xenproject.org
https://lists.xenproject.org/mailman/listinfo/xen-devel
^ permalink raw reply [flat|nested] only message in thread
only message in thread, other threads:[~2019-06-15 12:31 UTC | newest]
Thread overview: (only message) (download: mbox.gz / follow: Atom feed)
-- links below jump to the message on this page --
2019-06-15 12:30 [Xen-devel] [xen-4.6-testing test] 137719: regressions - FAIL osstest service owner
This is a public inbox, see mirroring instructions
for how to clone and mirror all data and code used for this inbox;
as well as URLs for NNTP newsgroup(s).