Xen-Devel Archive on lore.kernel.org
 help / color / Atom feed
* [Xen-devel] [xen-4.10-testing test] 137727: regressions - FAIL
@ 2019-06-16  8:55 osstest service owner
  0 siblings, 0 replies; only message in thread
From: osstest service owner @ 2019-06-16  8:55 UTC (permalink / raw)
  To: xen-devel, osstest-admin

flight 137727 xen-4.10-testing real [real]
http://logs.test-lab.xenproject.org/osstest/logs/137727/

Regressions :-(

Tests which did not succeed and are blocking,
including tests which could not be run:
 test-amd64-amd64-xl-qemut-stubdom-debianhvm-amd64-xsm 10 debian-hvm-install fail REGR. vs. 137381
 test-amd64-i386-xl-qemut-stubdom-debianhvm-amd64-xsm 10 debian-hvm-install fail REGR. vs. 137381
 test-armhf-armhf-xl-arndale  10 debian-install           fail REGR. vs. 137381
 test-armhf-armhf-libvirt     10 debian-install           fail REGR. vs. 137381
 test-armhf-armhf-xl-credit1  10 debian-install           fail REGR. vs. 137381
 test-armhf-armhf-xl          10 debian-install           fail REGR. vs. 137381
 test-armhf-armhf-xl-multivcpu 10 debian-install          fail REGR. vs. 137381
 test-armhf-armhf-xl-cubietruck 10 debian-install         fail REGR. vs. 137381
 test-armhf-armhf-xl-credit2  10 debian-install           fail REGR. vs. 137381
 test-armhf-armhf-libvirt-raw 10 debian-di-install        fail REGR. vs. 137381
 test-armhf-armhf-xl-vhd      10 debian-di-install        fail REGR. vs. 137381

Regressions which are regarded as allowable (not blocking):
 test-armhf-armhf-xl-rtds     10 debian-install           fail REGR. vs. 137381

Tests which did not succeed, but are not blocking:
 test-amd64-i386-xl-qemut-ws16-amd64 17 guest-stop             fail like 137381
 test-amd64-amd64-xl-qemuu-dmrestrict-amd64-dmrestrict 10 debian-hvm-install fail never pass
 test-amd64-i386-xl-qemuu-dmrestrict-amd64-dmrestrict 10 debian-hvm-install fail never pass
 test-amd64-amd64-libvirt-xsm 13 migrate-support-check        fail   never pass
 test-amd64-amd64-libvirt     13 migrate-support-check        fail   never pass
 test-arm64-arm64-xl-credit1  13 migrate-support-check        fail   never pass
 test-arm64-arm64-xl-credit1  14 saverestore-support-check    fail   never pass
 test-amd64-i386-libvirt      13 migrate-support-check        fail   never pass
 test-arm64-arm64-xl-credit2  13 migrate-support-check        fail   never pass
 test-arm64-arm64-xl-credit2  14 saverestore-support-check    fail   never pass
 test-arm64-arm64-xl-xsm      13 migrate-support-check        fail   never pass
 test-arm64-arm64-xl-xsm      14 saverestore-support-check    fail   never pass
 test-arm64-arm64-libvirt-xsm 13 migrate-support-check        fail   never pass
 test-arm64-arm64-libvirt-xsm 14 saverestore-support-check    fail   never pass
 test-arm64-arm64-xl          13 migrate-support-check        fail   never pass
 test-arm64-arm64-xl          14 saverestore-support-check    fail   never pass
 test-amd64-amd64-libvirt-qemuu-debianhvm-amd64-xsm 11 migrate-support-check fail never pass
 test-amd64-i386-libvirt-xsm  13 migrate-support-check        fail   never pass
 test-amd64-amd64-libvirt-vhd 12 migrate-support-check        fail   never pass
 test-amd64-i386-libvirt-qemuu-debianhvm-amd64-xsm 11 migrate-support-check fail never pass
 test-amd64-amd64-xl-qemuu-win7-amd64 17 guest-stop             fail never pass
 test-amd64-i386-xl-qemut-win7-amd64 17 guest-stop              fail never pass
 test-amd64-amd64-qemuu-nested-amd 22 leak-check/check          fail never pass
 test-amd64-i386-xl-qemuu-win7-amd64 17 guest-stop              fail never pass
 test-amd64-amd64-xl-qemut-win7-amd64 17 guest-stop             fail never pass
 test-amd64-amd64-xl-qemut-ws16-amd64 17 guest-stop             fail never pass
 test-amd64-amd64-xl-qemuu-ws16-amd64 17 guest-stop             fail never pass
 test-amd64-i386-xl-qemuu-ws16-amd64 17 guest-stop              fail never pass
 test-amd64-i386-xl-qemut-win10-i386 10 windows-install         fail never pass
 test-amd64-amd64-xl-qemut-win10-i386 10 windows-install        fail never pass
 test-amd64-amd64-xl-qemuu-win10-i386 10 windows-install        fail never pass
 test-amd64-i386-xl-qemuu-win10-i386 10 windows-install         fail never pass

version targeted for testing:
 xen                  6197b859ec77e4950e5ae0202002d6d4dbef143b
baseline version:
 xen                  adf037bba1e6af47fef8584c1ad41f424ebda01e

Last test of basis   137381  2019-06-06 10:03:08 Z    9 days
Testing same since   137727  2019-06-14 14:05:32 Z    1 days    1 attempts

------------------------------------------------------------
People who touched revisions under test:
  Andrew Cooper <andrew.cooper3@citrix.com>
  Daniel De Graaf <dgdegra@tycho.nsa.gov>
  Jan Beulich <jbeulich@suse.com>
  Julien Grall <julien.grall@arm.com>
  Stefano Stabellini <sstabellini@kernel.org>
  Stefano Stabellini <stefanos@xilinx.com>
  Xin Li <talons.lee@gmail.com>
  Xin Li <xin.li@citrix.com>

jobs:
 build-amd64-xsm                                              pass    
 build-arm64-xsm                                              pass    
 build-i386-xsm                                               pass    
 build-amd64-xtf                                              pass    
 build-amd64                                                  pass    
 build-arm64                                                  pass    
 build-armhf                                                  pass    
 build-i386                                                   pass    
 build-amd64-libvirt                                          pass    
 build-arm64-libvirt                                          pass    
 build-armhf-libvirt                                          pass    
 build-i386-libvirt                                           pass    
 build-amd64-prev                                             pass    
 build-i386-prev                                              pass    
 build-amd64-pvops                                            pass    
 build-arm64-pvops                                            pass    
 build-armhf-pvops                                            pass    
 build-i386-pvops                                             pass    
 test-xtf-amd64-amd64-1                                       pass    
 test-xtf-amd64-amd64-2                                       pass    
 test-xtf-amd64-amd64-3                                       pass    
 test-xtf-amd64-amd64-4                                       pass    
 test-xtf-amd64-amd64-5                                       pass    
 test-amd64-amd64-xl                                          pass    
 test-arm64-arm64-xl                                          pass    
 test-armhf-armhf-xl                                          fail    
 test-amd64-i386-xl                                           pass    
 test-amd64-amd64-libvirt-qemuu-debianhvm-amd64-xsm           pass    
 test-amd64-i386-libvirt-qemuu-debianhvm-amd64-xsm            pass    
 test-amd64-amd64-xl-qemut-stubdom-debianhvm-amd64-xsm        fail    
 test-amd64-i386-xl-qemut-stubdom-debianhvm-amd64-xsm         fail    
 test-amd64-amd64-xl-qemut-debianhvm-i386-xsm                 pass    
 test-amd64-i386-xl-qemut-debianhvm-i386-xsm                  pass    
 test-amd64-amd64-xl-qemuu-debianhvm-i386-xsm                 pass    
 test-amd64-i386-xl-qemuu-debianhvm-i386-xsm                  pass    
 test-amd64-amd64-libvirt-xsm                                 pass    
 test-arm64-arm64-libvirt-xsm                                 pass    
 test-amd64-i386-libvirt-xsm                                  pass    
 test-amd64-amd64-xl-xsm                                      pass    
 test-arm64-arm64-xl-xsm                                      pass    
 test-amd64-i386-xl-xsm                                       pass    
 test-amd64-amd64-qemuu-nested-amd                            fail    
 test-amd64-amd64-xl-pvhv2-amd                                pass    
 test-amd64-i386-qemut-rhel6hvm-amd                           pass    
 test-amd64-i386-qemuu-rhel6hvm-amd                           pass    
 test-amd64-amd64-xl-qemut-debianhvm-amd64                    pass    
 test-amd64-i386-xl-qemut-debianhvm-amd64                     pass    
 test-amd64-amd64-xl-qemuu-debianhvm-amd64                    pass    
 test-amd64-i386-xl-qemuu-debianhvm-amd64                     pass    
 test-amd64-i386-freebsd10-amd64                              pass    
 test-amd64-amd64-xl-qemuu-ovmf-amd64                         pass    
 test-amd64-i386-xl-qemuu-ovmf-amd64                          pass    
 test-amd64-amd64-xl-qemut-win7-amd64                         fail    
 test-amd64-i386-xl-qemut-win7-amd64                          fail    
 test-amd64-amd64-xl-qemuu-win7-amd64                         fail    
 test-amd64-i386-xl-qemuu-win7-amd64                          fail    
 test-amd64-amd64-xl-qemut-ws16-amd64                         fail    
 test-amd64-i386-xl-qemut-ws16-amd64                          fail    
 test-amd64-amd64-xl-qemuu-ws16-amd64                         fail    
 test-amd64-i386-xl-qemuu-ws16-amd64                          fail    
 test-armhf-armhf-xl-arndale                                  fail    
 test-amd64-amd64-xl-credit1                                  pass    
 test-arm64-arm64-xl-credit1                                  pass    
 test-armhf-armhf-xl-credit1                                  fail    
 test-amd64-amd64-xl-credit2                                  pass    
 test-arm64-arm64-xl-credit2                                  pass    
 test-armhf-armhf-xl-credit2                                  fail    
 test-armhf-armhf-xl-cubietruck                               fail    
 test-amd64-amd64-xl-qemuu-dmrestrict-amd64-dmrestrict        fail    
 test-amd64-i386-xl-qemuu-dmrestrict-amd64-dmrestrict         fail    
 test-amd64-i386-freebsd10-i386                               pass    
 test-amd64-amd64-xl-qemut-win10-i386                         fail    
 test-amd64-i386-xl-qemut-win10-i386                          fail    
 test-amd64-amd64-xl-qemuu-win10-i386                         fail    
 test-amd64-i386-xl-qemuu-win10-i386                          fail    
 test-amd64-amd64-qemuu-nested-intel                          pass    
 test-amd64-amd64-xl-pvhv2-intel                              pass    
 test-amd64-i386-qemut-rhel6hvm-intel                         pass    
 test-amd64-i386-qemuu-rhel6hvm-intel                         pass    
 test-amd64-amd64-libvirt                                     pass    
 test-armhf-armhf-libvirt                                     fail    
 test-amd64-i386-libvirt                                      pass    
 test-amd64-amd64-livepatch                                   pass    
 test-amd64-i386-livepatch                                    pass    
 test-amd64-amd64-migrupgrade                                 pass    
 test-amd64-i386-migrupgrade                                  pass    
 test-amd64-amd64-xl-multivcpu                                pass    
 test-armhf-armhf-xl-multivcpu                                fail    
 test-amd64-amd64-pair                                        pass    
 test-amd64-i386-pair                                         pass    
 test-amd64-amd64-libvirt-pair                                pass    
 test-amd64-i386-libvirt-pair                                 pass    
 test-amd64-amd64-amd64-pvgrub                                pass    
 test-amd64-amd64-i386-pvgrub                                 pass    
 test-amd64-amd64-pygrub                                      pass    
 test-amd64-amd64-xl-qcow2                                    pass    
 test-armhf-armhf-libvirt-raw                                 fail    
 test-amd64-i386-xl-raw                                       pass    
 test-amd64-amd64-xl-rtds                                     pass    
 test-armhf-armhf-xl-rtds                                     fail    
 test-amd64-amd64-xl-qemuu-debianhvm-amd64-shadow             pass    
 test-amd64-i386-xl-qemuu-debianhvm-amd64-shadow              pass    
 test-amd64-amd64-xl-shadow                                   pass    
 test-amd64-i386-xl-shadow                                    pass    
 test-amd64-amd64-libvirt-vhd                                 pass    
 test-armhf-armhf-xl-vhd                                      fail    


------------------------------------------------------------
sg-report-flight on osstest.test-lab.xenproject.org
logs: /home/logs/logs
images: /home/logs/images

Logs, config files, etc. are available at
    http://logs.test-lab.xenproject.org/osstest/logs

Explanation of these reports, and of osstest in general, is at
    http://xenbits.xen.org/gitweb/?p=osstest.git;a=blob;f=README.email;hb=master
    http://xenbits.xen.org/gitweb/?p=osstest.git;a=blob;f=README;hb=master

Test harness code can be found at
    http://xenbits.xen.org/gitweb?p=osstest.git;a=summary


Not pushing.

(No revision log; it would be 409 lines long.)

_______________________________________________
Xen-devel mailing list
Xen-devel@lists.xenproject.org
https://lists.xenproject.org/mailman/listinfo/xen-devel

^ permalink raw reply	[flat|nested] only message in thread

only message in thread, back to index

Thread overview: (only message) (download: mbox.gz / follow: Atom feed)
-- links below jump to the message on this page --
2019-06-16  8:55 [Xen-devel] [xen-4.10-testing test] 137727: regressions - FAIL osstest service owner

Xen-Devel Archive on lore.kernel.org

Archives are clonable:
	git clone --mirror https://lore.kernel.org/xen-devel/0 xen-devel/git/0.git
	git clone --mirror https://lore.kernel.org/xen-devel/1 xen-devel/git/1.git

	# If you have public-inbox 1.1+ installed, you may
	# initialize and index your mirror using the following commands:
	public-inbox-init -V2 xen-devel xen-devel/ https://lore.kernel.org/xen-devel \
		xen-devel@lists.xenproject.org xen-devel@archiver.kernel.org
	public-inbox-index xen-devel


Newsgroup available over NNTP:
	nntp://nntp.lore.kernel.org/org.xenproject.lists.xen-devel


AGPL code for this site: git clone https://public-inbox.org/ public-inbox