* [Xen-devel] [linux-4.4 test] 138399: tolerable FAIL - PUSHED
@ 2019-06-26 2:50 osstest service owner
0 siblings, 0 replies; only message in thread
From: osstest service owner @ 2019-06-26 2:50 UTC (permalink / raw)
To: xen-devel, osstest-admin
flight 138399 linux-4.4 real [real]
http://logs.test-lab.xenproject.org/osstest/logs/138399/
Failures :-/ but no regressions.
Tests which are failing intermittently (not blocking):
test-armhf-armhf-xl-rtds 7 xen-boot fail in 138285 pass in 138399
test-armhf-armhf-xl-vhd 10 debian-di-install fail in 138285 pass in 138399
test-amd64-amd64-xl-qemut-ws16-amd64 7 xen-boot fail pass in 138285
test-amd64-amd64-libvirt-qemuu-debianhvm-amd64-xsm 7 xen-boot fail pass in 138285
test-armhf-armhf-examine 8 reboot fail pass in 138285
Tests which did not succeed, but are not blocking:
test-amd64-amd64-libvirt-qemuu-debianhvm-amd64-xsm 11 migrate-support-check fail in 138285 never pass
test-amd64-amd64-xl-qemut-ws16-amd64 17 guest-stop fail in 138285 never pass
test-amd64-amd64-xl-qemuu-dmrestrict-amd64-dmrestrict 10 debian-hvm-install fail never pass
test-amd64-i386-xl-qemuu-dmrestrict-amd64-dmrestrict 10 debian-hvm-install fail never pass
test-amd64-i386-xl-pvshim 12 guest-start fail never pass
test-amd64-amd64-xl-pvhv2-amd 12 guest-start fail never pass
test-arm64-arm64-xl-credit2 7 xen-boot fail never pass
test-arm64-arm64-libvirt-xsm 7 xen-boot fail never pass
test-amd64-i386-libvirt-xsm 13 migrate-support-check fail never pass
test-arm64-arm64-xl 7 xen-boot fail never pass
test-amd64-amd64-libvirt-xsm 13 migrate-support-check fail never pass
test-arm64-arm64-xl-xsm 7 xen-boot fail never pass
test-arm64-arm64-examine 8 reboot fail never pass
test-amd64-amd64-libvirt 13 migrate-support-check fail never pass
test-arm64-arm64-xl-credit1 7 xen-boot fail never pass
test-amd64-i386-libvirt 13 migrate-support-check fail never pass
test-amd64-amd64-xl-pvhv2-intel 12 guest-start fail never pass
test-amd64-i386-libvirt-qemuu-debianhvm-amd64-xsm 11 migrate-support-check fail never pass
test-amd64-amd64-qemuu-nested-amd 17 debian-hvm-install/l1/l2 fail never pass
test-amd64-amd64-libvirt-vhd 12 migrate-support-check fail never pass
test-armhf-armhf-xl-arndale 13 migrate-support-check fail never pass
test-armhf-armhf-xl-arndale 14 saverestore-support-check fail never pass
test-amd64-i386-xl-qemuu-win7-amd64 17 guest-stop fail never pass
test-amd64-amd64-xl-qemuu-win7-amd64 17 guest-stop fail never pass
test-armhf-armhf-xl-vhd 12 migrate-support-check fail never pass
test-armhf-armhf-xl-vhd 13 saverestore-support-check fail never pass
test-armhf-armhf-xl-credit2 13 migrate-support-check fail never pass
test-armhf-armhf-xl-credit2 14 saverestore-support-check fail never pass
test-amd64-amd64-xl-qemut-win7-amd64 17 guest-stop fail never pass
test-armhf-armhf-xl-rtds 13 migrate-support-check fail never pass
test-armhf-armhf-xl-rtds 14 saverestore-support-check fail never pass
test-armhf-armhf-xl 13 migrate-support-check fail never pass
test-armhf-armhf-xl 14 saverestore-support-check fail never pass
test-armhf-armhf-xl-multivcpu 13 migrate-support-check fail never pass
test-armhf-armhf-xl-multivcpu 14 saverestore-support-check fail never pass
test-armhf-armhf-xl-credit1 13 migrate-support-check fail never pass
test-armhf-armhf-xl-credit1 14 saverestore-support-check fail never pass
test-armhf-armhf-xl-cubietruck 13 migrate-support-check fail never pass
test-armhf-armhf-xl-cubietruck 14 saverestore-support-check fail never pass
test-armhf-armhf-libvirt 13 migrate-support-check fail never pass
test-armhf-armhf-libvirt 14 saverestore-support-check fail never pass
test-amd64-i386-xl-qemut-win7-amd64 17 guest-stop fail never pass
test-armhf-armhf-libvirt-raw 12 migrate-support-check fail never pass
test-armhf-armhf-libvirt-raw 13 saverestore-support-check fail never pass
test-amd64-amd64-xl-qemuu-ws16-amd64 17 guest-stop fail never pass
test-amd64-i386-xl-qemuu-ws16-amd64 17 guest-stop fail never pass
test-amd64-i386-xl-qemut-ws16-amd64 17 guest-stop fail never pass
test-amd64-i386-xl-qemuu-win10-i386 10 windows-install fail never pass
test-amd64-amd64-xl-qemut-win10-i386 10 windows-install fail never pass
test-amd64-i386-xl-qemut-win10-i386 10 windows-install fail never pass
test-amd64-amd64-xl-qemuu-win10-i386 10 windows-install fail never pass
version targeted for testing:
linux 30874325504004c57f7b4f7163cead251a91662a
baseline version:
linux 33790f2eda7393d422927078597a33475792c82c
Last test of basis 138012 2019-06-19 09:17:23 Z 6 days
Testing same since 138285 2019-06-22 06:41:10 Z 3 days 2 attempts
------------------------------------------------------------
People who touched revisions under test:
"Eric W. Biederman" <ebiederm@xmission.com>
Adam Ford <aford173@gmail.com>
Al Viro <viro@zeniv.linux.org.uk>
Alexander Lochmann <alexander.lochmann@tu-dortmund.de>
Andrea Arcangeli <aarcange@redhat.com>
Andrew Morton <akpm@linux-foundation.org>
Andrey Smirnov <andrew.smirnov@gmail.com>
Andy Shevchenko <andriy.shevchenko@linux.intel.com>
Bart Van Assche <bvanassche@acm.org>
Bartlomiej Zolnierkiewicz <b.zolnierkie@samsung.com>
Bartosz Golaszewski <bgolaszewski@baylibre.com>
Bernd Eckstein <3ernd.Eckstein@gmail.com>
Bernd Eckstein <3erndeckstein@gmail.com>
Binbin Wu <binbin.wu@intel.com>
Bjorn Helgaas <bhelgaas@google.com>
Borislav Petkov <bp@suse.de>
Chao Yu <yuchao0@huawei.com>
Chris Packham <chris.packham@alliedtelesis.co.nz>
Christian Borntraeger <borntraeger@de.ibm.com>
Christian Brauner <christian@brauner.io>
Christoph Hellwig <hch@lst.de>
Christoph Vogtländer <c.vogtlaender@sigma-surface-science.com>
Colin Ian King <colin.king@canonical.com>
Coly Li <colyli@suse.de>
Cyrill Gorcunov <gorcunov@gmail.com>
Dan Carpenter <dan.carpenter@oracle.com>
Daniel Sobe <daniel.sobe@nxp.com>
Daniele Palmas <dnlplm@gmail.com>
David S. Miller <davem@davemloft.net>
Dick Kennedy <dick.kennedy@broadcom.com>
Douglas Anderson <dianders@chromium.org>
Enric Balletbo i Serra <enric.balletbo@collabora.com>
Enrico Granata <egranata@chromium.org>
Eric Dumazet <edumazet@google.com>
Eric W. Biederman <ebiederm@xmission.com>
Frank van der Linden <fllinden@amazon.com>
Greg Kroah-Hartman <gregkh@linuxfoundation.org>
Greg Kroah-Hartman <gregkh@linuxfoundation.org> [for tty parts]
Hans de Goede <hdegoede@redhat.com>
Heiko Stuebner <heiko@sntech.de>
Hoan Nguyen An <na-hoan@jinso.co.jp>
Horst Schirmeier <horst.schirmeier@tu-dortmund.de>
Hou Tao <houtao1@huawei.com>
Ingo Molnar <mingo@kernel.org>
Ivan Vecera <ivecera@redhat.com>
J. Bruce Fields <bfields@redhat.com>
Jaegeuk Kim <jaegeuk@kernel.org>
James Smart <jsmart2021@gmail.com>
Jann Horn <jannh@google.com>
Jason Gunthorpe <jgg@mellanox.com>
Jason Yan <yanaijie@huawei.com>
Jens Axboe <axboe@kernel.dk>
Jeremy Sowden <jeremy@azazel.net>
Joerg Roedel <jroedel@suse.de>
Johan Hovold <johan@kernel.org>
John Paul Adrian Glaubitz <glaubitz@physik.fu-berlin.de>
Jorge Ramirez-Ortiz <jorge.ramirez-ortiz@linaro.org>
Jörgen Storvist <jorgen.storvist@gmail.com>
Kai-Heng Feng <kai.heng.feng@canonical.com>
Kangjie Lu <kjlu@umn.edu>
Kees Cook <keescook@chromium.org>
Kirill Smelkov <kirr@nexedi.com>
Krzysztof Kozlowski <krzk@kernel.org>
Lee Jones <lee.jones@linaro.org>
Li RongQing <lirongqing@baidu.com>
Linus Torvalds <torvalds@linux-foundation.org>
Linus Walleij <linus.walleij@linaro.org>
Lorenzo Pieralisi <lorenzo.pieralisi@arm.com>
Lu Baolu <baolu.lu@linux.intel.com>
Luis Chamberlain <mcgrof@kernel.org>
Marco Zatta <marco@zatta.me>
Marek Szyprowski <m.szyprowski@samsung.com>
Mark Brown <broonie@kernel.org>
Martin K. Petersen <martin.petersen@oracle.com>
Matt Redfearn <matt.redfearn@thinci.com>
Matthias Brugger <matthias.bgg@gmail.com>
Michael Hennerich <michael.hennerich@analog.com>
Michal Hocko <mhocko@suse.com>
Mika Westerberg <mika.westerberg@linux.intel.com>
Mike Kravetz <mike.kravetz@oracle.com>
Miklos Szeredi <mszeredi@redhat.com>
Miroslav Lichvar <mlichvar@redhat.com>
Murray McAllister <murray.mcallister@gmail.com>
Nathan Chancellor <natechancellor@gmail.com>
OGAWA Hirofumi <hirofumi@mail.parknet.co.jp>
Oleg Nesterov <oleg@redhat.com>
Oliver Zweigle <Oliver.Zweigle@faro.com>
Paolo Bonzini <pbonzini@redhat.com>
Paul Mackerras <paulus@ozlabs.org>
Peter Ujfalusi <peter.ujfalusi@ti.com>
Peter Xu <peterx@redhat.com>
Peter Zijlstra (Intel) <peterz@infradead.org>
Peter Zijlstra <peterz@infradead.org>
Phong Hoang <phong.hoang.wz@renesas.com>
Pierre JUHEN <pierre.juhen@orange.fr>
Randy Dunlap <rdunlap@infradead.org>
Russell King <rmk+kernel@armlinux.org.uk>
S.j. Wang <shengjiu.wang@nxp.com>
Sahitya Tummala <stummala@codeaurora.org>
Sasha Levin <sashal@kernel.org>
Saurav Kashyap <skashyap@marvell.com>
Sean Paul <seanpaul@chromium.org>
Shakeel Butt <shakeelb@google.com>
Shawn Guo <shawnguo@kernel.org>
Shenghui Wang <shhuiw@foxmail.com>
Shengjiu Wang <shengjiu.wang@nxp.com>
Srinivas Kandagatla <srinivas.kandagatla@linaro.org>
Stephane Eranian <eranian@google.com>
Takashi Iwai <tiwai@suse.de>
Tejun Heo <tj@kernel.org>
Thierry Reding <thierry.reding@gmail.com>
Thomas Gleixner <tglx@linutronix.de>
Thomas Hellstrom <thellstrom@vmware.com>
Tony Lindgren <tony@atomide.com>
Tony Luck <tony.luck@intel.com>
Tyrel Datwyler <tyreld@linux.vnet.ibm.com>
Varun Prakash <varun@chelsio.com>
Vignesh Raghavendra <vigneshr@ti.com>
Vinod Koul <vkoul@kernel.org>
Wengang Wang <wen.gang.wang@oracle.com>
Wenwen Wang <wang6495@umn.edu>
Wolfram Sang <wsa@the-dreams.de>
Yabin Cui <yabinc@google.com>
Yingjoe Chen <yingjoe.chen@mediatek.com>
Yoshihiro Shimoda <yoshihiro.shimoda.uh@renesas.com>
Young Xiao <YangX92@hotmail.com>
Yue Hu <huyue2@yulong.com>
Zhang Yu <zhangyu31@baidu.com>
ZhangXiaoxu <zhangxiaoxu5@huawei.com>
jobs:
build-amd64-xsm pass
build-arm64-xsm pass
build-i386-xsm pass
build-amd64 pass
build-arm64 pass
build-armhf pass
build-i386 pass
build-amd64-libvirt pass
build-arm64-libvirt pass
build-armhf-libvirt pass
build-i386-libvirt pass
build-amd64-pvops pass
build-arm64-pvops pass
build-armhf-pvops pass
build-i386-pvops pass
test-amd64-amd64-xl pass
test-arm64-arm64-xl fail
test-armhf-armhf-xl pass
test-amd64-i386-xl pass
test-amd64-amd64-libvirt-qemuu-debianhvm-amd64-xsm fail
test-amd64-i386-libvirt-qemuu-debianhvm-amd64-xsm pass
test-amd64-amd64-xl-qemut-stubdom-debianhvm-amd64-xsm pass
test-amd64-i386-xl-qemut-stubdom-debianhvm-amd64-xsm pass
test-amd64-amd64-xl-qemut-debianhvm-i386-xsm pass
test-amd64-i386-xl-qemut-debianhvm-i386-xsm pass
test-amd64-amd64-xl-qemuu-debianhvm-i386-xsm pass
test-amd64-i386-xl-qemuu-debianhvm-i386-xsm pass
test-amd64-amd64-libvirt-xsm pass
test-arm64-arm64-libvirt-xsm fail
test-amd64-i386-libvirt-xsm pass
test-amd64-amd64-xl-xsm pass
test-arm64-arm64-xl-xsm fail
test-amd64-i386-xl-xsm pass
test-amd64-amd64-qemuu-nested-amd fail
test-amd64-amd64-xl-pvhv2-amd fail
test-amd64-i386-qemut-rhel6hvm-amd pass
test-amd64-i386-qemuu-rhel6hvm-amd pass
test-amd64-amd64-xl-qemut-debianhvm-amd64 pass
test-amd64-i386-xl-qemut-debianhvm-amd64 pass
test-amd64-amd64-xl-qemuu-debianhvm-amd64 pass
test-amd64-i386-xl-qemuu-debianhvm-amd64 pass
test-amd64-i386-freebsd10-amd64 pass
test-amd64-amd64-xl-qemuu-ovmf-amd64 pass
test-amd64-i386-xl-qemuu-ovmf-amd64 pass
test-amd64-amd64-xl-qemut-win7-amd64 fail
test-amd64-i386-xl-qemut-win7-amd64 fail
test-amd64-amd64-xl-qemuu-win7-amd64 fail
test-amd64-i386-xl-qemuu-win7-amd64 fail
test-amd64-amd64-xl-qemut-ws16-amd64 fail
test-amd64-i386-xl-qemut-ws16-amd64 fail
test-amd64-amd64-xl-qemuu-ws16-amd64 fail
test-amd64-i386-xl-qemuu-ws16-amd64 fail
test-armhf-armhf-xl-arndale pass
test-amd64-amd64-xl-credit1 pass
test-arm64-arm64-xl-credit1 fail
test-armhf-armhf-xl-credit1 pass
test-amd64-amd64-xl-credit2 pass
test-arm64-arm64-xl-credit2 fail
test-armhf-armhf-xl-credit2 pass
test-armhf-armhf-xl-cubietruck pass
test-amd64-amd64-xl-qemuu-dmrestrict-amd64-dmrestrict fail
test-amd64-i386-xl-qemuu-dmrestrict-amd64-dmrestrict fail
test-amd64-amd64-examine pass
test-arm64-arm64-examine fail
test-armhf-armhf-examine fail
test-amd64-i386-examine pass
test-amd64-i386-freebsd10-i386 pass
test-amd64-amd64-xl-qemut-win10-i386 fail
test-amd64-i386-xl-qemut-win10-i386 fail
test-amd64-amd64-xl-qemuu-win10-i386 fail
test-amd64-i386-xl-qemuu-win10-i386 fail
test-amd64-amd64-qemuu-nested-intel pass
test-amd64-amd64-xl-pvhv2-intel fail
test-amd64-i386-qemut-rhel6hvm-intel pass
test-amd64-i386-qemuu-rhel6hvm-intel pass
test-amd64-amd64-libvirt pass
test-armhf-armhf-libvirt pass
test-amd64-i386-libvirt pass
test-amd64-amd64-xl-multivcpu pass
test-armhf-armhf-xl-multivcpu pass
test-amd64-amd64-pair pass
test-amd64-i386-pair pass
test-amd64-amd64-libvirt-pair pass
test-amd64-i386-libvirt-pair pass
test-amd64-amd64-amd64-pvgrub pass
test-amd64-amd64-i386-pvgrub pass
test-amd64-amd64-xl-pvshim pass
test-amd64-i386-xl-pvshim fail
test-amd64-amd64-pygrub pass
test-amd64-amd64-xl-qcow2 pass
test-armhf-armhf-libvirt-raw pass
test-amd64-i386-xl-raw pass
test-amd64-amd64-xl-rtds pass
test-armhf-armhf-xl-rtds pass
test-amd64-amd64-xl-qemuu-debianhvm-amd64-shadow pass
test-amd64-i386-xl-qemuu-debianhvm-amd64-shadow pass
test-amd64-amd64-xl-shadow pass
test-amd64-i386-xl-shadow pass
test-amd64-amd64-libvirt-vhd pass
test-armhf-armhf-xl-vhd pass
------------------------------------------------------------
sg-report-flight on osstest.test-lab.xenproject.org
logs: /home/logs/logs
images: /home/logs/images
Logs, config files, etc. are available at
http://logs.test-lab.xenproject.org/osstest/logs
Explanation of these reports, and of osstest in general, is at
http://xenbits.xen.org/gitweb/?p=osstest.git;a=blob;f=README.email;hb=master
http://xenbits.xen.org/gitweb/?p=osstest.git;a=blob;f=README;hb=master
Test harness code can be found at
http://xenbits.xen.org/gitweb?p=osstest.git;a=summary
Pushing revision :
To xenbits.xen.org:/home/xen/git/linux-pvops.git
33790f2eda73..308743255040 30874325504004c57f7b4f7163cead251a91662a -> tested/linux-4.4
_______________________________________________
Xen-devel mailing list
Xen-devel@lists.xenproject.org
https://lists.xenproject.org/mailman/listinfo/xen-devel
^ permalink raw reply [flat|nested] only message in thread
only message in thread, other threads:[~2019-06-26 2:51 UTC | newest]
Thread overview: (only message) (download: mbox.gz / follow: Atom feed)
-- links below jump to the message on this page --
2019-06-26 2:50 [Xen-devel] [linux-4.4 test] 138399: tolerable FAIL - PUSHED osstest service owner
This is a public inbox, see mirroring instructions
for how to clone and mirror all data and code used for this inbox;
as well as URLs for NNTP newsgroup(s).