* [Xen-devel] [freebsd-master test] 138921: regressions - FAIL
@ 2019-07-13 8:20 osstest service owner
0 siblings, 0 replies; only message in thread
From: osstest service owner @ 2019-07-13 8:20 UTC (permalink / raw)
To: xen-devel, osstest-admin, royger
flight 138921 freebsd-master real [real]
http://logs.test-lab.xenproject.org/osstest/logs/138921/
Regressions :-(
Tests which did not succeed and are blocking,
including tests which could not be run:
build-amd64-xen-freebsd 7 xen-build-freebsd fail REGR. vs. 138886
version targeted for testing:
freebsd 4b73a91e13d7afc5b660c9d845996a01717427cd
baseline version:
freebsd 5c4a9b0e32c1f9c47d5b687d6036bb03c3cc071c
Last test of basis 138886 2019-07-10 09:19:38 Z 2 days
Testing same since 138921 2019-07-12 09:19:32 Z 0 days 1 attempts
------------------------------------------------------------
People who touched revisions under test:
alc <alc@FreeBSD.org>
avg <avg@FreeBSD.org>
cy <cy@FreeBSD.org>
dougm <dougm@FreeBSD.org>
ian <ian@FreeBSD.org>
imp <imp@FreeBSD.org>
jhibbits <jhibbits@FreeBSD.org>
kib <kib@FreeBSD.org>
luporl <luporl@FreeBSD.org>
markj <markj@FreeBSD.org>
philip <philip@FreeBSD.org>
rrs <rrs@FreeBSD.org>
seanc <seanc@FreeBSD.org>
sjg <sjg@FreeBSD.org>
jobs:
build-amd64-freebsd-again pass
build-amd64-freebsd pass
build-amd64-xen-freebsd fail
------------------------------------------------------------
sg-report-flight on osstest.test-lab.xenproject.org
logs: /home/logs/logs
images: /home/logs/images
Logs, config files, etc. are available at
http://logs.test-lab.xenproject.org/osstest/logs
Explanation of these reports, and of osstest in general, is at
http://xenbits.xen.org/gitweb/?p=osstest.git;a=blob;f=README.email;hb=master
http://xenbits.xen.org/gitweb/?p=osstest.git;a=blob;f=README;hb=master
Test harness code can be found at
http://xenbits.xen.org/gitweb?p=osstest.git;a=summary
Not pushing.
(No revision log; it would be 468 lines long.)
_______________________________________________
Xen-devel mailing list
Xen-devel@lists.xenproject.org
https://lists.xenproject.org/mailman/listinfo/xen-devel
^ permalink raw reply [flat|nested] only message in thread
only message in thread, other threads:[~2019-07-13 8:21 UTC | newest]
Thread overview: (only message) (download: mbox.gz / follow: Atom feed)
-- links below jump to the message on this page --
2019-07-13 8:20 [Xen-devel] [freebsd-master test] 138921: regressions - FAIL osstest service owner
This is a public inbox, see mirroring instructions
for how to clone and mirror all data and code used for this inbox;
as well as URLs for NNTP newsgroup(s).