Xen-Devel Archive on lore.kernel.org
 help / color / Atom feed
From: osstest service owner <osstest-admin@xenproject.org>
To: xen-devel@lists.xenproject.org, osstest-admin@xenproject.org
Subject: [Xen-devel] [libvirt test] 140094: regressions - FAIL
Date: Wed, 14 Aug 2019 14:47:22 +0000
Message-ID: <osstest-140094-mainreport@xen.org> (raw)

flight 140094 libvirt real [real]
http://logs.test-lab.xenproject.org/osstest/logs/140094/

Regressions :-(

Tests which did not succeed and are blocking,
including tests which could not be run:
 build-amd64-libvirt           6 libvirt-build            fail REGR. vs. 139829
 build-i386-libvirt            6 libvirt-build            fail REGR. vs. 139829
 build-arm64-libvirt           6 libvirt-build            fail REGR. vs. 139829
 build-armhf-libvirt           6 libvirt-build            fail REGR. vs. 139829

Tests which did not succeed, but are not blocking:
 test-amd64-i386-libvirt-xsm   1 build-check(1)               blocked  n/a
 test-arm64-arm64-libvirt-qcow2  1 build-check(1)               blocked  n/a
 test-armhf-armhf-libvirt      1 build-check(1)               blocked  n/a
 test-amd64-amd64-libvirt-vhd  1 build-check(1)               blocked  n/a
 test-amd64-amd64-libvirt      1 build-check(1)               blocked  n/a
 test-arm64-arm64-libvirt      1 build-check(1)               blocked  n/a
 test-amd64-i386-libvirt       1 build-check(1)               blocked  n/a
 test-amd64-i386-libvirt-qemuu-debianhvm-amd64-xsm 1 build-check(1) blocked n/a
 test-amd64-i386-libvirt-pair  1 build-check(1)               blocked  n/a
 test-amd64-amd64-libvirt-qemuu-debianhvm-amd64-xsm 1 build-check(1) blocked n/a
 test-armhf-armhf-libvirt-raw  1 build-check(1)               blocked  n/a
 test-amd64-amd64-libvirt-pair  1 build-check(1)               blocked  n/a
 test-amd64-amd64-libvirt-xsm  1 build-check(1)               blocked  n/a
 test-arm64-arm64-libvirt-xsm  1 build-check(1)               blocked  n/a

version targeted for testing:
 libvirt              92832577d1ef29d26d42bcbf978be0e845a31365
baseline version:
 libvirt              086764748e1a6b9aaf968db68145e05837eae3bd

Last test of basis   139829  2019-08-08 04:19:02 Z    6 days
Failing since        139853  2019-08-09 04:24:11 Z    5 days    6 attempts
Testing same since   140094  2019-08-14 04:18:51 Z    0 days    1 attempts

------------------------------------------------------------
People who touched revisions under test:
  Andrea Bolognani <abologna@redhat.com>
  Daniel Henrique Barboza <danielhb413@gmail.com>
  Daniel P. Berrangé <berrange@redhat.com>
  Eric Blake <eblake@redhat.com>
  Han Han <hhan@redhat.com>
  Ilias Stamatis <stamatis.iliass@gmail.com>
  Jiri Denemark <jdenemar@redhat.com>
  Ján Tomko <jtomko@redhat.com>
  Laine Stump <laine@redhat.com>
  Marc-André Lureau <marcandre.lureau@redhat.com>
  Maxiwell S. Garcia <maxiwell@linux.ibm.com>
  Menno Lageman <menno.lageman@oracle.com>
  Michal Privoznik <mprivozn@redhat.com>
  Paolo Bonzini <pbonzini@redhat.com>
  Roman Bolshakov <r.bolshakov@yadro.com>
  Wim ten Have <wim.ten.have@oracle.com>

jobs:
 build-amd64-xsm                                              pass    
 build-arm64-xsm                                              pass    
 build-i386-xsm                                               pass    
 build-amd64                                                  pass    
 build-arm64                                                  pass    
 build-armhf                                                  pass    
 build-i386                                                   pass    
 build-amd64-libvirt                                          fail    
 build-arm64-libvirt                                          fail    
 build-armhf-libvirt                                          fail    
 build-i386-libvirt                                           fail    
 build-amd64-pvops                                            pass    
 build-arm64-pvops                                            pass    
 build-armhf-pvops                                            pass    
 build-i386-pvops                                             pass    
 test-amd64-amd64-libvirt-qemuu-debianhvm-amd64-xsm           blocked 
 test-amd64-i386-libvirt-qemuu-debianhvm-amd64-xsm            blocked 
 test-amd64-amd64-libvirt-xsm                                 blocked 
 test-arm64-arm64-libvirt-xsm                                 blocked 
 test-amd64-i386-libvirt-xsm                                  blocked 
 test-amd64-amd64-libvirt                                     blocked 
 test-arm64-arm64-libvirt                                     blocked 
 test-armhf-armhf-libvirt                                     blocked 
 test-amd64-i386-libvirt                                      blocked 
 test-amd64-amd64-libvirt-pair                                blocked 
 test-amd64-i386-libvirt-pair                                 blocked 
 test-arm64-arm64-libvirt-qcow2                               blocked 
 test-armhf-armhf-libvirt-raw                                 blocked 
 test-amd64-amd64-libvirt-vhd                                 blocked 


------------------------------------------------------------
sg-report-flight on osstest.test-lab.xenproject.org
logs: /home/logs/logs
images: /home/logs/images

Logs, config files, etc. are available at
    http://logs.test-lab.xenproject.org/osstest/logs

Explanation of these reports, and of osstest in general, is at
    http://xenbits.xen.org/gitweb/?p=osstest.git;a=blob;f=README.email;hb=master
    http://xenbits.xen.org/gitweb/?p=osstest.git;a=blob;f=README;hb=master

Test harness code can be found at
    http://xenbits.xen.org/gitweb?p=osstest.git;a=summary


Not pushing.

(No revision log; it would be 1563 lines long.)

_______________________________________________
Xen-devel mailing list
Xen-devel@lists.xenproject.org
https://lists.xenproject.org/mailman/listinfo/xen-devel

                 reply index

Thread overview: [no followups] expand[flat|nested]  mbox.gz  Atom feed

Reply instructions:

You may reply publically to this message via plain-text email
using any one of the following methods:

* Save the following mbox file, import it into your mail client,
  and reply-to-all from there: mbox

  Avoid top-posting and favor interleaved quoting:
  https://en.wikipedia.org/wiki/Posting_style#Interleaved_style

* Reply using the --to, --cc, and --in-reply-to
  switches of git-send-email(1):

  git send-email \
    --in-reply-to=osstest-140094-mainreport@xen.org \
    --to=osstest-admin@xenproject.org \
    --cc=xen-devel@lists.xenproject.org \
    /path/to/YOUR_REPLY

  https://kernel.org/pub/software/scm/git/docs/git-send-email.html

* If your mail client supports setting the In-Reply-To header
  via mailto: links, try the mailto: link

Xen-Devel Archive on lore.kernel.org

Archives are clonable:
	git clone --mirror https://lore.kernel.org/xen-devel/0 xen-devel/git/0.git
	git clone --mirror https://lore.kernel.org/xen-devel/1 xen-devel/git/1.git

	# If you have public-inbox 1.1+ installed, you may
	# initialize and index your mirror using the following commands:
	public-inbox-init -V2 xen-devel xen-devel/ https://lore.kernel.org/xen-devel \
		xen-devel@lists.xenproject.org xen-devel@archiver.kernel.org
	public-inbox-index xen-devel


Newsgroup available over NNTP:
	nntp://nntp.lore.kernel.org/org.xenproject.lists.xen-devel


AGPL code for this site: git clone https://public-inbox.org/ public-inbox