From: osstest service owner <osstest-admin@xenproject.org>
To: xen-devel@lists.xenproject.org, osstest-admin@xenproject.org
Subject: [Xen-devel] [libvirt test] 140454: regressions - FAIL
Date: Wed, 21 Aug 2019 21:57:24 +0000 [thread overview]
Message-ID: <osstest-140454-mainreport@xen.org> (raw)
flight 140454 libvirt real [real]
http://logs.test-lab.xenproject.org/osstest/logs/140454/
Regressions :-(
Tests which did not succeed and are blocking,
including tests which could not be run:
test-arm64-arm64-libvirt-qcow2 15 guest-start/debian.repeat fail REGR. vs. 139829
build-amd64-xsm 6 xen-build fail REGR. vs. 139829
test-armhf-armhf-libvirt 19 leak-check/check fail REGR. vs. 139829
test-armhf-armhf-libvirt-raw 18 leak-check/check fail REGR. vs. 139829
Tests which did not succeed, but are not blocking:
test-amd64-i386-libvirt-qemuu-debianhvm-amd64-xsm 1 build-check(1) blocked n/a
test-amd64-amd64-libvirt-xsm 1 build-check(1) blocked n/a
test-amd64-i386-libvirt-xsm 1 build-check(1) blocked n/a
test-amd64-amd64-libvirt-qemuu-debianhvm-amd64-xsm 1 build-check(1) blocked n/a
test-armhf-armhf-libvirt 14 saverestore-support-check fail like 139829
test-armhf-armhf-libvirt-raw 13 saverestore-support-check fail like 139829
test-amd64-amd64-libvirt 13 migrate-support-check fail never pass
test-amd64-i386-libvirt 13 migrate-support-check fail never pass
test-arm64-arm64-libvirt 13 migrate-support-check fail never pass
test-arm64-arm64-libvirt 14 saverestore-support-check fail never pass
test-arm64-arm64-libvirt-xsm 13 migrate-support-check fail never pass
test-arm64-arm64-libvirt-xsm 14 saverestore-support-check fail never pass
test-arm64-arm64-libvirt-qcow2 12 migrate-support-check fail never pass
test-arm64-arm64-libvirt-qcow2 13 saverestore-support-check fail never pass
test-amd64-amd64-libvirt-vhd 12 migrate-support-check fail never pass
test-armhf-armhf-libvirt 13 migrate-support-check fail never pass
test-armhf-armhf-libvirt-raw 12 migrate-support-check fail never pass
version targeted for testing:
libvirt d6943eab142a1a530eb719979ea915b7768489f1
baseline version:
libvirt 086764748e1a6b9aaf968db68145e05837eae3bd
Last test of basis 139829 2019-08-08 04:19:02 Z 13 days
Failing since 139853 2019-08-09 04:24:11 Z 12 days 13 attempts
Testing same since 140454 2019-08-21 04:19:09 Z 0 days 1 attempts
------------------------------------------------------------
People who touched revisions under test:
Andrea Bolognani <abologna@redhat.com>
Daniel Henrique Barboza <danielhb413@gmail.com>
Daniel P. Berrangé <berrange@redhat.com>
Eric Blake <eblake@redhat.com>
Han Han <hhan@redhat.com>
He Xin <hexin15@baidu.com>
hexin <hexin15@baidu.com>
Ilias Stamatis <stamatis.iliass@gmail.com>
Jim Fehlig <jfehlig@suse.com>
Jiri Denemark <jdenemar@redhat.com>
Ján Tomko <jtomko@redhat.com>
Laine Stump <laine@redhat.com>
Liu Qi <liuqi16@baidu.com>
Marc-André Lureau <marcandre.lureau@redhat.com>
Maxiwell S. Garcia <maxiwell@linux.ibm.com>
Menno Lageman <menno.lageman@oracle.com>
Michal Privoznik <mprivozn@redhat.com>
Paolo Bonzini <pbonzini@redhat.com>
Pavel Hrdina <phrdina@redhat.com>
Peter Krempa <pkrempa@redhat.com>
Roman Bolshakov <r.bolshakov@yadro.com>
Vitaly Kuznetsov <vkuznets@redhat.com>
Wang Huaqiang <huaqiang.wang@intel.com>
Wim ten Have <wim.ten.have@oracle.com>
Zhang Yu <zhangyu31@baidu.com>
jobs:
build-amd64-xsm fail
build-arm64-xsm pass
build-i386-xsm pass
build-amd64 pass
build-arm64 pass
build-armhf pass
build-i386 pass
build-amd64-libvirt pass
build-arm64-libvirt pass
build-armhf-libvirt pass
build-i386-libvirt pass
build-amd64-pvops pass
build-arm64-pvops pass
build-armhf-pvops pass
build-i386-pvops pass
test-amd64-amd64-libvirt-qemuu-debianhvm-amd64-xsm blocked
test-amd64-i386-libvirt-qemuu-debianhvm-amd64-xsm blocked
test-amd64-amd64-libvirt-xsm blocked
test-arm64-arm64-libvirt-xsm pass
test-amd64-i386-libvirt-xsm blocked
test-amd64-amd64-libvirt pass
test-arm64-arm64-libvirt pass
test-armhf-armhf-libvirt fail
test-amd64-i386-libvirt pass
test-amd64-amd64-libvirt-pair pass
test-amd64-i386-libvirt-pair pass
test-arm64-arm64-libvirt-qcow2 fail
test-armhf-armhf-libvirt-raw fail
test-amd64-amd64-libvirt-vhd pass
------------------------------------------------------------
sg-report-flight on osstest.test-lab.xenproject.org
logs: /home/logs/logs
images: /home/logs/images
Logs, config files, etc. are available at
http://logs.test-lab.xenproject.org/osstest/logs
Explanation of these reports, and of osstest in general, is at
http://xenbits.xen.org/gitweb/?p=osstest.git;a=blob;f=README.email;hb=master
http://xenbits.xen.org/gitweb/?p=osstest.git;a=blob;f=README;hb=master
Test harness code can be found at
http://xenbits.xen.org/gitweb?p=osstest.git;a=summary
Not pushing.
(No revision log; it would be 2946 lines long.)
_______________________________________________
Xen-devel mailing list
Xen-devel@lists.xenproject.org
https://lists.xenproject.org/mailman/listinfo/xen-devel
reply other threads:[~2019-08-21 21:57 UTC|newest]
Thread overview: [no followups] expand[flat|nested] mbox.gz Atom feed
Reply instructions:
You may reply publicly to this message via plain-text email
using any one of the following methods:
* Save the following mbox file, import it into your mail client,
and reply-to-all from there: mbox
Avoid top-posting and favor interleaved quoting:
https://en.wikipedia.org/wiki/Posting_style#Interleaved_style
* Reply using the --to, --cc, and --in-reply-to
switches of git-send-email(1):
git send-email \
--in-reply-to=osstest-140454-mainreport@xen.org \
--to=osstest-admin@xenproject.org \
--cc=xen-devel@lists.xenproject.org \
/path/to/YOUR_REPLY
https://kernel.org/pub/software/scm/git/docs/git-send-email.html
* If your mail client supports setting the In-Reply-To header
via mailto: links, try the mailto: link
Be sure your reply has a Subject: header at the top and a blank line
before the message body.
This is a public inbox, see mirroring instructions
for how to clone and mirror all data and code used for this inbox;
as well as URLs for NNTP newsgroup(s).