* [Xen-devel] [ovmf test] 140487: regressions - FAIL
@ 2019-08-22 13:19 osstest service owner
0 siblings, 0 replies; only message in thread
From: osstest service owner @ 2019-08-22 13:19 UTC (permalink / raw)
To: xen-devel, osstest-admin
flight 140487 ovmf real [real]
http://logs.test-lab.xenproject.org/osstest/logs/140487/
Regressions :-(
Tests which did not succeed and are blocking,
including tests which could not be run:
build-amd64-xsm 6 xen-build fail REGR. vs. 140448
test-amd64-i386-xl-qemuu-ovmf-amd64 18 guest-start/debianhvm.repeat fail REGR. vs. 140448
version targeted for testing:
ovmf 1237517b21305ad96834f9a0514a8365dd8a1c41
baseline version:
ovmf 9c90d39b600bd33c7e0600865e6d860d46ce95f3
Last test of basis 140448 2019-08-21 02:06:07 Z 1 days
Testing same since 140487 2019-08-21 17:39:21 Z 0 days 1 attempts
------------------------------------------------------------
People who touched revisions under test:
Anthony PERARD <anthony.perard@citrix.com>
Donald Kuo <donald.kuo@intel.com>
Laszlo Ersek <lersek@redhat.com>
jobs:
build-amd64-xsm fail
build-i386-xsm pass
build-amd64 pass
build-i386 pass
build-amd64-libvirt pass
build-i386-libvirt pass
build-amd64-pvops pass
build-i386-pvops pass
test-amd64-amd64-xl-qemuu-ovmf-amd64 pass
test-amd64-i386-xl-qemuu-ovmf-amd64 fail
------------------------------------------------------------
sg-report-flight on osstest.test-lab.xenproject.org
logs: /home/logs/logs
images: /home/logs/images
Logs, config files, etc. are available at
http://logs.test-lab.xenproject.org/osstest/logs
Explanation of these reports, and of osstest in general, is at
http://xenbits.xen.org/gitweb/?p=osstest.git;a=blob;f=README.email;hb=master
http://xenbits.xen.org/gitweb/?p=osstest.git;a=blob;f=README;hb=master
Test harness code can be found at
http://xenbits.xen.org/gitweb?p=osstest.git;a=summary
Not pushing.
(No revision log; it would be 688 lines long.)
_______________________________________________
Xen-devel mailing list
Xen-devel@lists.xenproject.org
https://lists.xenproject.org/mailman/listinfo/xen-devel
^ permalink raw reply [flat|nested] only message in thread
only message in thread, other threads:[~2019-08-22 13:19 UTC | newest]
Thread overview: (only message) (download: mbox.gz / follow: Atom feed)
-- links below jump to the message on this page --
2019-08-22 13:19 [Xen-devel] [ovmf test] 140487: regressions - FAIL osstest service owner
This is a public inbox, see mirroring instructions
for how to clone and mirror all data and code used for this inbox;
as well as URLs for NNTP newsgroup(s).