Xen-Devel Archive on lore.kernel.org
 help / color / Atom feed
* [Xen-devel] [xen-unstable-smoke test] 140501: regressions - FAIL
@ 2019-08-22  4:54 osstest service owner
  0 siblings, 0 replies; only message in thread
From: osstest service owner @ 2019-08-22  4:54 UTC (permalink / raw)
  To: xen-devel, osstest-admin

flight 140501 xen-unstable-smoke real [real]
http://logs.test-lab.xenproject.org/osstest/logs/140501/

Regressions :-(

Tests which did not succeed and are blocking,
including tests which could not be run:
 build-amd64                   6 xen-build                fail REGR. vs. 140491

Tests which did not succeed, but are not blocking:
 test-amd64-amd64-libvirt      1 build-check(1)               blocked  n/a
 test-amd64-amd64-xl-qemuu-debianhvm-amd64  1 build-check(1)        blocked n/a
 build-amd64-libvirt           1 build-check(1)               blocked  n/a
 test-arm64-arm64-xl-xsm      13 migrate-support-check        fail   never pass
 test-arm64-arm64-xl-xsm      14 saverestore-support-check    fail   never pass
 test-armhf-armhf-xl          13 migrate-support-check        fail   never pass
 test-armhf-armhf-xl          14 saverestore-support-check    fail   never pass

version targeted for testing:
 xen                  a1dc65aaf470fa01f394e01ab6747d135961a0ae
baseline version:
 xen                  e0bf98394ee06b9f365684269b1de091c31d8d9c

Last test of basis   140491  2019-08-21 19:01:05 Z    0 days
Testing same since   140494  2019-08-21 22:01:22 Z    0 days    2 attempts

------------------------------------------------------------
People who touched revisions under test:
  Andrew Cooper <andrew.cooper3@citrix.com>
  Julien Grall <julien.grall@arm.com>

jobs:
 build-arm64-xsm                                              pass    
 build-amd64                                                  fail    
 build-armhf                                                  pass    
 build-amd64-libvirt                                          blocked 
 test-armhf-armhf-xl                                          pass    
 test-arm64-arm64-xl-xsm                                      pass    
 test-amd64-amd64-xl-qemuu-debianhvm-amd64                    blocked 
 test-amd64-amd64-libvirt                                     blocked 


------------------------------------------------------------
sg-report-flight on osstest.test-lab.xenproject.org
logs: /home/logs/logs
images: /home/logs/images

Logs, config files, etc. are available at
    http://logs.test-lab.xenproject.org/osstest/logs

Explanation of these reports, and of osstest in general, is at
    http://xenbits.xen.org/gitweb/?p=osstest.git;a=blob;f=README.email;hb=master
    http://xenbits.xen.org/gitweb/?p=osstest.git;a=blob;f=README;hb=master

Test harness code can be found at
    http://xenbits.xen.org/gitweb?p=osstest.git;a=summary


Not pushing.

------------------------------------------------------------
commit a1dc65aaf470fa01f394e01ab6747d135961a0ae
Author: Julien Grall <julien.grall@arm.com>
Date:   Wed Aug 21 22:19:17 2019 +0100

    xen/console: debugtrace: Compute the buffer length is O(1) rather O(n)
    
    This was meant to be part of commit e0bf98394e "xen/console: Fix build
    when CONFIG_DEBUG_TRACE" but not addressed before been committed.
    
    Signed-off-by: Julien Grall <julien.grall@arm.com>
    Acked-by: Andrew Cooper <andrew.cooper3@citrix.com>
(qemu changes not included)

_______________________________________________
Xen-devel mailing list
Xen-devel@lists.xenproject.org
https://lists.xenproject.org/mailman/listinfo/xen-devel

^ permalink raw reply	[flat|nested] only message in thread

only message in thread, back to index

Thread overview: (only message) (download: mbox.gz / follow: Atom feed)
-- links below jump to the message on this page --
2019-08-22  4:54 [Xen-devel] [xen-unstable-smoke test] 140501: regressions - FAIL osstest service owner

Xen-Devel Archive on lore.kernel.org

Archives are clonable:
	git clone --mirror https://lore.kernel.org/xen-devel/0 xen-devel/git/0.git
	git clone --mirror https://lore.kernel.org/xen-devel/1 xen-devel/git/1.git

	# If you have public-inbox 1.1+ installed, you may
	# initialize and index your mirror using the following commands:
	public-inbox-init -V2 xen-devel xen-devel/ https://lore.kernel.org/xen-devel \
		xen-devel@lists.xenproject.org xen-devel@lists.xen.org xen-devel@archiver.kernel.org
	public-inbox-index xen-devel

Example config snippet for mirrors

Newsgroup available over NNTP:
	nntp://nntp.lore.kernel.org/org.xenproject.lists.xen-devel


AGPL code for this site: git clone https://public-inbox.org/ public-inbox