Xen-Devel Archive on lore.kernel.org
 help / color / Atom feed
* [Xen-devel] [qemu-mainline test] 140583: regressions - FAIL
@ 2019-08-24 14:42 osstest service owner
  0 siblings, 0 replies; only message in thread
From: osstest service owner @ 2019-08-24 14:42 UTC (permalink / raw)
  To: xen-devel, osstest-admin

flight 140583 qemu-mainline real [real]
http://logs.test-lab.xenproject.org/osstest/logs/140583/

Regressions :-(

Tests which did not succeed and are blocking,
including tests which could not be run:
 build-amd64-xsm               6 xen-build                fail REGR. vs. 140282
 test-amd64-amd64-xl-pvshim  20 guest-start/debian.repeat fail REGR. vs. 140282

Tests which did not succeed, but are not blocking:
 test-amd64-amd64-xl-xsm       1 build-check(1)               blocked  n/a
 test-amd64-i386-libvirt-xsm   1 build-check(1)               blocked  n/a
 test-amd64-amd64-libvirt-qemuu-debianhvm-amd64-xsm 1 build-check(1) blocked n/a
 test-amd64-i386-xl-xsm        1 build-check(1)               blocked  n/a
 test-amd64-amd64-xl-qemuu-debianhvm-i386-xsm  1 build-check(1)     blocked n/a
 test-amd64-i386-xl-qemuu-debianhvm-i386-xsm  1 build-check(1)      blocked n/a
 test-amd64-i386-libvirt-qemuu-debianhvm-amd64-xsm 1 build-check(1) blocked n/a
 test-amd64-amd64-libvirt-xsm  1 build-check(1)               blocked  n/a
 test-amd64-amd64-xl-qemuu-win7-amd64 17 guest-stop            fail like 140282
 test-armhf-armhf-libvirt     14 saverestore-support-check    fail  like 140282
 test-amd64-i386-xl-qemuu-win7-amd64 17 guest-stop             fail like 140282
 test-amd64-amd64-xl-qemuu-ws16-amd64 17 guest-stop            fail like 140282
 test-armhf-armhf-libvirt-raw 13 saverestore-support-check    fail  like 140282
 test-amd64-i386-xl-pvshim    12 guest-start                  fail   never pass
 test-amd64-amd64-libvirt     13 migrate-support-check        fail   never pass
 test-amd64-i386-libvirt      13 migrate-support-check        fail   never pass
 test-arm64-arm64-xl-seattle  13 migrate-support-check        fail   never pass
 test-arm64-arm64-xl-seattle  14 saverestore-support-check    fail   never pass
 test-arm64-arm64-xl-xsm      13 migrate-support-check        fail   never pass
 test-arm64-arm64-xl-xsm      14 saverestore-support-check    fail   never pass
 test-arm64-arm64-xl-credit2  13 migrate-support-check        fail   never pass
 test-arm64-arm64-xl-credit2  14 saverestore-support-check    fail   never pass
 test-arm64-arm64-xl          13 migrate-support-check        fail   never pass
 test-arm64-arm64-xl          14 saverestore-support-check    fail   never pass
 test-arm64-arm64-xl-thunderx 13 migrate-support-check        fail   never pass
 test-arm64-arm64-xl-thunderx 14 saverestore-support-check    fail   never pass
 test-amd64-amd64-qemuu-nested-amd 17 debian-hvm-install/l1/l2  fail never pass
 test-armhf-armhf-xl-arndale  13 migrate-support-check        fail   never pass
 test-armhf-armhf-xl-arndale  14 saverestore-support-check    fail   never pass
 test-arm64-arm64-libvirt-xsm 13 migrate-support-check        fail   never pass
 test-arm64-arm64-libvirt-xsm 14 saverestore-support-check    fail   never pass
 test-amd64-amd64-libvirt-vhd 12 migrate-support-check        fail   never pass
 test-armhf-armhf-xl-rtds     13 migrate-support-check        fail   never pass
 test-armhf-armhf-xl-rtds     14 saverestore-support-check    fail   never pass
 test-armhf-armhf-xl-credit2  13 migrate-support-check        fail   never pass
 test-armhf-armhf-xl-credit2  14 saverestore-support-check    fail   never pass
 test-armhf-armhf-xl          13 migrate-support-check        fail   never pass
 test-armhf-armhf-xl          14 saverestore-support-check    fail   never pass
 test-armhf-armhf-xl-multivcpu 13 migrate-support-check        fail  never pass
 test-armhf-armhf-xl-multivcpu 14 saverestore-support-check    fail  never pass
 test-armhf-armhf-libvirt     13 migrate-support-check        fail   never pass
 test-armhf-armhf-xl-cubietruck 13 migrate-support-check        fail never pass
 test-armhf-armhf-xl-cubietruck 14 saverestore-support-check    fail never pass
 test-arm64-arm64-xl-credit1  13 migrate-support-check        fail   never pass
 test-arm64-arm64-xl-credit1  14 saverestore-support-check    fail   never pass
 test-armhf-armhf-xl-credit1  13 migrate-support-check        fail   never pass
 test-armhf-armhf-xl-credit1  14 saverestore-support-check    fail   never pass
 test-armhf-armhf-xl-vhd      12 migrate-support-check        fail   never pass
 test-armhf-armhf-xl-vhd      13 saverestore-support-check    fail   never pass
 test-amd64-i386-xl-qemuu-ws16-amd64 17 guest-stop              fail never pass
 test-armhf-armhf-libvirt-raw 12 migrate-support-check        fail   never pass
 test-amd64-i386-xl-qemuu-win10-i386 10 windows-install         fail never pass
 test-amd64-amd64-xl-qemuu-win10-i386 10 windows-install        fail never pass

version targeted for testing:
 qemuu                586f3dced9f2b354480c140c070a3d02a0c66a1e
baseline version:
 qemuu                afd760539308a5524accf964107cdb1d54a059e3

Last test of basis   140282  2019-08-18 05:36:51 Z    6 days
Failing since        140361  2019-08-19 11:36:26 Z    5 days    6 attempts
Testing same since   140583  2019-08-23 16:55:24 Z    0 days    1 attempts

------------------------------------------------------------
People who touched revisions under test:
  Alberto Garcia <berto@igalia.com>
  Aleksandar Markovic <amarkovic@wavecomp.com>
  Alex Bennée <alex.bennee@linaro.org>
  Alexey Kardashevskiy <aik@ozlabs.ru>
  Andrey Shinkevich <andrey.shinkevich@virtuozzo.com>
  BALATON Zoltan <balaton@eik.bme.hu>
  Bastian Koppelmann <kbastian@mail.uni-paderborn.de>
  Carlo Marcelo Arenas Belón <carenas@gmail.com>
  Catherine Ho <catherine.hecx@gmail.com>
  Corey Minyard <cminyard@mvista.com>
  Cornelia Huck <cohuck@redhat.com>
  Cédric Le Goater <clg@kaod.org>
  Daniel Black <daniel@linux.ibm.com>
  Daniel P. Berrangé <berrange@redhat.com>
  David Gibson <david@gibson.dropbear.id.au>
  David Hildenbrand <david@redhat.com>
  Dr. David Alan Gilbert <dgilbert@redhat.com>
  Eduardo Habkost <ehabkost@redhat.com>
  Gerd Hoffmann <kraxel@redhat.com>
  Greg Kurz <groug@kaod.org>
  Guenter Roeck <linux@roeck-us.net>
  Hikaru Nishida <hikarupsp@gmail.com>
  Jan Kiszka <jan.kiszka@siemens.com>
  Jing Liu <jing2.liu@linux.intel.com>
  John Snow <jsnow@redhat.com>
  Kővágó, Zoltán <DirtY.iCE.hu@gmail.com>
  Laurent Vivier <laurent@vivier.eu>
  Li Qiang <liq3ea@163.com>
  Marc-André Lureau <marcandre.lureau@redhat.com>
  Marcelo Tosatti <mtosatti@redhat.com>
  Markus Armbruster <armbru@redhat.com>
  Martin Cerveny <M.Cerveny@computer.org>
  Max Reitz <mreitz@redhat.com>
  Maxim Levitsky <mlevitsk@redhat.com>
  Maxiwell S. Garcia <maxiwell@linux.ibm.com>
  Michael Roth <mdroth@linux.vnet.ibm.com
  Michael Roth <mdroth@linux.vnet.ibm.com>
  Michal Privoznik <mprivozn@redhat.com>
  Nicholas Piggin <npiggin@gmail.com>
  Niklas Haas <git@haasn.xyz>
  Palmer Dabbelt <palmer@sifive.com>
  Paolo Bonzini <pbonzini@redhat.com>
  Paul A. Clarke <pc@us.ibm.com>
  Paul Mackerras <paulus@ozlabs.org>
  Pavel Dovgalyuk <pavel.dovgaluk@gmail.com>
  Pavel Dovgalyuk <Pavel.Dovgaluk@ispras.ru>
  Pavel Dovgalyuk <Pavel.Dovgauk@ispras.ru>
  Peter Maydell <peter.maydell@linaro.org>
  Peter Xu <peterx@redhat.com>
  Philippe Mathieu-Daudé <philmd@redhat.com>
  Prasad J Pandit <pjp@fedoraproject.org>
  Richard Henderson <richard.henderson@linaro.org>
  Roman Kagan <rkagan@virtuozzo.com>
  Shivaprasad G Bhat <sbhat@linux.ibm.com>
  Stefan Brankovic <stefan.brankovic@rt-rk.com>
  Stefan Hajnoczi <stefanha@redhat.com>
  Stefan Weil <sw@weilnetz.de>
  Stefano Garzarella <sgarzare@redhat.com>
  Thomas Huth <thuth@redhat.com>
  Tony Nguyen <tony.nguyen@bt.com>
  tony.nguyen@bt.com <tony.nguyen@bt.com>
  Vladimir Sementsov-Ogievskiy <vsementsov@virtuozzo.com>
  Wanpeng Li <wanpengli@tencent.com>
  Wei Yang <richardw.yang@linux.intel.com>
  Yan Zhao <yan.y.zhao@intel.com>

jobs:
 build-amd64-xsm                                              fail    
 build-arm64-xsm                                              pass    
 build-i386-xsm                                               pass    
 build-amd64                                                  pass    
 build-arm64                                                  pass    
 build-armhf                                                  pass    
 build-i386                                                   pass    
 build-amd64-libvirt                                          pass    
 build-arm64-libvirt                                          pass    
 build-armhf-libvirt                                          pass    
 build-i386-libvirt                                           pass    
 build-amd64-pvops                                            pass    
 build-arm64-pvops                                            pass    
 build-armhf-pvops                                            pass    
 build-i386-pvops                                             pass    
 test-amd64-amd64-xl                                          pass    
 test-arm64-arm64-xl                                          pass    
 test-armhf-armhf-xl                                          pass    
 test-amd64-i386-xl                                           pass    
 test-amd64-amd64-libvirt-qemuu-debianhvm-amd64-xsm           blocked 
 test-amd64-i386-libvirt-qemuu-debianhvm-amd64-xsm            blocked 
 test-amd64-amd64-xl-qemuu-debianhvm-i386-xsm                 blocked 
 test-amd64-i386-xl-qemuu-debianhvm-i386-xsm                  blocked 
 test-amd64-amd64-libvirt-xsm                                 blocked 
 test-arm64-arm64-libvirt-xsm                                 pass    
 test-amd64-i386-libvirt-xsm                                  blocked 
 test-amd64-amd64-xl-xsm                                      blocked 
 test-arm64-arm64-xl-xsm                                      pass    
 test-amd64-i386-xl-xsm                                       blocked 
 test-amd64-amd64-qemuu-nested-amd                            fail    
 test-amd64-amd64-xl-pvhv2-amd                                pass    
 test-amd64-i386-qemuu-rhel6hvm-amd                           pass    
 test-amd64-amd64-xl-qemuu-debianhvm-amd64                    pass    
 test-amd64-i386-xl-qemuu-debianhvm-amd64                     pass    
 test-amd64-i386-freebsd10-amd64                              pass    
 test-amd64-amd64-xl-qemuu-ovmf-amd64                         pass    
 test-amd64-i386-xl-qemuu-ovmf-amd64                          pass    
 test-amd64-amd64-xl-qemuu-win7-amd64                         fail    
 test-amd64-i386-xl-qemuu-win7-amd64                          fail    
 test-amd64-amd64-xl-qemuu-ws16-amd64                         fail    
 test-amd64-i386-xl-qemuu-ws16-amd64                          fail    
 test-armhf-armhf-xl-arndale                                  pass    
 test-amd64-amd64-xl-credit1                                  pass    
 test-arm64-arm64-xl-credit1                                  pass    
 test-armhf-armhf-xl-credit1                                  pass    
 test-amd64-amd64-xl-credit2                                  pass    
 test-arm64-arm64-xl-credit2                                  pass    
 test-armhf-armhf-xl-credit2                                  pass    
 test-armhf-armhf-xl-cubietruck                               pass    
 test-amd64-amd64-xl-qemuu-dmrestrict-amd64-dmrestrict        pass    
 test-amd64-i386-xl-qemuu-dmrestrict-amd64-dmrestrict         pass    
 test-amd64-i386-freebsd10-i386                               pass    
 test-amd64-amd64-xl-qemuu-win10-i386                         fail    
 test-amd64-i386-xl-qemuu-win10-i386                          fail    
 test-amd64-amd64-qemuu-nested-intel                          pass    
 test-amd64-amd64-xl-pvhv2-intel                              pass    
 test-amd64-i386-qemuu-rhel6hvm-intel                         pass    
 test-amd64-amd64-libvirt                                     pass    
 test-armhf-armhf-libvirt                                     pass    
 test-amd64-i386-libvirt                                      pass    
 test-amd64-amd64-xl-multivcpu                                pass    
 test-armhf-armhf-xl-multivcpu                                pass    
 test-amd64-amd64-pair                                        pass    
 test-amd64-i386-pair                                         pass    
 test-amd64-amd64-libvirt-pair                                pass    
 test-amd64-i386-libvirt-pair                                 pass    
 test-amd64-amd64-amd64-pvgrub                                pass    
 test-amd64-amd64-i386-pvgrub                                 pass    
 test-amd64-amd64-xl-pvshim                                   fail    
 test-amd64-i386-xl-pvshim                                    fail    
 test-amd64-amd64-pygrub                                      pass    
 test-amd64-amd64-xl-qcow2                                    pass    
 test-armhf-armhf-libvirt-raw                                 pass    
 test-amd64-i386-xl-raw                                       pass    
 test-amd64-amd64-xl-rtds                                     pass    
 test-armhf-armhf-xl-rtds                                     pass    
 test-arm64-arm64-xl-seattle                                  pass    
 test-amd64-amd64-xl-qemuu-debianhvm-amd64-shadow             pass    
 test-amd64-i386-xl-qemuu-debianhvm-amd64-shadow              pass    
 test-amd64-amd64-xl-shadow                                   pass    
 test-amd64-i386-xl-shadow                                    pass    
 test-arm64-arm64-xl-thunderx                                 pass    
 test-amd64-amd64-libvirt-vhd                                 pass    
 test-armhf-armhf-xl-vhd                                      pass    


------------------------------------------------------------
sg-report-flight on osstest.test-lab.xenproject.org
logs: /home/logs/logs
images: /home/logs/images

Logs, config files, etc. are available at
    http://logs.test-lab.xenproject.org/osstest/logs

Explanation of these reports, and of osstest in general, is at
    http://xenbits.xen.org/gitweb/?p=osstest.git;a=blob;f=README.email;hb=master
    http://xenbits.xen.org/gitweb/?p=osstest.git;a=blob;f=README;hb=master

Test harness code can be found at
    http://xenbits.xen.org/gitweb?p=osstest.git;a=summary


Not pushing.

(No revision log; it would be 5120 lines long.)

_______________________________________________
Xen-devel mailing list
Xen-devel@lists.xenproject.org
https://lists.xenproject.org/mailman/listinfo/xen-devel

^ permalink raw reply	[flat|nested] only message in thread

only message in thread, back to index

Thread overview: (only message) (download: mbox.gz / follow: Atom feed)
-- links below jump to the message on this page --
2019-08-24 14:42 [Xen-devel] [qemu-mainline test] 140583: regressions - FAIL osstest service owner

Xen-Devel Archive on lore.kernel.org

Archives are clonable:
	git clone --mirror https://lore.kernel.org/xen-devel/0 xen-devel/git/0.git
	git clone --mirror https://lore.kernel.org/xen-devel/1 xen-devel/git/1.git

	# If you have public-inbox 1.1+ installed, you may
	# initialize and index your mirror using the following commands:
	public-inbox-init -V2 xen-devel xen-devel/ https://lore.kernel.org/xen-devel \
		xen-devel@lists.xenproject.org xen-devel@archiver.kernel.org
	public-inbox-index xen-devel


Newsgroup available over NNTP:
	nntp://nntp.lore.kernel.org/org.xenproject.lists.xen-devel


AGPL code for this site: git clone https://public-inbox.org/ public-inbox