Xen-Devel Archive on lore.kernel.org
 help / color / Atom feed
* [Xen-devel] [linux-4.14 test] 140593: regressions - FAIL
@ 2019-08-24 23:21 osstest service owner
  0 siblings, 0 replies; only message in thread
From: osstest service owner @ 2019-08-24 23:21 UTC (permalink / raw)
  To: xen-devel, osstest-admin

flight 140593 linux-4.14 real [real]
http://logs.test-lab.xenproject.org/osstest/logs/140593/

Regressions :-(

Tests which did not succeed and are blocking,
including tests which could not be run:
 test-amd64-i386-xl-raw        7 xen-boot                 fail REGR. vs. 139910
 test-amd64-i386-xl            7 xen-boot                 fail REGR. vs. 139910
 build-amd64-xsm               6 xen-build      fail in 140478 REGR. vs. 139910

Tests which are failing intermittently (not blocking):
 test-amd64-i386-xl-shadow 20 guest-start/debian.repeat fail in 140193 pass in 140523
 test-amd64-i386-libvirt-xsm   7 xen-boot         fail in 140193 pass in 140593
 test-amd64-i386-xl-pvshim     7 xen-boot         fail in 140193 pass in 140593
 test-amd64-i386-freebsd10-amd64  7 xen-boot      fail in 140193 pass in 140593
 test-amd64-i386-xl-qemut-stubdom-debianhvm-amd64-xsm 16 guest-localmigrate/x10 fail in 140193 pass in 140593
 test-amd64-i386-libvirt       7 xen-boot         fail in 140223 pass in 140593
 test-amd64-i386-xl-qemut-debianhvm-amd64 7 xen-boot fail in 140223 pass in 140593
 test-amd64-i386-xl-qemuu-ovmf-amd64  7 xen-boot  fail in 140223 pass in 140593
 test-amd64-i386-xl-xsm        7 xen-boot         fail in 140223 pass in 140593
 test-amd64-amd64-qemuu-nested-amd  7 xen-boot    fail in 140478 pass in 140593
 test-amd64-i386-examine       8 reboot           fail in 140478 pass in 140593
 test-amd64-i386-qemuu-rhel6hvm-intel  7 xen-boot fail in 140523 pass in 140593
 test-amd64-i386-xl-qemut-stubdom-debianhvm-amd64-xsm 14 guest-localmigrate fail in 140523 pass in 140593
 test-armhf-armhf-libvirt     19 leak-check/check fail in 140523 pass in 140593
 test-amd64-i386-xl-qemut-stubdom-debianhvm-amd64-xsm 7 xen-boot fail in 140553 pass in 140593
 test-amd64-i386-xl-qemut-debianhvm-i386-xsm 7 xen-boot fail in 140553 pass in 140593
 test-amd64-i386-qemut-rhel6hvm-intel  7 xen-boot fail in 140553 pass in 140593
 test-amd64-i386-xl-shadow     7 xen-boot         fail in 140553 pass in 140593
 test-amd64-i386-xl-qemuu-win10-i386  7 xen-boot  fail in 140553 pass in 140593
 test-amd64-i386-xl-qemut-win10-i386  7 xen-boot  fail in 140553 pass in 140593
 test-amd64-i386-libvirt-pair 10 xen-boot/src_host          fail pass in 140193
 test-amd64-i386-libvirt-pair 11 xen-boot/dst_host          fail pass in 140193
 test-amd64-i386-freebsd10-i386  7 xen-boot                 fail pass in 140223
 test-amd64-i386-xl-qemut-stubdom-debianhvm-amd64-xsm 17 guest-stop fail pass in 140223
 test-amd64-i386-xl-qemuu-dmrestrict-amd64-dmrestrict 7 xen-boot fail pass in 140478
 test-amd64-i386-xl-shadow    16 guest-localmigrate         fail pass in 140523
 test-amd64-amd64-xl-pvshim   20 guest-start/debian.repeat  fail pass in 140553

Tests which did not succeed, but are not blocking:
 test-amd64-amd64-xl-qemut-debianhvm-i386-xsm 1 build-check(1) blocked in 140478 n/a
 test-amd64-i386-xl-qemuu-debianhvm-i386-xsm 1 build-check(1) blocked in 140478 n/a
 test-amd64-amd64-libvirt-qemuu-debianhvm-amd64-xsm 1 build-check(1) blocked in 140478 n/a
 test-amd64-i386-libvirt-xsm   1 build-check(1)           blocked in 140478 n/a
 test-amd64-i386-libvirt-qemuu-debianhvm-amd64-xsm 1 build-check(1) blocked in 140478 n/a
 test-amd64-amd64-xl-qemuu-debianhvm-i386-xsm 1 build-check(1) blocked in 140478 n/a
 test-amd64-amd64-xl-qemut-stubdom-debianhvm-amd64-xsm 1 build-check(1) blocked in 140478 n/a
 test-amd64-i386-xl-xsm        1 build-check(1)           blocked in 140478 n/a
 test-amd64-amd64-xl-xsm       1 build-check(1)           blocked in 140478 n/a
 test-amd64-i386-xl-qemut-debianhvm-i386-xsm 1 build-check(1) blocked in 140478 n/a
 test-amd64-amd64-libvirt-xsm  1 build-check(1)           blocked in 140478 n/a
 test-amd64-i386-xl-qemut-stubdom-debianhvm-amd64-xsm 1 build-check(1) blocked in 140478 n/a
 test-arm64-arm64-examine     11 examine-serial/bootloader    fail  like 139871
 test-amd64-i386-xl-pvshim    12 guest-start                  fail   never pass
 test-amd64-amd64-libvirt     13 migrate-support-check        fail   never pass
 test-amd64-i386-libvirt-xsm  13 migrate-support-check        fail   never pass
 test-amd64-amd64-libvirt-xsm 13 migrate-support-check        fail   never pass
 test-amd64-i386-libvirt      13 migrate-support-check        fail   never pass
 test-amd64-amd64-libvirt-qemuu-debianhvm-amd64-xsm 11 migrate-support-check fail never pass
 test-arm64-arm64-xl-seattle  13 migrate-support-check        fail   never pass
 test-arm64-arm64-xl-seattle  14 saverestore-support-check    fail   never pass
 test-amd64-i386-libvirt-qemuu-debianhvm-amd64-xsm 11 migrate-support-check fail never pass
 test-arm64-arm64-xl          13 migrate-support-check        fail   never pass
 test-arm64-arm64-xl          14 saverestore-support-check    fail   never pass
 test-amd64-amd64-qemuu-nested-amd 17 debian-hvm-install/l1/l2  fail never pass
 test-arm64-arm64-libvirt-xsm 13 migrate-support-check        fail   never pass
 test-arm64-arm64-libvirt-xsm 14 saverestore-support-check    fail   never pass
 test-arm64-arm64-xl-credit2  13 migrate-support-check        fail   never pass
 test-arm64-arm64-xl-credit2  14 saverestore-support-check    fail   never pass
 test-arm64-arm64-xl-xsm      13 migrate-support-check        fail   never pass
 test-arm64-arm64-xl-xsm      14 saverestore-support-check    fail   never pass
 test-arm64-arm64-xl-credit1  13 migrate-support-check        fail   never pass
 test-arm64-arm64-xl-credit1  14 saverestore-support-check    fail   never pass
 test-arm64-arm64-xl-thunderx 13 migrate-support-check        fail   never pass
 test-arm64-arm64-xl-thunderx 14 saverestore-support-check    fail   never pass
 test-amd64-amd64-libvirt-vhd 12 migrate-support-check        fail   never pass
 test-armhf-armhf-xl-arndale  13 migrate-support-check        fail   never pass
 test-armhf-armhf-xl-arndale  14 saverestore-support-check    fail   never pass
 test-amd64-i386-xl-qemut-win7-amd64 17 guest-stop              fail never pass
 test-amd64-amd64-xl-qemuu-ws16-amd64 17 guest-stop             fail never pass
 test-armhf-armhf-xl-credit2  13 migrate-support-check        fail   never pass
 test-armhf-armhf-xl-credit2  14 saverestore-support-check    fail   never pass
 test-amd64-i386-xl-qemuu-win7-amd64 17 guest-stop              fail never pass
 test-amd64-amd64-xl-qemuu-win7-amd64 17 guest-stop             fail never pass
 test-armhf-armhf-xl-credit1  13 migrate-support-check        fail   never pass
 test-armhf-armhf-xl-credit1  14 saverestore-support-check    fail   never pass
 test-armhf-armhf-xl          13 migrate-support-check        fail   never pass
 test-armhf-armhf-xl          14 saverestore-support-check    fail   never pass
 test-armhf-armhf-xl-multivcpu 13 migrate-support-check        fail  never pass
 test-armhf-armhf-xl-multivcpu 14 saverestore-support-check    fail  never pass
 test-armhf-armhf-xl-rtds     13 migrate-support-check        fail   never pass
 test-armhf-armhf-xl-rtds     14 saverestore-support-check    fail   never pass
 test-armhf-armhf-xl-cubietruck 13 migrate-support-check        fail never pass
 test-armhf-armhf-xl-cubietruck 14 saverestore-support-check    fail never pass
 test-armhf-armhf-libvirt     13 migrate-support-check        fail   never pass
 test-armhf-armhf-libvirt     14 saverestore-support-check    fail   never pass
 test-amd64-i386-xl-qemut-ws16-amd64 17 guest-stop              fail never pass
 test-amd64-amd64-xl-qemut-ws16-amd64 17 guest-stop             fail never pass
 test-armhf-armhf-libvirt-raw 12 migrate-support-check        fail   never pass
 test-armhf-armhf-libvirt-raw 13 saverestore-support-check    fail   never pass
 test-amd64-amd64-xl-qemut-win7-amd64 17 guest-stop             fail never pass
 test-armhf-armhf-xl-vhd      12 migrate-support-check        fail   never pass
 test-armhf-armhf-xl-vhd      13 saverestore-support-check    fail   never pass
 test-amd64-i386-xl-qemuu-ws16-amd64 17 guest-stop              fail never pass
 test-amd64-amd64-xl-qemuu-win10-i386 10 windows-install        fail never pass
 test-amd64-amd64-xl-qemut-win10-i386 10 windows-install        fail never pass
 test-amd64-i386-xl-qemuu-win10-i386 10 windows-install         fail never pass
 test-amd64-i386-xl-qemut-win10-i386 10 windows-install         fail never pass

version targeted for testing:
 linux                45f092f9e9cb31486db546e39bfe7cc0b3f57099
baseline version:
 linux                3ffe1e79c174b2093f7ee3df589a7705572c9620

Last test of basis   139910  2019-08-10 16:24:17 Z   14 days
Testing same since   140193  2019-08-16 08:38:51 Z    8 days   10 attempts

------------------------------------------------------------
People who touched revisions under test:
  Adrian Hunter <adrian.hunter@intel.com>
  Alan Stern <stern@rowland.harvard.edu>
  Arnaldo Carvalho de Melo <acme@redhat.com>
  Arnd Bergmann <arnd@arndb.de>
  Ben Hutchings <ben@decadent.org.uk>
  Bjoern Gerhart <gerhart@posteo.de>
  Björn Gerhart <gerhart@posteo.de>
  Brian Norris <briannorris@chromium.org>
  Charles Keepax <ckeepax@opensource.cirrus.com>
  Cornelia Huck <cohuck@redhat.com>
  Dmitry Torokhov <dmitry.torokhov@gmail.com>
  Emmanuel Grumbach <emmanuel.grumbach@intel.com>
  Farhan Ali <alifm@linux.ibm.com>
  Florian Westphal <fw@strlen.de>
  Gary R Hook <gary.hook@amd.com>
  Gavin Li <git@thegavinli.com>
  Greg Kroah-Hartman <gregkh@linuxfoundation.org>
  Guenter Roeck <linux@roeck-us.net>
  Hannes Reinecke <hare@suse.com>
  Hannes Reinecke <hare@suse.de>
  Heiko Carstens <heiko.carstens@de.ibm.com>
  Herbert Xu <herbert@gondor.apana.org.au>
  Ingo Molnar <mingo@kernel.org>
  Jani Nikula <jani.nikula@intel.com>
  Jens Axboe <axboe@kernel.dk>
  Jiri Kosina <jkosina@suse.cz>
  Jiri Olsa <jolsa@kernel.org>
  Joe Perches <joe@perches.com>
  Joerg Roedel <jroedel@suse.de>
  Johannes Berg <johannes.berg@intel.com>
  Jonathan Cameron <Jonathan.Cameron@huawei.com>
  Julian Wiedmann <jwi@linux.ibm.com>
  Junxiao Bi <junxiao.bi@oracle.com>
  Kalle Valo <kvalo@codeaurora.org>
  Kees Cook <keescook@chromium.org>
  Kevin Hao <haokexin@gmail.com>
  Konrad Rzeszutek Wilk <konrad.wilk@oracle.com>
  Laura Garcia Liebana <nevola@gmail.com>
  Leonard Crestez <leonard.crestez@nxp.com>
  Lorenzo Pieralisi <lorenzo.pieralisi@arm.com>
  Luca Coelho <luciano.coelho@intel.com>
  Marc Kleine-Budde <mkl@pengutronix.de>
  Martin K. Petersen <martin.petersen@oracle.com>
  Mauro Carvalho Chehab <mchehab+samsung@kernel.org>
  Miaohe Lin <linmiaohe@huawei.com>
  Mikulas Patocka <mpatocka@redhat.com>
  Nick Desaulniers <ndesaulniers@google.com>
  Nikita Yushchenko <nikita.yoush@cogentembedded.com>
  Oliver Neukum <oneukum@suse.com>
  Olof Johansson <olof@lixom.net>
  Pablo Neira Ayuso <pablo@netfilter.org>
  Paolo Bonzini <pbonzini@redhat.com>
  Pavel Shilovsky <pshilov@microsoft.com>
  Peter Zijlstra (Intel) <peterz@infradead.org>
  Peter Zijlstra <peterz@infradead.org>
  Qian Cai <cai@lca.pw>
  Rafael J. Wysocki <rafael.j.wysocki@intel.com>
  Roderick Colenbrander <roderick.colenbrander@sony.com>
  Roderick Colenbrander <roderick@gaikai.com>
  Sasha Levin <sashal@kernel.org>
  Sean Paul <seanpaul@chromium.org>
  Sekhar Nori <nsekhar@ti.com>
  Stanislav Lisovskiy <stanislav.lisovskiy@intel.com>
  Stephane Grosjean <s.grosjean@peak-system.com>
  Steve French <stfrench@microsoft.com>
  Sumit Saxena <sumit.saxena@broadcom.com>
  Suzuki K Poulose <suzuki.poulose@arm.com>
  Takashi Iwai <tiwai@suse.de>
  Thomas Gleixner <tglx@linutronix.de>
  Thomas Richter <tmricht@linux.ibm.com>
  Thomas Tai <thomas.tai@oracle.com>
  Tomas Bortoli <tomasbortoli@gmail.com>
  Trond Myklebust <trond.myklebust@hammerspace.com>
  Trond Myklebust <trond.myklebust@primarydata.com>
  Tyrel Datwyler <tyreld@linux.vnet.ibm.com>
  Ulf Hansson <ulf.hansson@linaro.org>
  Vinod Koul <vkoul@kernel.org>
  Viresh Kumar <viresh.kumar@linaro.org>
  Wanpeng Li <wanpengli@tencent.com>
  Wen Yang <wen.yang99@zte.com.cn>
  Wenwen Wang <wenwen@cs.uga.edu>
  Will Deacon <will@kernel.org>
  Yoshihiro Shimoda <yoshihiro.shimoda.uh@renesas.com>
  Zhangguanghui <zhang.guanghui@h3c.com>

jobs:
 build-amd64-xsm                                              pass    
 build-arm64-xsm                                              pass    
 build-i386-xsm                                               pass    
 build-amd64                                                  pass    
 build-arm64                                                  pass    
 build-armhf                                                  pass    
 build-i386                                                   pass    
 build-amd64-libvirt                                          pass    
 build-arm64-libvirt                                          pass    
 build-armhf-libvirt                                          pass    
 build-i386-libvirt                                           pass    
 build-amd64-pvops                                            pass    
 build-arm64-pvops                                            pass    
 build-armhf-pvops                                            pass    
 build-i386-pvops                                             pass    
 test-amd64-amd64-xl                                          pass    
 test-arm64-arm64-xl                                          pass    
 test-armhf-armhf-xl                                          pass    
 test-amd64-i386-xl                                           fail    
 test-amd64-amd64-libvirt-qemuu-debianhvm-amd64-xsm           pass    
 test-amd64-i386-libvirt-qemuu-debianhvm-amd64-xsm            pass    
 test-amd64-amd64-xl-qemut-stubdom-debianhvm-amd64-xsm        pass    
 test-amd64-i386-xl-qemut-stubdom-debianhvm-amd64-xsm         fail    
 test-amd64-amd64-xl-qemut-debianhvm-i386-xsm                 pass    
 test-amd64-i386-xl-qemut-debianhvm-i386-xsm                  pass    
 test-amd64-amd64-xl-qemuu-debianhvm-i386-xsm                 pass    
 test-amd64-i386-xl-qemuu-debianhvm-i386-xsm                  pass    
 test-amd64-amd64-libvirt-xsm                                 pass    
 test-arm64-arm64-libvirt-xsm                                 pass    
 test-amd64-i386-libvirt-xsm                                  pass    
 test-amd64-amd64-xl-xsm                                      pass    
 test-arm64-arm64-xl-xsm                                      pass    
 test-amd64-i386-xl-xsm                                       pass    
 test-amd64-amd64-qemuu-nested-amd                            fail    
 test-amd64-amd64-xl-pvhv2-amd                                pass    
 test-amd64-i386-qemut-rhel6hvm-amd                           pass    
 test-amd64-i386-qemuu-rhel6hvm-amd                           pass    
 test-amd64-amd64-xl-qemut-debianhvm-amd64                    pass    
 test-amd64-i386-xl-qemut-debianhvm-amd64                     pass    
 test-amd64-amd64-xl-qemuu-debianhvm-amd64                    pass    
 test-amd64-i386-xl-qemuu-debianhvm-amd64                     pass    
 test-amd64-i386-freebsd10-amd64                              pass    
 test-amd64-amd64-xl-qemuu-ovmf-amd64                         pass    
 test-amd64-i386-xl-qemuu-ovmf-amd64                          pass    
 test-amd64-amd64-xl-qemut-win7-amd64                         fail    
 test-amd64-i386-xl-qemut-win7-amd64                          fail    
 test-amd64-amd64-xl-qemuu-win7-amd64                         fail    
 test-amd64-i386-xl-qemuu-win7-amd64                          fail    
 test-amd64-amd64-xl-qemut-ws16-amd64                         fail    
 test-amd64-i386-xl-qemut-ws16-amd64                          fail    
 test-amd64-amd64-xl-qemuu-ws16-amd64                         fail    
 test-amd64-i386-xl-qemuu-ws16-amd64                          fail    
 test-armhf-armhf-xl-arndale                                  pass    
 test-amd64-amd64-xl-credit1                                  pass    
 test-arm64-arm64-xl-credit1                                  pass    
 test-armhf-armhf-xl-credit1                                  pass    
 test-amd64-amd64-xl-credit2                                  pass    
 test-arm64-arm64-xl-credit2                                  pass    
 test-armhf-armhf-xl-credit2                                  pass    
 test-armhf-armhf-xl-cubietruck                               pass    
 test-amd64-amd64-xl-qemuu-dmrestrict-amd64-dmrestrict        pass    
 test-amd64-i386-xl-qemuu-dmrestrict-amd64-dmrestrict         fail    
 test-amd64-amd64-examine                                     pass    
 test-arm64-arm64-examine                                     pass    
 test-armhf-armhf-examine                                     pass    
 test-amd64-i386-examine                                      pass    
 test-amd64-i386-freebsd10-i386                               fail    
 test-amd64-amd64-xl-qemut-win10-i386                         fail    
 test-amd64-i386-xl-qemut-win10-i386                          fail    
 test-amd64-amd64-xl-qemuu-win10-i386                         fail    
 test-amd64-i386-xl-qemuu-win10-i386                          fail    
 test-amd64-amd64-qemuu-nested-intel                          pass    
 test-amd64-amd64-xl-pvhv2-intel                              pass    
 test-amd64-i386-qemut-rhel6hvm-intel                         pass    
 test-amd64-i386-qemuu-rhel6hvm-intel                         pass    
 test-amd64-amd64-libvirt                                     pass    
 test-armhf-armhf-libvirt                                     pass    
 test-amd64-i386-libvirt                                      pass    
 test-amd64-amd64-xl-multivcpu                                pass    
 test-armhf-armhf-xl-multivcpu                                pass    
 test-amd64-amd64-pair                                        pass    
 test-amd64-i386-pair                                         pass    
 test-amd64-amd64-libvirt-pair                                pass    
 test-amd64-i386-libvirt-pair                                 fail    
 test-amd64-amd64-amd64-pvgrub                                pass    
 test-amd64-amd64-i386-pvgrub                                 pass    
 test-amd64-amd64-xl-pvshim                                   fail    
 test-amd64-i386-xl-pvshim                                    fail    
 test-amd64-amd64-pygrub                                      pass    
 test-amd64-amd64-xl-qcow2                                    pass    
 test-armhf-armhf-libvirt-raw                                 pass    
 test-amd64-i386-xl-raw                                       fail    
 test-amd64-amd64-xl-rtds                                     pass    
 test-armhf-armhf-xl-rtds                                     pass    
 test-arm64-arm64-xl-seattle                                  pass    
 test-amd64-amd64-xl-qemuu-debianhvm-amd64-shadow             pass    
 test-amd64-i386-xl-qemuu-debianhvm-amd64-shadow              pass    
 test-amd64-amd64-xl-shadow                                   pass    
 test-amd64-i386-xl-shadow                                    fail    
 test-arm64-arm64-xl-thunderx                                 pass    
 test-amd64-amd64-libvirt-vhd                                 pass    
 test-armhf-armhf-xl-vhd                                      pass    


------------------------------------------------------------
sg-report-flight on osstest.test-lab.xenproject.org
logs: /home/logs/logs
images: /home/logs/images

Logs, config files, etc. are available at
    http://logs.test-lab.xenproject.org/osstest/logs

Explanation of these reports, and of osstest in general, is at
    http://xenbits.xen.org/gitweb/?p=osstest.git;a=blob;f=README.email;hb=master
    http://xenbits.xen.org/gitweb/?p=osstest.git;a=blob;f=README;hb=master

Test harness code can be found at
    http://xenbits.xen.org/gitweb?p=osstest.git;a=summary


Not pushing.

(No revision log; it would be 2160 lines long.)

_______________________________________________
Xen-devel mailing list
Xen-devel@lists.xenproject.org
https://lists.xenproject.org/mailman/listinfo/xen-devel

^ permalink raw reply	[flat|nested] only message in thread

only message in thread, back to index

Thread overview: (only message) (download: mbox.gz / follow: Atom feed)
-- links below jump to the message on this page --
2019-08-24 23:21 [Xen-devel] [linux-4.14 test] 140593: regressions - FAIL osstest service owner

Xen-Devel Archive on lore.kernel.org

Archives are clonable:
	git clone --mirror https://lore.kernel.org/xen-devel/0 xen-devel/git/0.git
	git clone --mirror https://lore.kernel.org/xen-devel/1 xen-devel/git/1.git

	# If you have public-inbox 1.1+ installed, you may
	# initialize and index your mirror using the following commands:
	public-inbox-init -V2 xen-devel xen-devel/ https://lore.kernel.org/xen-devel \
		xen-devel@lists.xenproject.org xen-devel@lists.xen.org
	public-inbox-index xen-devel

Example config snippet for mirrors

Newsgroup available over NNTP:
	nntp://nntp.lore.kernel.org/org.xenproject.lists.xen-devel


AGPL code for this site: git clone https://public-inbox.org/public-inbox.git