From: osstest service owner <osstest-admin@xenproject.org>
To: xen-devel@lists.xenproject.org, osstest-admin@xenproject.org
Subject: [Xen-devel] [linux-4.4 test] 140632: regressions - FAIL
Date: Mon, 26 Aug 2019 04:46:59 +0000 [thread overview]
Message-ID: <osstest-140632-mainreport@xen.org> (raw)
flight 140632 linux-4.4 real [real]
http://logs.test-lab.xenproject.org/osstest/logs/140632/
Regressions :-(
Tests which did not succeed and are blocking,
including tests which could not be run:
test-amd64-i386-xl-qemuu-ovmf-amd64 7 xen-boot fail REGR. vs. 139698
test-amd64-amd64-xl-pvshim 20 guest-start/debian.repeat fail REGR. vs. 139698
test-armhf-armhf-xl 7 xen-boot fail REGR. vs. 139698
test-armhf-armhf-libvirt 19 leak-check/check fail REGR. vs. 139698
Tests which did not succeed, but are not blocking:
test-amd64-amd64-xl-qemuu-dmrestrict-amd64-dmrestrict 10 debian-hvm-install fail never pass
test-amd64-i386-xl-qemuu-dmrestrict-amd64-dmrestrict 10 debian-hvm-install fail never pass
test-amd64-i386-xl-pvshim 12 guest-start fail never pass
test-amd64-amd64-xl-pvhv2-amd 12 guest-start fail never pass
test-arm64-arm64-examine 8 reboot fail never pass
test-arm64-arm64-xl-seattle 7 xen-boot fail never pass
test-arm64-arm64-libvirt-xsm 7 xen-boot fail never pass
test-arm64-arm64-xl 7 xen-boot fail never pass
test-amd64-amd64-libvirt-xsm 13 migrate-support-check fail never pass
test-amd64-i386-libvirt-xsm 13 migrate-support-check fail never pass
test-amd64-amd64-xl-pvhv2-intel 12 guest-start fail never pass
test-amd64-amd64-libvirt 13 migrate-support-check fail never pass
test-amd64-i386-libvirt 13 migrate-support-check fail never pass
test-arm64-arm64-xl-thunderx 7 xen-boot fail never pass
test-amd64-i386-libvirt-qemuu-debianhvm-amd64-xsm 11 migrate-support-check fail never pass
test-amd64-amd64-libvirt-qemuu-debianhvm-amd64-xsm 11 migrate-support-check fail never pass
test-amd64-amd64-qemuu-nested-amd 17 debian-hvm-install/l1/l2 fail never pass
test-armhf-armhf-xl-arndale 13 migrate-support-check fail never pass
test-armhf-armhf-xl-arndale 14 saverestore-support-check fail never pass
test-amd64-amd64-libvirt-vhd 12 migrate-support-check fail never pass
test-amd64-i386-xl-qemuu-win7-amd64 17 guest-stop fail never pass
test-amd64-amd64-xl-qemuu-win7-amd64 17 guest-stop fail never pass
test-amd64-amd64-xl-qemut-win7-amd64 17 guest-stop fail never pass
test-armhf-armhf-xl-multivcpu 13 migrate-support-check fail never pass
test-armhf-armhf-xl-multivcpu 14 saverestore-support-check fail never pass
test-armhf-armhf-xl-credit1 13 migrate-support-check fail never pass
test-armhf-armhf-xl-credit1 14 saverestore-support-check fail never pass
test-armhf-armhf-xl-rtds 13 migrate-support-check fail never pass
test-armhf-armhf-xl-rtds 14 saverestore-support-check fail never pass
test-armhf-armhf-xl-credit2 13 migrate-support-check fail never pass
test-armhf-armhf-xl-credit2 14 saverestore-support-check fail never pass
test-armhf-armhf-libvirt 13 migrate-support-check fail never pass
test-armhf-armhf-libvirt 14 saverestore-support-check fail never pass
test-armhf-armhf-xl-cubietruck 13 migrate-support-check fail never pass
test-armhf-armhf-xl-cubietruck 14 saverestore-support-check fail never pass
test-amd64-i386-xl-qemut-win7-amd64 17 guest-stop fail never pass
test-arm64-arm64-xl-credit1 7 xen-boot fail never pass
test-arm64-arm64-xl-credit2 7 xen-boot fail never pass
test-arm64-arm64-xl-xsm 7 xen-boot fail never pass
test-armhf-armhf-libvirt-raw 12 migrate-support-check fail never pass
test-armhf-armhf-libvirt-raw 13 saverestore-support-check fail never pass
test-amd64-amd64-xl-qemut-ws16-amd64 17 guest-stop fail never pass
test-armhf-armhf-xl-vhd 12 migrate-support-check fail never pass
test-armhf-armhf-xl-vhd 13 saverestore-support-check fail never pass
test-amd64-amd64-xl-qemuu-ws16-amd64 17 guest-stop fail never pass
test-amd64-i386-xl-qemuu-ws16-amd64 17 guest-stop fail never pass
test-amd64-i386-xl-qemut-ws16-amd64 17 guest-stop fail never pass
test-amd64-amd64-xl-qemut-win10-i386 10 windows-install fail never pass
test-amd64-i386-xl-qemut-win10-i386 10 windows-install fail never pass
test-amd64-i386-xl-qemuu-win10-i386 10 windows-install fail never pass
test-amd64-amd64-xl-qemuu-win10-i386 10 windows-install fail never pass
version targeted for testing:
linux 5e9f4d704f8698b6d655afa7e9fac3509da253bc
baseline version:
linux dc16a7e5f36d65b25a1b66ade14356773ed52875
Last test of basis 139698 2019-08-04 07:48:30 Z 21 days
Failing since 139773 2019-08-06 16:40:26 Z 19 days 25 attempts
Testing same since 140632 2019-08-25 10:24:21 Z 0 days 1 attempts
------------------------------------------------------------
People who touched revisions under test:
"Eric W. Biederman" <ebiederm@xmission.com>
Adrian Hunter <adrian.hunter@intel.com>
Al Viro <viro@zeniv.linux.org.uk>
Alan Stern <stern@rowland.harvard.edu>
Alessio Balsini <balsini@android.com>
Andrea Parri <andrea.parri@amarulasolutions.com>
Andrew Morton <akpm@linux-foundation.org>
Andrew Prout <aprout@ll.mit.edu>
Andy Lutomirski <luto@kernel.org>
Angus Ainslie (Purism) <angus@akkea.ca>
Arnaldo Carvalho de Melo <acme@redhat.com>
Arnd Bergmann <arnd@arndb.de>
Barret Rhoden <brho@google.com>
Ben Hutchings <ben@decadent.org.uk>
Benjamin Block <bblock@linux.ibm.com>
Benjamin Poirier <bpoirier@suse.com>
Bjoern Gerhart <gerhart@posteo.de>
Björn Gerhart <gerhart@posteo.de>
Bob Ham <bob.ham@puri.sm>
Borislav Petkov <bp@alien8.de>
Brian Norris <briannorris@chromium.org>
Catalin Marinas <catalin.marinas@arm.com>
Charles Keepax <ckeepax@opensource.cirrus.com>
Christoph Paasch <cpaasch@apple.com>
David S. Miller <davem@davemloft.net>
David Sterba <dsterba@suse.com>
Denis Kirjanov <kda@linux-powerpc.org>
Dmitry Torokhov <dmitry.torokhov@gmail.com>
Don Brace <don.brace@microsemi.com>
Doug Berger <opendmb@gmail.com>
Doug Ledford <dledford@redhat.com>
Douglas Anderson <dianders@chromium.org>
Eric Dumazet <edumazet@google.com>
Felipe Balbi <balbi@ti.com>
Felipe Balbi <felipe.balbi@linux.intel.com>
Felipe F. Tonello <eu@felipetonello.com>
Florian Westphal <fw@strlen.de>
Geert Uytterhoeven <geert+renesas@glider.be>
Greg Kroah-Hartman <gregkh@linuxfoundation.org>
Guenter Roeck <linux@roeck-us.net>
Guillaume Nault <g.nault@alphalink.fr>
Gustavo A. R. Silva <gustavo@embeddedor.com>
Hannes Reinecke <hare@suse.de>
Heiko Carstens <heiko.carstens@de.ibm.com>
Heiko Stuebner <heiko@sntech.de>
Hillf Danton <hdanton@sina.com>
Hiroyuki Yamamoto <hyamamo@allied-telesis.co.jp>
Huy Nguyen <huyn@mellanox.com>
Ian Abbott <abbotti@mev.co.uk>
Ilya Dryomov <idryomov@gmail.com>
Ingo Molnar <mingo@kernel.org>
Jakub Kicinski <jakub.kicinski@netronome.com>
Jan Harkes <jaharkes@cs.cmu.edu>
Jason Gunthorpe <jgg@mellanox.com>
Jay Vosburgh <jay.vosburgh@canonical.com>
Jeffrin Jose T <jeffrin@rajagiritech.edu.in>
Jens Axboe <axboe@kernel.dk>
Jessica Yu <jeyu@kernel.org>
Jia-Ju Bai <baijiaju1990@gmail.com>
Jiri Kosina <jkosina@suse.cz>
Jiri Pirko <jiri@mellanox.com>
Joerg Roedel <jroedel@suse.de>
Johan Hovold <johan@kernel.org>
Johannes Berg <johannes.berg@intel.com>
Jonathan Lemon <jonathan.lemon@gmail.com>
Joseph Qi <joseph.qi@linux.alibaba.com>
Josh Poimboeuf <jpoimboe@redhat.com>
Juergen Gross <jgross@suse.com>
Julian Wiedmann <jwi@linux.ibm.com>
Junxiao Bi <junxiao.bi@oracle.com>
Kalle Valo <kvalo@codeaurora.org>
Kees Cook <keescook@chromium.org>
Konrad Rzeszutek Wilk <konrad.wilk@oracle.com>
Leonard Crestez <leonard.crestez@nxp.com>
Linus Torvalds <torvalds@linux-foundation.org>
Lucas Stach <l.stach@pengutronix.de>
Luck, Tony <tony.luck@intel.com>
Lukas Wunner <lukas@wunner.de>
Manish Chopra <manishc@marvell.com>
Marc Kleine-Budde <mkl@pengutronix.de>
Marc Zyngier <maz@kernel.org>
Marcelo Ricardo Leitner <marcelo.leitner@gmail.com>
Mark Brown <broonie@kernel.org>
Mark Rutland <mark.rutland@arm.com>
Mark Zhang <markz@mellanox.com>
Martin K. Petersen <martin.petersen@oracle.com>
Masahiro Yamada <yamada.masahiro@socionext.com>
Matthias Kaehlcke <mka@chromium.org>
Michal Hocko <mhocko@suse.com>
Michal Kubecek <mkubecek@suse.cz>
Michal Nazarewicz <mina86@mina86.com>
Miguel Ojeda <miguel.ojeda.sandonis@gmail.com>
Mikko Rapeli <mikko.rapeli@iki.fi>
Miles Chen <miles.chen@mediatek.com>
Miquel Raynal <miquel.raynal@bootlin.com>
Neal Cardwell <ncardwell@google.com>
Nikolay Aleksandrov <nikolay@cumulusnetworks.com>
Numfor Mbiziwo-Tiapo <nums@google.com>
Oliver Neukum <oneukum@suse.com>
Olof Johansson <olof@lixom.net>
Ondrej Mosnacek <omosnace@redhat.com>
Pablo Neira Ayuso <pablo@netfilter.org>
Paolo Bonzini <pbonzini@redhat.com>
Paul Burton <paul.burton@mips.com>
Paul Moore <paul@paul-moore.com>
Pavel Machek <pavel@ucw.cz>
Pavel Shilovsky <pshilov@microsoft.com>
Peter Zijlstra (Intel) <peterz@infradead.org>
Peter Zijlstra <peterz@infradead.org>
Petr Cvek <petrcvekcz@gmail.com>
Phil Turnbull <phil.turnbull@oracle.com>
Prarit Bhargava <prarit@redhat.com>
Qian Cai <cai@lca.pw>
Rafael J. Wysocki <rafael.j.wysocki@intel.com>
Rogan Dawes <rogan@dawes.za.net>
Ross Lagerwall <ross.lagerwall@citrix.com>
Russell King <rmk+kernel@armlinux.org.uk>
Saeed Mahameed <saeedm@mellanox.com>
Sam Protsenko <semen.protsenko@linaro.org>
Sasha Levin <sashal@kernel.org>
Sebastian Parschauer <s.parschauer@gmx.de>
Sekhar Nori <nsekhar@ti.com>
Stefan Haberland <sth@linux.ibm.com>
Stefan Wahren <wahrenst@gmx.net>
Stephane Grosjean <s.grosjean@peak-system.com>
Steve French <stfrench@microsoft.com>
Sudarsana Reddy Kalluru <skalluru@marvell.com>
Suganath Prabu <suganath-prabu.subramani@broadcom.com>
Sumit Saxena <sumit.saxena@broadcom.com>
Suzuki K Poulose <suzuki.poulose@arm.com>
Takashi Iwai <tiwai@suse.de>
Taras Kondratiuk <takondra@cisco.com>
Thomas Gleixner <tglx@linutronix.de>
Thomas Tai <thomas.tai@oracle.com>
Tomas Bortoli <tomasbortoli@gmail.com>
Tony Lindgren <tony@atomide.com>
Tony Luck <tony.luck@intel.com>
Tuba Yavuz <tuba@ece.ufl.edu>
Tyrel Datwyler <tyreld@linux.vnet.ibm.com>
Vince Weaver <vincent.weaver@maine.edu>
Vinod Koul <vkoul@kernel.org>
Viresh Kumar <viresh.kumar@linaro.org>
Wanpeng Li <wanpeng.li@hotmail.com>
Wen Yang <wen.yang99@zte.com.cn>
Wenwen Wang <wenwen@cs.uga.edu>
Will Deacon <will.deacon@arm.com>
Will Deacon <will@kernel.org>
xiao jin <jin.xiao@intel.com>
Xin Long <lucien.xin@gmail.com>
Yavuz, Tuba <tuba@ece.ufl.edu>
Ying Xue <ying.xue@windriver.com>
Yoshiaki Okamoto <yokamoto@allied-telesis.co.jp>
Yuchung Cheng <ycheng@google.com>
YueHaibing <yuehaibing@huawei.com>
Zhouyang Jia <jiazhouyang09@gmail.com>
jobs:
build-amd64-xsm pass
build-arm64-xsm pass
build-i386-xsm pass
build-amd64 pass
build-arm64 pass
build-armhf pass
build-i386 pass
build-amd64-libvirt pass
build-arm64-libvirt pass
build-armhf-libvirt pass
build-i386-libvirt pass
build-amd64-pvops pass
build-arm64-pvops pass
build-armhf-pvops pass
build-i386-pvops pass
test-amd64-amd64-xl pass
test-arm64-arm64-xl fail
test-armhf-armhf-xl fail
test-amd64-i386-xl pass
test-amd64-amd64-libvirt-qemuu-debianhvm-amd64-xsm pass
test-amd64-i386-libvirt-qemuu-debianhvm-amd64-xsm pass
test-amd64-amd64-xl-qemut-stubdom-debianhvm-amd64-xsm pass
test-amd64-i386-xl-qemut-stubdom-debianhvm-amd64-xsm pass
test-amd64-amd64-xl-qemut-debianhvm-i386-xsm pass
test-amd64-i386-xl-qemut-debianhvm-i386-xsm pass
test-amd64-amd64-xl-qemuu-debianhvm-i386-xsm pass
test-amd64-i386-xl-qemuu-debianhvm-i386-xsm pass
test-amd64-amd64-libvirt-xsm pass
test-arm64-arm64-libvirt-xsm fail
test-amd64-i386-libvirt-xsm pass
test-amd64-amd64-xl-xsm pass
test-arm64-arm64-xl-xsm fail
test-amd64-i386-xl-xsm pass
test-amd64-amd64-qemuu-nested-amd fail
test-amd64-amd64-xl-pvhv2-amd fail
test-amd64-i386-qemut-rhel6hvm-amd pass
test-amd64-i386-qemuu-rhel6hvm-amd pass
test-amd64-amd64-xl-qemut-debianhvm-amd64 pass
test-amd64-i386-xl-qemut-debianhvm-amd64 pass
test-amd64-amd64-xl-qemuu-debianhvm-amd64 pass
test-amd64-i386-xl-qemuu-debianhvm-amd64 pass
test-amd64-i386-freebsd10-amd64 pass
test-amd64-amd64-xl-qemuu-ovmf-amd64 pass
test-amd64-i386-xl-qemuu-ovmf-amd64 fail
test-amd64-amd64-xl-qemut-win7-amd64 fail
test-amd64-i386-xl-qemut-win7-amd64 fail
test-amd64-amd64-xl-qemuu-win7-amd64 fail
test-amd64-i386-xl-qemuu-win7-amd64 fail
test-amd64-amd64-xl-qemut-ws16-amd64 fail
test-amd64-i386-xl-qemut-ws16-amd64 fail
test-amd64-amd64-xl-qemuu-ws16-amd64 fail
test-amd64-i386-xl-qemuu-ws16-amd64 fail
test-armhf-armhf-xl-arndale pass
test-amd64-amd64-xl-credit1 pass
test-arm64-arm64-xl-credit1 fail
test-armhf-armhf-xl-credit1 pass
test-amd64-amd64-xl-credit2 pass
test-arm64-arm64-xl-credit2 fail
test-armhf-armhf-xl-credit2 pass
test-armhf-armhf-xl-cubietruck pass
test-amd64-amd64-xl-qemuu-dmrestrict-amd64-dmrestrict fail
test-amd64-i386-xl-qemuu-dmrestrict-amd64-dmrestrict fail
test-amd64-amd64-examine pass
test-arm64-arm64-examine fail
test-armhf-armhf-examine pass
test-amd64-i386-examine pass
test-amd64-i386-freebsd10-i386 pass
test-amd64-amd64-xl-qemut-win10-i386 fail
test-amd64-i386-xl-qemut-win10-i386 fail
test-amd64-amd64-xl-qemuu-win10-i386 fail
test-amd64-i386-xl-qemuu-win10-i386 fail
test-amd64-amd64-qemuu-nested-intel pass
test-amd64-amd64-xl-pvhv2-intel fail
test-amd64-i386-qemut-rhel6hvm-intel pass
test-amd64-i386-qemuu-rhel6hvm-intel pass
test-amd64-amd64-libvirt pass
test-armhf-armhf-libvirt fail
test-amd64-i386-libvirt pass
test-amd64-amd64-xl-multivcpu pass
test-armhf-armhf-xl-multivcpu pass
test-amd64-amd64-pair pass
test-amd64-i386-pair pass
test-amd64-amd64-libvirt-pair pass
test-amd64-i386-libvirt-pair pass
test-amd64-amd64-amd64-pvgrub pass
test-amd64-amd64-i386-pvgrub pass
test-amd64-amd64-xl-pvshim fail
test-amd64-i386-xl-pvshim fail
test-amd64-amd64-pygrub pass
test-amd64-amd64-xl-qcow2 pass
test-armhf-armhf-libvirt-raw pass
test-amd64-i386-xl-raw pass
test-amd64-amd64-xl-rtds pass
test-armhf-armhf-xl-rtds pass
test-arm64-arm64-xl-seattle fail
test-amd64-amd64-xl-qemuu-debianhvm-amd64-shadow pass
test-amd64-i386-xl-qemuu-debianhvm-amd64-shadow pass
test-amd64-amd64-xl-shadow pass
test-amd64-i386-xl-shadow pass
test-arm64-arm64-xl-thunderx fail
test-amd64-amd64-libvirt-vhd pass
test-armhf-armhf-xl-vhd pass
------------------------------------------------------------
sg-report-flight on osstest.test-lab.xenproject.org
logs: /home/logs/logs
images: /home/logs/images
Logs, config files, etc. are available at
http://logs.test-lab.xenproject.org/osstest/logs
Explanation of these reports, and of osstest in general, is at
http://xenbits.xen.org/gitweb/?p=osstest.git;a=blob;f=README.email;hb=master
http://xenbits.xen.org/gitweb/?p=osstest.git;a=blob;f=README;hb=master
Test harness code can be found at
http://xenbits.xen.org/gitweb?p=osstest.git;a=summary
Not pushing.
(No revision log; it would be 4272 lines long.)
_______________________________________________
Xen-devel mailing list
Xen-devel@lists.xenproject.org
https://lists.xenproject.org/mailman/listinfo/xen-devel
reply other threads:[~2019-08-26 4:48 UTC|newest]
Thread overview: [no followups] expand[flat|nested] mbox.gz Atom feed
Reply instructions:
You may reply publicly to this message via plain-text email
using any one of the following methods:
* Save the following mbox file, import it into your mail client,
and reply-to-all from there: mbox
Avoid top-posting and favor interleaved quoting:
https://en.wikipedia.org/wiki/Posting_style#Interleaved_style
* Reply using the --to, --cc, and --in-reply-to
switches of git-send-email(1):
git send-email \
--in-reply-to=osstest-140632-mainreport@xen.org \
--to=osstest-admin@xenproject.org \
--cc=xen-devel@lists.xenproject.org \
/path/to/YOUR_REPLY
https://kernel.org/pub/software/scm/git/docs/git-send-email.html
* If your mail client supports setting the In-Reply-To header
via mailto: links, try the mailto: link
Be sure your reply has a Subject: header at the top and a blank line
before the message body.
This is a public inbox, see mirroring instructions
for how to clone and mirror all data and code used for this inbox;
as well as URLs for NNTP newsgroup(s).