From: osstest service owner <osstest-admin@xenproject.org>
To: xen-devel@lists.xenproject.org, osstest-admin@xenproject.org
Subject: [Xen-devel] [linux-4.14 test] 140642: regressions - FAIL
Date: Mon, 26 Aug 2019 15:24:51 +0000 [thread overview]
Message-ID: <osstest-140642-mainreport@xen.org> (raw)
flight 140642 linux-4.14 real [real]
http://logs.test-lab.xenproject.org/osstest/logs/140642/
Regressions :-(
Tests which did not succeed and are blocking,
including tests which could not be run:
test-amd64-i386-xl-qemut-stubdom-debianhvm-amd64-xsm 7 xen-boot fail REGR. vs. 139910
test-amd64-amd64-xl-pvshim 15 guest-saverestore fail REGR. vs. 139910
test-amd64-i386-xl-qemuu-dmrestrict-amd64-dmrestrict 12 guest-start/debianhvm.repeat fail REGR. vs. 139910
test-amd64-amd64-xl-qemuu-ovmf-amd64 18 guest-start/debianhvm.repeat fail REGR. vs. 139910
test-armhf-armhf-libvirt 19 leak-check/check fail REGR. vs. 139910
Tests which did not succeed, but are not blocking:
test-amd64-i386-xl-pvshim 12 guest-start fail never pass
test-amd64-i386-libvirt-xsm 13 migrate-support-check fail never pass
test-amd64-amd64-libvirt 13 migrate-support-check fail never pass
test-amd64-amd64-libvirt-xsm 13 migrate-support-check fail never pass
test-amd64-i386-libvirt 13 migrate-support-check fail never pass
test-amd64-amd64-libvirt-qemuu-debianhvm-amd64-xsm 11 migrate-support-check fail never pass
test-arm64-arm64-xl-seattle 13 migrate-support-check fail never pass
test-arm64-arm64-xl-seattle 14 saverestore-support-check fail never pass
test-amd64-i386-libvirt-qemuu-debianhvm-amd64-xsm 11 migrate-support-check fail never pass
test-arm64-arm64-xl 13 migrate-support-check fail never pass
test-arm64-arm64-xl 14 saverestore-support-check fail never pass
test-amd64-amd64-qemuu-nested-amd 17 debian-hvm-install/l1/l2 fail never pass
test-arm64-arm64-xl-credit2 13 migrate-support-check fail never pass
test-arm64-arm64-xl-credit2 14 saverestore-support-check fail never pass
test-arm64-arm64-xl-xsm 13 migrate-support-check fail never pass
test-arm64-arm64-xl-xsm 14 saverestore-support-check fail never pass
test-arm64-arm64-xl-credit1 13 migrate-support-check fail never pass
test-arm64-arm64-xl-credit1 14 saverestore-support-check fail never pass
test-arm64-arm64-libvirt-xsm 13 migrate-support-check fail never pass
test-arm64-arm64-libvirt-xsm 14 saverestore-support-check fail never pass
test-arm64-arm64-xl-thunderx 13 migrate-support-check fail never pass
test-arm64-arm64-xl-thunderx 14 saverestore-support-check fail never pass
test-amd64-amd64-libvirt-vhd 12 migrate-support-check fail never pass
test-armhf-armhf-xl-arndale 13 migrate-support-check fail never pass
test-armhf-armhf-xl-arndale 14 saverestore-support-check fail never pass
test-amd64-i386-xl-qemut-win7-amd64 17 guest-stop fail never pass
test-amd64-amd64-xl-qemuu-ws16-amd64 17 guest-stop fail never pass
test-armhf-armhf-xl-credit2 13 migrate-support-check fail never pass
test-armhf-armhf-xl-credit2 14 saverestore-support-check fail never pass
test-amd64-i386-xl-qemuu-win7-amd64 17 guest-stop fail never pass
test-amd64-amd64-xl-qemuu-win7-amd64 17 guest-stop fail never pass
test-armhf-armhf-xl-credit1 13 migrate-support-check fail never pass
test-armhf-armhf-xl-credit1 14 saverestore-support-check fail never pass
test-armhf-armhf-xl 13 migrate-support-check fail never pass
test-armhf-armhf-xl 14 saverestore-support-check fail never pass
test-armhf-armhf-xl-multivcpu 13 migrate-support-check fail never pass
test-armhf-armhf-xl-multivcpu 14 saverestore-support-check fail never pass
test-armhf-armhf-xl-rtds 13 migrate-support-check fail never pass
test-armhf-armhf-xl-rtds 14 saverestore-support-check fail never pass
test-armhf-armhf-xl-cubietruck 13 migrate-support-check fail never pass
test-armhf-armhf-xl-cubietruck 14 saverestore-support-check fail never pass
test-armhf-armhf-libvirt 13 migrate-support-check fail never pass
test-armhf-armhf-libvirt 14 saverestore-support-check fail never pass
test-amd64-i386-xl-qemut-ws16-amd64 17 guest-stop fail never pass
test-amd64-amd64-xl-qemut-ws16-amd64 17 guest-stop fail never pass
test-armhf-armhf-libvirt-raw 12 migrate-support-check fail never pass
test-armhf-armhf-libvirt-raw 13 saverestore-support-check fail never pass
test-amd64-amd64-xl-qemut-win7-amd64 17 guest-stop fail never pass
test-armhf-armhf-xl-vhd 12 migrate-support-check fail never pass
test-armhf-armhf-xl-vhd 13 saverestore-support-check fail never pass
test-amd64-i386-xl-qemuu-ws16-amd64 17 guest-stop fail never pass
test-amd64-amd64-xl-qemuu-win10-i386 10 windows-install fail never pass
test-amd64-amd64-xl-qemut-win10-i386 10 windows-install fail never pass
test-amd64-i386-xl-qemuu-win10-i386 10 windows-install fail never pass
test-amd64-i386-xl-qemut-win10-i386 10 windows-install fail never pass
version targeted for testing:
linux b5260801526c77496dd8be7d750c20939ec64189
baseline version:
linux 3ffe1e79c174b2093f7ee3df589a7705572c9620
Last test of basis 139910 2019-08-10 16:24:17 Z 15 days
Failing since 140193 2019-08-16 08:38:51 Z 10 days 12 attempts
Testing same since 140642 2019-08-25 19:50:51 Z 0 days 1 attempts
------------------------------------------------------------
People who touched revisions under test:
Adrian Hunter <adrian.hunter@intel.com>
Alan Stern <stern@rowland.harvard.edu>
Alexei Starovoitov <ast@kernel.org>
Andrew Morton <akpm@linux-foundation.org>
Angus Ainslie (Purism) <angus@akkea.ca>
Arnaldo Carvalho de Melo <acme@redhat.com>
Arnd Bergmann <arnd@arndb.de>
Ben Hutchings <ben.hutchings@codethink.co.uk>
Ben Hutchings <ben@decadent.org.uk>
Bjoern Gerhart <gerhart@posteo.de>
Björn Gerhart <gerhart@posteo.de>
Bob Ham <bob.ham@puri.sm>
Brian Norris <briannorris@chromium.org>
Catalin Marinas <catalin.marinas@arm.com>
Charles Keepax <ckeepax@opensource.cirrus.com>
Codrin Ciubotariu <codrin.ciubotariu@microchip.com>
Cornelia Huck <cohuck@redhat.com>
Daniel Borkmann <daniel@iogearbox.net>
David S. Miller <davem@davemloft.net>
Denis Kirjanov <kda@linux-powerpc.org>
Dirk Morris <dmorris@metaloft.com>
Dmitry Torokhov <dmitry.torokhov@gmail.com>
Don Brace <don.brace@microsemi.com>
Doug Ledford <dledford@redhat.com>
Emmanuel Grumbach <emmanuel.grumbach@intel.com>
Eric Dumazet <edumazet@google.com>
Farhan Ali <alifm@linux.ibm.com>
Felipe Balbi <felipe.balbi@linux.intel.com>
Florian Westphal <fw@strlen.de>
Gary R Hook <gary.hook@amd.com>
Gavin Li <git@thegavinli.com>
Geert Uytterhoeven <geert+renesas@glider.be>
Greg Kroah-Hartman <gregkh@linuxfoundation.org>
Guenter Roeck <linux@roeck-us.net>
Gustavo A. R. Silva <gustavo@embeddedor.com>
Hannes Reinecke <hare@suse.com>
Hannes Reinecke <hare@suse.de>
Heiko Carstens <heiko.carstens@de.ibm.com>
Herbert Xu <herbert@gondor.apana.org.au>
Hillf Danton <hdanton@sina.com>
Himanshu Madhani <hmadhani@marvell.com>
Hiroyuki Yamamoto <hyamamo@allied-telesis.co.jp>
Hui Wang <hui.wang@canonical.com>
Huy Nguyen <huyn@mellanox.com>
Ian Abbott <abbotti@mev.co.uk>
Ingo Molnar <mingo@kernel.org>
Isaac J. Manjarres <isaacm@codeaurora.org>
Jack Morgenstein <jackm@dev.mellanox.co.il>
Jacopo Mondi <jacopo+renesas@jmondi.org>
Jakub Kicinski <jakub.kicinski@netronome.com>
Jani Nikula <jani.nikula@intel.com>
Jay Vosburgh <jay.vosburgh@canonical.com>
Jeffrey Hugo <jeffrey.l.hugo@gmail.com>
Jeffrin Jose T <jeffrin@rajagiritech.edu.in>
Jens Axboe <axboe@kernel.dk>
Jia-Ju Bai <baijiaju1990@gmail.com>
Jiri Kosina <jkosina@suse.cz>
Jiri Olsa <jolsa@kernel.org>
Joe Perches <joe@perches.com>
Joerg Roedel <jroedel@suse.de>
Johan Hovold <johan@kernel.org>
Johannes Berg <johannes.berg@intel.com>
Jonathan Cameron <Jonathan.Cameron@huawei.com>
Joseph Qi <joseph.qi@linux.alibaba.com>
Juergen Gross <jgross@suse.com>
Julian Wiedmann <jwi@linux.ibm.com>
Junxiao Bi <junxiao.bi@oracle.com>
Kalle Valo <kvalo@codeaurora.org>
Kees Cook <keescook@chromium.org>
Kevin Hao <haokexin@gmail.com>
Konrad Rzeszutek Wilk <konrad.wilk@oracle.com>
Laura Garcia Liebana <nevola@gmail.com>
Leon Romanovsky <leonro@mellanox.com>
Leonard Crestez <leonard.crestez@nxp.com>
Linh Phung <linh.phung.jy@renesas.com>
Linus Torvalds <torvalds@linux-foundation.org>
Lorenzo Pieralisi <lorenzo.pieralisi@arm.com>
Luca Coelho <luciano.coelho@intel.com>
Lucas Stach <l.stach@pengutronix.de>
Luck, Tony <tony.luck@intel.com>
Ludovic Desroches <ludovic.desroches@microchip.com>
Manish Chopra <manishc@marvell.com>
Marc Kleine-Budde <mkl@pengutronix.de>
Marc Zyngier <maz@kernel.org>
Marcelo Ricardo Leitner <marcelo.leitner@gmail.com>
Martin K. Petersen <martin.petersen@oracle.com>
Masahiro Yamada <yamada.masahiro@socionext.com>
Masami Hiramatsu <mhiramat@kernel.org>
Mauro Carvalho Chehab <mchehab+samsung@kernel.org>
Max Filippov <jcmvbkbc@gmail.com>
Maxim Mikityanskiy <maximmi@mellanox.com>
Miaohe Lin <linmiaohe@huawei.com>
Michael Roth <mdroth@linux.vnet.ibm.com>
Michal Hocko <mhocko@suse.com>
Michal Simek <michal.simek@xilinx.com>
Mikulas Patocka <mpatocka@redhat.com>
Miles Chen <miles.chen@mediatek.com>
Miquel Raynal <miquel.raynal@bootlin.com>
Nadav Amit <namit@vmware.com>
Neil Armstrong <narmstrong@baylibre.com>
Nianyao Tang <tangnianyao@huawei.com>
Nick Desaulniers <ndesaulniers@google.com>
Nicolas Ferre <nicolas.ferre@microchip.com>
Nikita Yushchenko <nikita.yoush@cogentembedded.com>
Numfor Mbiziwo-Tiapo <nums@google.com>
Oliver Neukum <oneukum@suse.com>
Olof Johansson <olof@lixom.net>
Pablo Neira Ayuso <pablo@netfilter.org>
Paolo Bonzini <pbonzini@redhat.com>
Pavel Machek <pavel@ucw.cz>
Pavel Shilovsky <pshilov@microsoft.com>
Peter Zijlstra (Intel) <peterz@infradead.org>
Peter Zijlstra <peterz@infradead.org>
Prasad Sodagudi <psodagud@codeaurora.org>
Qian Cai <cai@lca.pw>
Rafael J. Wysocki <rafael.j.wysocki@intel.com>
Roderick Colenbrander <roderick.colenbrander@sony.com>
Roderick Colenbrander <roderick@gaikai.com>
Rogan Dawes <rogan@dawes.za.net>
Ross Lagerwall <ross.lagerwall@citrix.com>
Saeed Mahameed <saeedm@mellanox.com>
Sasha Levin <sashal@kernel.org>
Sean Paul <seanpaul@chromium.org>
Sekhar Nori <nsekhar@ti.com>
Shahed Shaikh <shshaikh@marvell.com>
Shaokun Zhang <zhangshaokun@hisilicon.com>
Stanislav Lisovskiy <stanislav.lisovskiy@intel.com>
Steffen Klassert <steffen.klassert@secunet.com>
Stephane Grosjean <s.grosjean@peak-system.com>
Stephen Boyd <sboyd@kernel.org>
Steve French <stfrench@microsoft.com>
Sudarsana Kalluru <skalluru@marvell.com>
Suganath Prabu <suganath-prabu.subramani@broadcom.com>
Sumit Saxena <sumit.saxena@broadcom.com>
Suzuki K Poulose <suzuki.poulose@arm.com>
Takashi Iwai <tiwai@suse.de>
Thomas Gleixner <tglx@linutronix.de>
Thomas Richter <tmricht@linux.ibm.com>
Thomas Tai <thomas.tai@oracle.com>
Tomas Bortoli <tomasbortoli@gmail.com>
Tony Lindgren <tony@atomide.com>
Tony Luck <tony.luck@intel.com>
Trond Myklebust <trond.myklebust@hammerspace.com>
Trond Myklebust <trond.myklebust@primarydata.com>
Tyrel Datwyler <tyreld@linux.vnet.ibm.com>
Ulf Hansson <ulf.hansson@linaro.org>
Vince Weaver <vincent.weaver@maine.edu>
Vinod Koul <vkoul@kernel.org>
Viresh Kumar <viresh.kumar@linaro.org>
Wanpeng Li <wanpengli@tencent.com>
Wen Yang <wen.yang99@zte.com.cn>
Wenwen Wang <wenwen@cs.uga.edu>
Will Deacon <will@kernel.org>
Xin Long <lucien.xin@gmail.com>
Yoshiaki Okamoto <yokamoto@allied-telesis.co.jp>
Yoshihiro Shimoda <yoshihiro.shimoda.uh@renesas.com>
YueHaibing <yuehaibing@huawei.com>
Zhangguanghui <zhang.guanghui@h3c.com>
jobs:
build-amd64-xsm pass
build-arm64-xsm pass
build-i386-xsm pass
build-amd64 pass
build-arm64 pass
build-armhf pass
build-i386 pass
build-amd64-libvirt pass
build-arm64-libvirt pass
build-armhf-libvirt pass
build-i386-libvirt pass
build-amd64-pvops pass
build-arm64-pvops pass
build-armhf-pvops pass
build-i386-pvops pass
test-amd64-amd64-xl pass
test-arm64-arm64-xl pass
test-armhf-armhf-xl pass
test-amd64-i386-xl pass
test-amd64-amd64-libvirt-qemuu-debianhvm-amd64-xsm pass
test-amd64-i386-libvirt-qemuu-debianhvm-amd64-xsm pass
test-amd64-amd64-xl-qemut-stubdom-debianhvm-amd64-xsm pass
test-amd64-i386-xl-qemut-stubdom-debianhvm-amd64-xsm fail
test-amd64-amd64-xl-qemut-debianhvm-i386-xsm pass
test-amd64-i386-xl-qemut-debianhvm-i386-xsm pass
test-amd64-amd64-xl-qemuu-debianhvm-i386-xsm pass
test-amd64-i386-xl-qemuu-debianhvm-i386-xsm pass
test-amd64-amd64-libvirt-xsm pass
test-arm64-arm64-libvirt-xsm pass
test-amd64-i386-libvirt-xsm pass
test-amd64-amd64-xl-xsm pass
test-arm64-arm64-xl-xsm pass
test-amd64-i386-xl-xsm pass
test-amd64-amd64-qemuu-nested-amd fail
test-amd64-amd64-xl-pvhv2-amd pass
test-amd64-i386-qemut-rhel6hvm-amd pass
test-amd64-i386-qemuu-rhel6hvm-amd pass
test-amd64-amd64-xl-qemut-debianhvm-amd64 pass
test-amd64-i386-xl-qemut-debianhvm-amd64 pass
test-amd64-amd64-xl-qemuu-debianhvm-amd64 pass
test-amd64-i386-xl-qemuu-debianhvm-amd64 pass
test-amd64-i386-freebsd10-amd64 pass
test-amd64-amd64-xl-qemuu-ovmf-amd64 fail
test-amd64-i386-xl-qemuu-ovmf-amd64 pass
test-amd64-amd64-xl-qemut-win7-amd64 fail
test-amd64-i386-xl-qemut-win7-amd64 fail
test-amd64-amd64-xl-qemuu-win7-amd64 fail
test-amd64-i386-xl-qemuu-win7-amd64 fail
test-amd64-amd64-xl-qemut-ws16-amd64 fail
test-amd64-i386-xl-qemut-ws16-amd64 fail
test-amd64-amd64-xl-qemuu-ws16-amd64 fail
test-amd64-i386-xl-qemuu-ws16-amd64 fail
test-armhf-armhf-xl-arndale pass
test-amd64-amd64-xl-credit1 pass
test-arm64-arm64-xl-credit1 pass
test-armhf-armhf-xl-credit1 pass
test-amd64-amd64-xl-credit2 pass
test-arm64-arm64-xl-credit2 pass
test-armhf-armhf-xl-credit2 pass
test-armhf-armhf-xl-cubietruck pass
test-amd64-amd64-xl-qemuu-dmrestrict-amd64-dmrestrict pass
test-amd64-i386-xl-qemuu-dmrestrict-amd64-dmrestrict fail
test-amd64-amd64-examine pass
test-arm64-arm64-examine pass
test-armhf-armhf-examine pass
test-amd64-i386-examine pass
test-amd64-i386-freebsd10-i386 pass
test-amd64-amd64-xl-qemut-win10-i386 fail
test-amd64-i386-xl-qemut-win10-i386 fail
test-amd64-amd64-xl-qemuu-win10-i386 fail
test-amd64-i386-xl-qemuu-win10-i386 fail
test-amd64-amd64-qemuu-nested-intel pass
test-amd64-amd64-xl-pvhv2-intel pass
test-amd64-i386-qemut-rhel6hvm-intel pass
test-amd64-i386-qemuu-rhel6hvm-intel pass
test-amd64-amd64-libvirt pass
test-armhf-armhf-libvirt fail
test-amd64-i386-libvirt pass
test-amd64-amd64-xl-multivcpu pass
test-armhf-armhf-xl-multivcpu pass
test-amd64-amd64-pair pass
test-amd64-i386-pair pass
test-amd64-amd64-libvirt-pair pass
test-amd64-i386-libvirt-pair pass
test-amd64-amd64-amd64-pvgrub pass
test-amd64-amd64-i386-pvgrub pass
test-amd64-amd64-xl-pvshim fail
test-amd64-i386-xl-pvshim fail
test-amd64-amd64-pygrub pass
test-amd64-amd64-xl-qcow2 pass
test-armhf-armhf-libvirt-raw pass
test-amd64-i386-xl-raw pass
test-amd64-amd64-xl-rtds pass
test-armhf-armhf-xl-rtds pass
test-arm64-arm64-xl-seattle pass
test-amd64-amd64-xl-qemuu-debianhvm-amd64-shadow pass
test-amd64-i386-xl-qemuu-debianhvm-amd64-shadow pass
test-amd64-amd64-xl-shadow pass
test-amd64-i386-xl-shadow pass
test-arm64-arm64-xl-thunderx pass
test-amd64-amd64-libvirt-vhd pass
test-armhf-armhf-xl-vhd pass
------------------------------------------------------------
sg-report-flight on osstest.test-lab.xenproject.org
logs: /home/logs/logs
images: /home/logs/images
Logs, config files, etc. are available at
http://logs.test-lab.xenproject.org/osstest/logs
Explanation of these reports, and of osstest in general, is at
http://xenbits.xen.org/gitweb/?p=osstest.git;a=blob;f=README.email;hb=master
http://xenbits.xen.org/gitweb/?p=osstest.git;a=blob;f=README;hb=master
Test harness code can be found at
http://xenbits.xen.org/gitweb?p=osstest.git;a=summary
Not pushing.
(No revision log; it would be 4521 lines long.)
_______________________________________________
Xen-devel mailing list
Xen-devel@lists.xenproject.org
https://lists.xenproject.org/mailman/listinfo/xen-devel
reply other threads:[~2019-08-26 15:25 UTC|newest]
Thread overview: [no followups] expand[flat|nested] mbox.gz Atom feed
Reply instructions:
You may reply publicly to this message via plain-text email
using any one of the following methods:
* Save the following mbox file, import it into your mail client,
and reply-to-all from there: mbox
Avoid top-posting and favor interleaved quoting:
https://en.wikipedia.org/wiki/Posting_style#Interleaved_style
* Reply using the --to, --cc, and --in-reply-to
switches of git-send-email(1):
git send-email \
--in-reply-to=osstest-140642-mainreport@xen.org \
--to=osstest-admin@xenproject.org \
--cc=xen-devel@lists.xenproject.org \
/path/to/YOUR_REPLY
https://kernel.org/pub/software/scm/git/docs/git-send-email.html
* If your mail client supports setting the In-Reply-To header
via mailto: links, try the mailto: link
Be sure your reply has a Subject: header at the top and a blank line
before the message body.
This is a public inbox, see mirroring instructions
for how to clone and mirror all data and code used for this inbox;
as well as URLs for NNTP newsgroup(s).