From: osstest service owner <osstest-admin@xenproject.org>
To: xen-devel@lists.xenproject.org, osstest-admin@xenproject.org,
royger@FreeBSD.org
Subject: [Xen-devel] [freebsd-master test] 141221: regressions - trouble: blocked/fail
Date: Wed, 11 Sep 2019 16:58:41 +0000 [thread overview]
Message-ID: <osstest-141221-mainreport@xen.org> (raw)
flight 141221 freebsd-master real [real]
http://logs.test-lab.xenproject.org/osstest/logs/141221/
Regressions :-(
Tests which did not succeed and are blocking,
including tests which could not be run:
build-amd64-freebsd 7 freebsd-build fail REGR. vs. 141004
Tests which did not succeed, but are not blocking:
build-amd64-freebsd-again 1 build-check(1) blocked n/a
build-amd64-xen-freebsd 1 build-check(1) blocked n/a
version targeted for testing:
freebsd 39803421e203f1f25b6be7d7504eb0d4431b6df2
baseline version:
freebsd a3dbacfc31a3c2ef7d9d4d12d4e5108f044c0701
Last test of basis 141004 2019-09-04 09:20:13 Z 7 days
Failing since 141086 2019-09-06 09:21:33 Z 5 days 3 attempts
Testing same since 141221 2019-09-11 09:19:55 Z 0 days 1 attempts
------------------------------------------------------------
People who touched revisions under test:
0mp <0mp@FreeBSD.org>
adrian <adrian@FreeBSD.org>
asomers <asomers@FreeBSD.org>
avg <avg@FreeBSD.org>
bapt <bapt@FreeBSD.org>
bcran <bcran@FreeBSD.org>
bdrewery <bdrewery@FreeBSD.org>
br <br@FreeBSD.org>
cem <cem@FreeBSD.org>
crees <crees@FreeBSD.org>
cy <cy@FreeBSD.org>
dim <dim@FreeBSD.org>
ed <ed@FreeBSD.org>
emaste <emaste@FreeBSD.org>
fabient <fabient@FreeBSD.org>
glebius <glebius@FreeBSD.org>
gonzo <gonzo@FreeBSD.org>
hselasky <hselasky@FreeBSD.org>
ian <ian@FreeBSD.org>
imp <imp@FreeBSD.org>
jeff <jeff@FreeBSD.org>
jgh <jgh@FreeBSD.org>
jhibbits <jhibbits@FreeBSD.org>
jilles <jilles@FreeBSD.org>
jkim <jkim@FreeBSD.org>
johalun <johalun@FreeBSD.org>
kevans <kevans@FreeBSD.org>
kib <kib@FreeBSD.org>
kp <kp@FreeBSD.org>
luporl <luporl@FreeBSD.org>
lwhsu <lwhsu@FreeBSD.org>
manu <manu@FreeBSD.org>
markj <markj@FreeBSD.org>
mav <mav@FreeBSD.org>
mhorne <mhorne@FreeBSD.org>
mjg <mjg@FreeBSD.org>
oshogbo <oshogbo@FreeBSD.org>
pfg <pfg@FreeBSD.org>
philip <philip@FreeBSD.org>
rmacklem <rmacklem@FreeBSD.org>
rrs <rrs@FreeBSD.org>
scottl <scottl@FreeBSD.org>
scottph <scottph@FreeBSD.org>
sevan <sevan@FreeBSD.org>
sjg <sjg@FreeBSD.org>
stevek <stevek@FreeBSD.org>
takawata <takawata@FreeBSD.org>
trasz <trasz@FreeBSD.org>
tsoome <tsoome@FreeBSD.org>
tuexen <tuexen@FreeBSD.org>
yuripv <yuripv@FreeBSD.org>
jobs:
build-amd64-freebsd-again blocked
build-amd64-freebsd fail
build-amd64-xen-freebsd blocked
------------------------------------------------------------
sg-report-flight on osstest.test-lab.xenproject.org
logs: /home/logs/logs
images: /home/logs/images
Logs, config files, etc. are available at
http://logs.test-lab.xenproject.org/osstest/logs
Explanation of these reports, and of osstest in general, is at
http://xenbits.xen.org/gitweb/?p=osstest.git;a=blob;f=README.email;hb=master
http://xenbits.xen.org/gitweb/?p=osstest.git;a=blob;f=README;hb=master
Test harness code can be found at
http://xenbits.xen.org/gitweb?p=osstest.git;a=summary
Not pushing.
(No revision log; it would be 2551 lines long.)
_______________________________________________
Xen-devel mailing list
Xen-devel@lists.xenproject.org
https://lists.xenproject.org/mailman/listinfo/xen-devel
reply other threads:[~2019-09-11 16:58 UTC|newest]
Thread overview: [no followups] expand[flat|nested] mbox.gz Atom feed
Reply instructions:
You may reply publicly to this message via plain-text email
using any one of the following methods:
* Save the following mbox file, import it into your mail client,
and reply-to-all from there: mbox
Avoid top-posting and favor interleaved quoting:
https://en.wikipedia.org/wiki/Posting_style#Interleaved_style
* Reply using the --to, --cc, and --in-reply-to
switches of git-send-email(1):
git send-email \
--in-reply-to=osstest-141221-mainreport@xen.org \
--to=osstest-admin@xenproject.org \
--cc=royger@FreeBSD.org \
--cc=xen-devel@lists.xenproject.org \
/path/to/YOUR_REPLY
https://kernel.org/pub/software/scm/git/docs/git-send-email.html
* If your mail client supports setting the In-Reply-To header
via mailto: links, try the mailto: link
Be sure your reply has a Subject: header at the top and a blank line
before the message body.
This is a public inbox, see mirroring instructions
for how to clone and mirror all data and code used for this inbox;
as well as URLs for NNTP newsgroup(s).