Xen-Devel Archive on lore.kernel.org
 help / color / Atom feed
* [Xen-devel] [linux-4.4 test] 141265: regressions - FAIL
@ 2019-09-14  6:08 osstest service owner
  0 siblings, 0 replies; only message in thread
From: osstest service owner @ 2019-09-14  6:08 UTC (permalink / raw)
  To: xen-devel, osstest-admin

flight 141265 linux-4.4 real [real]
http://logs.test-lab.xenproject.org/osstest/logs/141265/

Regressions :-(

Tests which did not succeed and are blocking,
including tests which could not be run:
 test-amd64-amd64-xl-pvshim  20 guest-start/debian.repeat fail REGR. vs. 139698

Tests which did not succeed, but are not blocking:
 test-amd64-amd64-xl-qemuu-dmrestrict-amd64-dmrestrict 10 debian-hvm-install fail never pass
 test-amd64-i386-xl-pvshim    12 guest-start                  fail   never pass
 test-amd64-i386-xl-qemuu-dmrestrict-amd64-dmrestrict 10 debian-hvm-install fail never pass
 test-amd64-amd64-xl-pvhv2-amd 12 guest-start                  fail  never pass
 test-arm64-arm64-xl-xsm       7 xen-boot                     fail   never pass
 test-amd64-amd64-libvirt     13 migrate-support-check        fail   never pass
 test-arm64-arm64-xl-credit1   7 xen-boot                     fail   never pass
 test-arm64-arm64-xl           7 xen-boot                     fail   never pass
 test-arm64-arm64-libvirt-xsm  7 xen-boot                     fail   never pass
 test-arm64-arm64-examine      8 reboot                       fail   never pass
 test-arm64-arm64-xl-seattle   7 xen-boot                     fail   never pass
 test-amd64-i386-libvirt      13 migrate-support-check        fail   never pass
 test-amd64-amd64-libvirt-xsm 13 migrate-support-check        fail   never pass
 test-amd64-amd64-xl-pvhv2-intel 12 guest-start                 fail never pass
 test-amd64-i386-libvirt-xsm  13 migrate-support-check        fail   never pass
 test-amd64-i386-libvirt-qemuu-debianhvm-amd64-xsm 11 migrate-support-check fail never pass
 test-amd64-amd64-libvirt-qemuu-debianhvm-amd64-xsm 11 migrate-support-check fail never pass
 test-arm64-arm64-xl-thunderx  7 xen-boot                     fail   never pass
 test-amd64-amd64-qemuu-nested-amd 17 debian-hvm-install/l1/l2  fail never pass
 test-amd64-amd64-libvirt-vhd 12 migrate-support-check        fail   never pass
 test-armhf-armhf-xl-arndale  13 migrate-support-check        fail   never pass
 test-armhf-armhf-xl-arndale  14 saverestore-support-check    fail   never pass
 test-amd64-i386-xl-qemuu-win7-amd64 17 guest-stop              fail never pass
 test-amd64-amd64-xl-qemuu-win7-amd64 17 guest-stop             fail never pass
 test-amd64-amd64-xl-qemut-win7-amd64 17 guest-stop             fail never pass
 test-armhf-armhf-xl-credit2  13 migrate-support-check        fail   never pass
 test-armhf-armhf-xl-credit2  14 saverestore-support-check    fail   never pass
 test-armhf-armhf-libvirt     13 migrate-support-check        fail   never pass
 test-armhf-armhf-libvirt     14 saverestore-support-check    fail   never pass
 test-armhf-armhf-xl-multivcpu 13 migrate-support-check        fail  never pass
 test-armhf-armhf-xl-multivcpu 14 saverestore-support-check    fail  never pass
 test-armhf-armhf-xl-cubietruck 13 migrate-support-check        fail never pass
 test-armhf-armhf-xl-cubietruck 14 saverestore-support-check    fail never pass
 test-armhf-armhf-xl          13 migrate-support-check        fail   never pass
 test-armhf-armhf-xl          14 saverestore-support-check    fail   never pass
 test-armhf-armhf-xl-rtds     13 migrate-support-check        fail   never pass
 test-armhf-armhf-xl-rtds     14 saverestore-support-check    fail   never pass
 test-amd64-i386-xl-qemut-win7-amd64 17 guest-stop              fail never pass
 test-arm64-arm64-xl-credit2   7 xen-boot                     fail   never pass
 test-armhf-armhf-libvirt-raw 12 migrate-support-check        fail   never pass
 test-armhf-armhf-libvirt-raw 13 saverestore-support-check    fail   never pass
 test-amd64-amd64-xl-qemut-ws16-amd64 17 guest-stop             fail never pass
 test-armhf-armhf-xl-credit1  13 migrate-support-check        fail   never pass
 test-armhf-armhf-xl-credit1  14 saverestore-support-check    fail   never pass
 test-amd64-amd64-xl-qemuu-ws16-amd64 17 guest-stop             fail never pass
 test-amd64-i386-xl-qemuu-ws16-amd64 17 guest-stop              fail never pass
 test-armhf-armhf-xl-vhd      12 migrate-support-check        fail   never pass
 test-armhf-armhf-xl-vhd      13 saverestore-support-check    fail   never pass
 test-amd64-i386-xl-qemut-ws16-amd64 17 guest-stop              fail never pass
 test-amd64-amd64-xl-qemut-win10-i386 10 windows-install        fail never pass
 test-amd64-i386-xl-qemuu-win10-i386 10 windows-install         fail never pass
 test-amd64-i386-xl-qemut-win10-i386 10 windows-install         fail never pass
 test-amd64-amd64-xl-qemuu-win10-i386 10 windows-install        fail never pass

version targeted for testing:
 linux                882f8791e1412d81e5cc7a4c379c73195155b40f
baseline version:
 linux                dc16a7e5f36d65b25a1b66ade14356773ed52875

Last test of basis   139698  2019-08-04 07:48:30 Z   40 days
Failing since        139773  2019-08-06 16:40:26 Z   38 days   47 attempts
Testing same since   141181  2019-09-10 13:36:29 Z    3 days    5 attempts

------------------------------------------------------------
People who touched revisions under test:
  "Eric W. Biederman" <ebiederm@xmission.com>
  Aaron Armstrong Skomra <aaron.skomra@wacom.com>
  Aaron Armstrong Skomra <skomra@gmail.com>
  Adrian Hunter <adrian.hunter@intel.com>
  Adrian Vladu <avladu@cloudbasesolutions.com>
  Al Viro <viro@zeniv.linux.org.uk>
  Alan Stern <stern@rowland.harvard.edu>
  Alessio Balsini <balsini@android.com>
  Alexander Kochetkov <al.kochet@gmail.com>
  Alexander Shishkin <alexander.shishkin@linux.intel.com>
  Andrea Parri <andrea.parri@amarulasolutions.com>
  Andrew Jones <drjones@redhat.com>
  Andrew Morton <akpm@linux-foundation.org>
  Andrew Prout <aprout@ll.mit.edu>
  Andy Lutomirski <luto@kernel.org>
  Angus Ainslie (Purism) <angus@akkea.ca>
  Arnaldo Carvalho de Melo <acme@redhat.com>
  Arnd Bergmann <arnd@arndb.de>
  Bandan Das <bsd@redhat.com>
  Barret Rhoden <brho@google.com>
  Ben Hutchings <ben.hutchings@codethink.co.uk>
  Ben Hutchings <ben@decadent.org.uk>
  Benjamin Block <bblock@linux.ibm.com>
  Benjamin Herrenschmidt <benh@kernel.crashing.org>
  Benjamin Poirier <bpoirier@suse.com>
  Bjoern Gerhart <gerhart@posteo.de>
  Björn Gerhart <gerhart@posteo.de>
  Bob Ham <bob.ham@puri.sm>
  Bob Peterson <rpeterso@redhat.com>
  Borislav Petkov <bp@alien8.de>
  Borislav Petkov <bp@suse.de>
  Brian Norris <briannorris@chromium.org>
  Catalin Marinas <catalin.marinas@arm.com>
  Charles Keepax <ckeepax@opensource.cirrus.com>
  Chen Yu <yu.c.chen@intel.com>
  Chen-Yu Tsai <wens@csie.org>
  Christoph Paasch <cpaasch@apple.com>
  Christophe JAILLET <christophe.jaillet@wanadoo.fr>
  Daniel Bristot de Oliveira <bristot@redhat.com>
  Daniel Drake <drake@endlessm.com>
  David S. Miller <davem@davemloft.net>
  David Sterba <dsterba@suse.com>
  Denis Kirjanov <kda@linux-powerpc.org>
  Ding Xiang <dingxiang@cmss.chinamobile.com>
  Dirk Morris <dmorris@metaloft.com>
  Dmitry Torokhov <dmitry.torokhov@gmail.com>
  Don Brace <don.brace@microsemi.com>
  Doug Berger <opendmb@gmail.com>
  Doug Ledford <dledford@redhat.com>
  Douglas Anderson <dianders@chromium.org>
  Eric Dumazet <edumazet@google.com>
  Eugen Hristev <eugen.hristev@microchip.com>
  Felipe Balbi <balbi@ti.com>
  Felipe Balbi <felipe.balbi@linux.intel.com>
  Felipe F. Tonello <eu@felipetonello.com>
  Feng Sun <loyou85@gmail.com>
  Florian Westphal <fw@strlen.de>
  Fuqian Huang <huangfq.daxian@gmail.com>
  Geert Uytterhoeven <geert+renesas@glider.be>
  Greg Kroah-Hartman <gregkh@linuxfoundation.org>
  Guenter Roeck <linux@roeck-us.net>
  Guillaume Nault <g.nault@alphalink.fr>
  Gustavo A. R. Silva <gustavo@embeddedor.com>
  Haibin Zhang <haibinzhang@tencent.com>
  haibinzhang(张海斌) <haibinzhang@tencent.com>
  Hannes Reinecke <hare@suse.de>
  Hans Ulli Kroll <ulli.kroll@googlemail.com>
  Heiko Carstens <heiko.carstens@de.ibm.com>
  Heiko Stuebner <heiko@sntech.de>
  Henk van der Laan <opensource@henkvdlaan.com>
  Hillf Danton <hdanton@sina.com>
  Hiroyuki Yamamoto <hyamamo@allied-telesis.co.jp>
  Hodaszi, Robert <Robert.Hodaszi@digi.com>
  Hui Peng <benquike@gmail.com>
  Huy Nguyen <huyn@mellanox.com>
  Ian Abbott <abbotti@mev.co.uk>
  Ilya Dryomov <idryomov@gmail.com>
  Ilya Trukhanov <lahvuun@gmail.com>
  Ingo Molnar <mingo@kernel.org>
  Jakub Kicinski <jakub.kicinski@netronome.com>
  Jan Harkes <jaharkes@cs.cmu.edu>
  Jason A. Donenfeld <Jason@zx2c4.com>
  Jason Baron <jbaron@akamai.com>
  Jason Gunthorpe <jgg@mellanox.com>
  Jason Wang <jasowang@redhat.com>
  Jay Vosburgh <jay.vosburgh@canonical.com>
  Jeffrin Jose T <jeffrin@rajagiritech.edu.in>
  Jens Axboe <axboe@kernel.dk>
  Jessica Yu <jeyu@kernel.org>
  Jia-Ju Bai <baijiaju1990@gmail.com>
  Jiangfeng Xiao <xiaojiangfeng@huawei.com>
  Jiri Kosina <jkosina@suse.cz>
  Jiri Olsa <jolsa@kernel.org>
  Jiri Pirko <jiri@mellanox.com>
  Joerg Roedel <jroedel@suse.de>
  Johan Hovold <johan@kernel.org>
  Johannes Berg <johannes.berg@intel.com>
  John Hubbard <jhubbard@nvidia.com>
  Jonathan Lemon <jonathan.lemon@gmail.com>
  Joseph Qi <joseph.qi@linux.alibaba.com>
  Josh Poimboeuf <jpoimboe@redhat.com>
  Juergen Gross <jgross@suse.com>
  Julian Wiedmann <jwi@linux.ibm.com>
  Juliana Rodrigueiro <juliana.rodrigueiro@intra2net.com>
  Junxiao Bi <junxiao.bi@oracle.com>
  Kai-Heng Feng <kai.heng.feng@canonical.com>
  Kalle Valo <kvalo@codeaurora.org>
  Kazuya Mizuguchi <kazuya.mizuguchi.ks@renesas.com>
  Kees Cook <keescook@chromium.org>
  Kefeng Wang <wangkefeng.wang@huawei.com>
  Konrad Rzeszutek Wilk <konrad.wilk@oracle.com>
  Leon Romanovsky <leonro@mellanox.com>
  Leonard Crestez <leonard.crestez@nxp.com>
  Lidong Chen <lidongchen@tencent.com>
  Linus Torvalds <torvalds@linux-foundation.org>
  Linus Walleij <linus.walleij@linaro.org>
  Lucas Stach <l.stach@pengutronix.de>
  Luck, Tony <tony.luck@intel.com>
  Ludovic Desroches <ludovic.desroches@microchip.com>
  Luis Henriques <lhenriques@suse.com>
  Lukas Wunner <lukas@wunner.de>
  Manish Chopra <manishc@marvell.com>
  Manuel Presnitz <mail@mpy.de>
  Marc Kleine-Budde <mkl@pengutronix.de>
  Marc Zyngier <maz@kernel.org>
  Marcel Holtmann <marcel@holtmann.org>
  Marcelo Ricardo Leitner <marcelo.leitner@gmail.com>
  Mark Brown <broonie@kernel.org>
  Mark Rutland <mark.rutland@arm.com>
  Mark Zhang <markz@mellanox.com>
  Martin K. Petersen <martin.petersen@oracle.com>
  Martin Sperl <kernel@martin.sperl.org>
  Masahiro Yamada <yamada.masahiro@socionext.com>
  Matthias Kaehlcke <mka@chromium.org>
  Matthieu Baerts <matthieu.baerts@tessares.net>
  Michael S. Tsirkin <mst@redhat.com>
  Michal Hocko <mhocko@suse.com>
  Michal Kubecek <mkubecek@suse.cz>
  Michal Nazarewicz <mina86@mina86.com>
  Miguel Ojeda <miguel.ojeda.sandonis@gmail.com>
  Mike Snitzer <snitzer@redhat.com>
  Mikko Rapeli <mikko.rapeli@iki.fi>
  Mikulas Patocka <mpatocka@redhat.com>
  Miles Chen <miles.chen@mediatek.com>
  Miquel Raynal <miquel.raynal@bootlin.com>
  Nadav Amit <namit@vmware.com>
  Naresh Kamboju <naresh.kamboju () linaro ! org>
  Naresh Kamboju <naresh.kamboju@linaro.org>
  Nathan Chancellor <natechancellor@gmail.com>
  Navid Emamdoost <navid.emamdoost@gmail.com>
  Neal Cardwell <ncardwell@google.com>
  Neil MacLeod <neil@nmacleod.com>
  Nikolay Aleksandrov <nikolay@cumulusnetworks.com>
  Numfor Mbiziwo-Tiapo <nums@google.com>
  Oleg Nesterov <oleg@redhat.com>
  Oliver Neukum <oneukum@suse.com>
  Olof Johansson <olof@lixom.net>
  Ondrej Mosnacek <omosnace@redhat.com>
  Pablo Neira Ayuso <pablo@netfilter.org>
  Paolo Abeni <pabeni@redhat.com>
  Paolo Bonzini <pbonzini@redhat.com>
  Paul Burton <paul.burton@mips.com>
  Paul Moore <paul@paul-moore.com>
  Pavel Machek <pavel@ucw.cz>
  Pavel Shilovsky <pshilov@microsoft.com>
  Peter Ujfalusi <peter.ujfalusi@ti.com>
  Peter Zijlstra (Intel) <peterz@infradead.org>
  Peter Zijlstra <peterz@infradead.org>
  Petr Cvek <petrcvekcz@gmail.com>
  Phil Turnbull <phil.turnbull@oracle.com>
  Philip Langdale <philipl@overt.org>
  Prarit Bhargava <prarit@redhat.com>
  Qian Cai <cai@lca.pw>
  Radim Krčmář <rkrcmar@redhat.com>
  Rafael J. Wysocki <rafael.j.wysocki@intel.com>
  Rasmus Villemoes <rasmus.villemoes@prevas.dk>
  Ricardo Neri <ricardo.neri-calderon@linux.intel.com>
  Rob Herring <robh@kernel.org>
  Robert Hodaszi <robert.hodaszi@digi.com>
  Rogan Dawes <rogan@dawes.za.net>
  Ross Lagerwall <ross.lagerwall@citrix.com>
  Russell King <rmk+kernel@armlinux.org.uk>
  Saeed Mahameed <saeedm@mellanox.com>
  Sam Protsenko <semen.protsenko@linaro.org>
  Sasha Levin <sashal@kernel.org>
  Sean Christopherson <sean.j.christopherson@intel.com>
  Sebastian Mayr <me@sam.st>
  Sebastian Parschauer <s.parschauer@gmx.de>
  Sekhar Nori <nsekhar@ti.com>
  Simon Horman <horms+renesas@verge.net.au>
  Soheil Hassas Yeganeh <soheil@google.com>
  Stefan Haberland <sth@linux.ibm.com>
  Stefan Wahren <stefan.wahren@i2se.com>
  Stefan Wahren <wahrenst@gmx.net>
  Stephane Grosjean <s.grosjean@peak-system.com>
  Steve French <stfrench@microsoft.com>
  Sudarsana Reddy Kalluru <skalluru@marvell.com>
  Suganath Prabu <suganath-prabu.subramani@broadcom.com>
  Sumit Saxena <sumit.saxena@broadcom.com>
  Suzuki K Poulose <suzuki.poulose@arm.com>
  Takashi Iwai <tiwai@suse.de>
  Taras Kondratiuk <takondra@cisco.com>
  Tejun Heo <tj@kernel.org>
  Tho Vu <tho.vu.wh@rvc.renesas.com>
  Thomas Bogendoerfer <tbogendoerfer@suse.de>
  Thomas Falcon <tlfalcon@linux.ibm.com>
  Thomas Gleixner <tglx@linutronix.de>
  Thomas Tai <thomas.tai@oracle.com>
  Tim Froidcoeur <tim.froidcoeur@tessares.net>
  Tom Lendacky <thomas.lendacky@amd.com>
  Tomas Bortoli <tomasbortoli@gmail.com>
  Tony Lindgren <tony@atomide.com>
  Tony Luck <tony.luck@intel.com>
  Trond Myklebust <trond.myklebust@hammerspace.com>
  Tuba Yavuz <tuba@ece.ufl.edu>
  Tyrel Datwyler <tyreld@linux.vnet.ibm.com>
  Ulf Hansson <ulf.hansson@linaro.org>
  Vince Weaver <vincent.weaver@maine.edu>
  Vinod Koul <vkoul@kernel.org>
  Viresh Kumar <viresh.kumar@linaro.org>
  Vitaly Kuznetsov <vkuznets@redhat.com>
  Wang Xiayang <xywang.sjtu@sjtu.edu.cn>
  Wanpeng Li <wanpeng.li@hotmail.com>
  Wen Yang <wen.yang99@zte.com.cn>
  Wenwen Wang <wenwen@cs.uga.edu>
  Will Deacon <will.deacon@arm.com>
  Will Deacon <will@kernel.org>
  Willem de Bruijn <willemb@google.com>
  Wim Van Sebroeck <wim@linux-watchdog.org>
  xiao jin <jin.xiao@intel.com>
  Xiaojun Zhao <xiaojunzhao141@gmail.com>
  Xin Long <lucien.xin@gmail.com>
  Yavuz, Tuba <tuba@ece.ufl.edu>
  Ying Xue <ying.xue@windriver.com>
  Yoshiaki Okamoto <yokamoto@allied-telesis.co.jp>
  Yoshihiro Shimoda <yoshihiro.shimoda.uh@renesas.com>
  Yuchung Cheng <ycheng@google.com>
  YueHaibing <yuehaibing@huawei.com>
  Yunfang Tai <yunfangtai@tencent.com>
  Zefan Li <lizefan@huawei.com>
  ZhangXiaoxu <zhangxiaoxu5@huawei.com>
  Zhouyang Jia <jiazhouyang09@gmail.com>
  Zubin Mithra <zsm@chromium.org>

jobs:
 build-amd64-xsm                                              pass    
 build-arm64-xsm                                              pass    
 build-i386-xsm                                               pass    
 build-amd64                                                  pass    
 build-arm64                                                  pass    
 build-armhf                                                  pass    
 build-i386                                                   pass    
 build-amd64-libvirt                                          pass    
 build-arm64-libvirt                                          pass    
 build-armhf-libvirt                                          pass    
 build-i386-libvirt                                           pass    
 build-amd64-pvops                                            pass    
 build-arm64-pvops                                            pass    
 build-armhf-pvops                                            pass    
 build-i386-pvops                                             pass    
 test-amd64-amd64-xl                                          pass    
 test-arm64-arm64-xl                                          fail    
 test-armhf-armhf-xl                                          pass    
 test-amd64-i386-xl                                           pass    
 test-amd64-amd64-libvirt-qemuu-debianhvm-amd64-xsm           pass    
 test-amd64-i386-libvirt-qemuu-debianhvm-amd64-xsm            pass    
 test-amd64-amd64-xl-qemut-stubdom-debianhvm-amd64-xsm        pass    
 test-amd64-i386-xl-qemut-stubdom-debianhvm-amd64-xsm         pass    
 test-amd64-amd64-xl-qemut-debianhvm-i386-xsm                 pass    
 test-amd64-i386-xl-qemut-debianhvm-i386-xsm                  pass    
 test-amd64-amd64-xl-qemuu-debianhvm-i386-xsm                 pass    
 test-amd64-i386-xl-qemuu-debianhvm-i386-xsm                  pass    
 test-amd64-amd64-libvirt-xsm                                 pass    
 test-arm64-arm64-libvirt-xsm                                 fail    
 test-amd64-i386-libvirt-xsm                                  pass    
 test-amd64-amd64-xl-xsm                                      pass    
 test-arm64-arm64-xl-xsm                                      fail    
 test-amd64-i386-xl-xsm                                       pass    
 test-amd64-amd64-qemuu-nested-amd                            fail    
 test-amd64-amd64-xl-pvhv2-amd                                fail    
 test-amd64-i386-qemut-rhel6hvm-amd                           pass    
 test-amd64-i386-qemuu-rhel6hvm-amd                           pass    
 test-amd64-amd64-xl-qemut-debianhvm-amd64                    pass    
 test-amd64-i386-xl-qemut-debianhvm-amd64                     pass    
 test-amd64-amd64-xl-qemuu-debianhvm-amd64                    pass    
 test-amd64-i386-xl-qemuu-debianhvm-amd64                     pass    
 test-amd64-i386-freebsd10-amd64                              pass    
 test-amd64-amd64-xl-qemuu-ovmf-amd64                         pass    
 test-amd64-i386-xl-qemuu-ovmf-amd64                          pass    
 test-amd64-amd64-xl-qemut-win7-amd64                         fail    
 test-amd64-i386-xl-qemut-win7-amd64                          fail    
 test-amd64-amd64-xl-qemuu-win7-amd64                         fail    
 test-amd64-i386-xl-qemuu-win7-amd64                          fail    
 test-amd64-amd64-xl-qemut-ws16-amd64                         fail    
 test-amd64-i386-xl-qemut-ws16-amd64                          fail    
 test-amd64-amd64-xl-qemuu-ws16-amd64                         fail    
 test-amd64-i386-xl-qemuu-ws16-amd64                          fail    
 test-armhf-armhf-xl-arndale                                  pass    
 test-amd64-amd64-xl-credit1                                  pass    
 test-arm64-arm64-xl-credit1                                  fail    
 test-armhf-armhf-xl-credit1                                  pass    
 test-amd64-amd64-xl-credit2                                  pass    
 test-arm64-arm64-xl-credit2                                  fail    
 test-armhf-armhf-xl-credit2                                  pass    
 test-armhf-armhf-xl-cubietruck                               pass    
 test-amd64-amd64-xl-qemuu-dmrestrict-amd64-dmrestrict        fail    
 test-amd64-i386-xl-qemuu-dmrestrict-amd64-dmrestrict         fail    
 test-amd64-amd64-examine                                     pass    
 test-arm64-arm64-examine                                     fail    
 test-armhf-armhf-examine                                     pass    
 test-amd64-i386-examine                                      pass    
 test-amd64-i386-freebsd10-i386                               pass    
 test-amd64-amd64-xl-qemut-win10-i386                         fail    
 test-amd64-i386-xl-qemut-win10-i386                          fail    
 test-amd64-amd64-xl-qemuu-win10-i386                         fail    
 test-amd64-i386-xl-qemuu-win10-i386                          fail    
 test-amd64-amd64-qemuu-nested-intel                          pass    
 test-amd64-amd64-xl-pvhv2-intel                              fail    
 test-amd64-i386-qemut-rhel6hvm-intel                         pass    
 test-amd64-i386-qemuu-rhel6hvm-intel                         pass    
 test-amd64-amd64-libvirt                                     pass    
 test-armhf-armhf-libvirt                                     pass    
 test-amd64-i386-libvirt                                      pass    
 test-amd64-amd64-xl-multivcpu                                pass    
 test-armhf-armhf-xl-multivcpu                                pass    
 test-amd64-amd64-pair                                        pass    
 test-amd64-i386-pair                                         pass    
 test-amd64-amd64-libvirt-pair                                pass    
 test-amd64-i386-libvirt-pair                                 pass    
 test-amd64-amd64-amd64-pvgrub                                pass    
 test-amd64-amd64-i386-pvgrub                                 pass    
 test-amd64-amd64-xl-pvshim                                   fail    
 test-amd64-i386-xl-pvshim                                    fail    
 test-amd64-amd64-pygrub                                      pass    
 test-amd64-amd64-xl-qcow2                                    pass    
 test-armhf-armhf-libvirt-raw                                 pass    
 test-amd64-i386-xl-raw                                       pass    
 test-amd64-amd64-xl-rtds                                     pass    
 test-armhf-armhf-xl-rtds                                     pass    
 test-arm64-arm64-xl-seattle                                  fail    
 test-amd64-amd64-xl-qemuu-debianhvm-amd64-shadow             pass    
 test-amd64-i386-xl-qemuu-debianhvm-amd64-shadow              pass    
 test-amd64-amd64-xl-shadow                                   pass    
 test-amd64-i386-xl-shadow                                    pass    
 test-arm64-arm64-xl-thunderx                                 fail    
 test-amd64-amd64-libvirt-vhd                                 pass    
 test-armhf-armhf-xl-vhd                                      pass    


------------------------------------------------------------
sg-report-flight on osstest.test-lab.xenproject.org
logs: /home/logs/logs
images: /home/logs/images

Logs, config files, etc. are available at
    http://logs.test-lab.xenproject.org/osstest/logs

Explanation of these reports, and of osstest in general, is at
    http://xenbits.xen.org/gitweb/?p=osstest.git;a=blob;f=README.email;hb=master
    http://xenbits.xen.org/gitweb/?p=osstest.git;a=blob;f=README;hb=master

Test harness code can be found at
    http://xenbits.xen.org/gitweb?p=osstest.git;a=summary


Not pushing.

(No revision log; it would be 7487 lines long.)

_______________________________________________
Xen-devel mailing list
Xen-devel@lists.xenproject.org
https://lists.xenproject.org/mailman/listinfo/xen-devel

^ permalink raw reply	[flat|nested] only message in thread

only message in thread, back to index

Thread overview: (only message) (download: mbox.gz / follow: Atom feed)
-- links below jump to the message on this page --
2019-09-14  6:08 [Xen-devel] [linux-4.4 test] 141265: regressions - FAIL osstest service owner

Xen-Devel Archive on lore.kernel.org

Archives are clonable:
	git clone --mirror https://lore.kernel.org/xen-devel/0 xen-devel/git/0.git
	git clone --mirror https://lore.kernel.org/xen-devel/1 xen-devel/git/1.git

	# If you have public-inbox 1.1+ installed, you may
	# initialize and index your mirror using the following commands:
	public-inbox-init -V2 xen-devel xen-devel/ https://lore.kernel.org/xen-devel \
		xen-devel@lists.xenproject.org xen-devel@lists.xen.org xen-devel@archiver.kernel.org
	public-inbox-index xen-devel

Example config snippet for mirrors

Newsgroup available over NNTP:
	nntp://nntp.lore.kernel.org/org.xenproject.lists.xen-devel


AGPL code for this site: git clone https://public-inbox.org/ public-inbox