Xen-Devel Archive on lore.kernel.org
 help / color / Atom feed
* [Xen-devel] [linux-4.19 test] 142436: tolerable FAIL - PUSHED
@ 2019-10-09  7:47 osstest service owner
  0 siblings, 0 replies; only message in thread
From: osstest service owner @ 2019-10-09  7:47 UTC (permalink / raw)
  To: xen-devel, osstest-admin

flight 142436 linux-4.19 real [real]
http://logs.test-lab.xenproject.org/osstest/logs/142436/

Failures :-/ but no regressions.

Tests which did not succeed, but are not blocking:
 test-amd64-i386-xl-qemut-ws16-amd64 17 guest-stop             fail like 142323
 test-amd64-i386-xl-pvshim    12 guest-start                  fail   never pass
 test-amd64-amd64-libvirt     13 migrate-support-check        fail   never pass
 test-amd64-amd64-libvirt-xsm 13 migrate-support-check        fail   never pass
 test-amd64-i386-libvirt-xsm  13 migrate-support-check        fail   never pass
 test-arm64-arm64-xl-seattle  13 migrate-support-check        fail   never pass
 test-arm64-arm64-xl-seattle  14 saverestore-support-check    fail   never pass
 test-amd64-i386-libvirt      13 migrate-support-check        fail   never pass
 test-amd64-amd64-libvirt-qemuu-debianhvm-amd64-xsm 11 migrate-support-check fail never pass
 test-amd64-amd64-libvirt-vhd 12 migrate-support-check        fail   never pass
 test-arm64-arm64-xl-credit2  13 migrate-support-check        fail   never pass
 test-arm64-arm64-xl-credit2  14 saverestore-support-check    fail   never pass
 test-amd64-i386-libvirt-qemuu-debianhvm-amd64-xsm 11 migrate-support-check fail never pass
 test-arm64-arm64-xl-credit1  13 migrate-support-check        fail   never pass
 test-arm64-arm64-xl-credit1  14 saverestore-support-check    fail   never pass
 test-arm64-arm64-xl          13 migrate-support-check        fail   never pass
 test-arm64-arm64-xl          14 saverestore-support-check    fail   never pass
 test-arm64-arm64-xl-thunderx 13 migrate-support-check        fail   never pass
 test-arm64-arm64-xl-thunderx 14 saverestore-support-check    fail   never pass
 test-arm64-arm64-libvirt-xsm 13 migrate-support-check        fail   never pass
 test-arm64-arm64-libvirt-xsm 14 saverestore-support-check    fail   never pass
 test-amd64-amd64-qemuu-nested-amd 17 debian-hvm-install/l1/l2  fail never pass
 test-arm64-arm64-xl-xsm      13 migrate-support-check        fail   never pass
 test-arm64-arm64-xl-xsm      14 saverestore-support-check    fail   never pass
 test-armhf-armhf-xl-arndale  13 migrate-support-check        fail   never pass
 test-armhf-armhf-xl-arndale  14 saverestore-support-check    fail   never pass
 test-amd64-amd64-xl-qemuu-win7-amd64 17 guest-stop             fail never pass
 test-amd64-amd64-xl-qemut-ws16-amd64 17 guest-stop             fail never pass
 test-armhf-armhf-xl          13 migrate-support-check        fail   never pass
 test-armhf-armhf-xl          14 saverestore-support-check    fail   never pass
 test-amd64-amd64-xl-qemuu-ws16-amd64 17 guest-stop             fail never pass
 test-armhf-armhf-xl-credit1  13 migrate-support-check        fail   never pass
 test-armhf-armhf-xl-credit1  14 saverestore-support-check    fail   never pass
 test-armhf-armhf-xl-cubietruck 13 migrate-support-check        fail never pass
 test-armhf-armhf-xl-cubietruck 14 saverestore-support-check    fail never pass
 test-armhf-armhf-xl-credit2  13 migrate-support-check        fail   never pass
 test-armhf-armhf-xl-credit2  14 saverestore-support-check    fail   never pass
 test-armhf-armhf-xl-rtds     13 migrate-support-check        fail   never pass
 test-armhf-armhf-xl-rtds     14 saverestore-support-check    fail   never pass
 test-armhf-armhf-xl-multivcpu 13 migrate-support-check        fail  never pass
 test-armhf-armhf-xl-multivcpu 14 saverestore-support-check    fail  never pass
 test-amd64-i386-xl-qemuu-win7-amd64 17 guest-stop              fail never pass
 test-amd64-amd64-xl-qemut-win7-amd64 17 guest-stop             fail never pass
 test-armhf-armhf-libvirt-raw 12 migrate-support-check        fail   never pass
 test-armhf-armhf-libvirt-raw 13 saverestore-support-check    fail   never pass
 test-amd64-i386-xl-qemut-win7-amd64 17 guest-stop              fail never pass
 test-armhf-armhf-libvirt     13 migrate-support-check        fail   never pass
 test-armhf-armhf-libvirt     14 saverestore-support-check    fail   never pass
 test-armhf-armhf-xl-vhd      12 migrate-support-check        fail   never pass
 test-armhf-armhf-xl-vhd      13 saverestore-support-check    fail   never pass
 test-amd64-i386-xl-qemuu-ws16-amd64 17 guest-stop              fail never pass
 test-amd64-amd64-xl-qemuu-win10-i386 10 windows-install        fail never pass
 test-amd64-amd64-xl-qemut-win10-i386 10 windows-install        fail never pass
 test-amd64-i386-xl-qemut-win10-i386 10 windows-install         fail never pass
 test-amd64-i386-xl-qemuu-win10-i386 10 windows-install         fail never pass

version targeted for testing:
 linux                58fce20645303bee01d74144ec00e405be43b1ca
baseline version:
 linux                6cad9d0cf87b95b10f3f4d7826c2c15e45e2a277

Last test of basis   142323  2019-10-05 11:40:01 Z    3 days
Testing same since   142407  2019-10-07 17:10:56 Z    1 days    2 attempts

------------------------------------------------------------
People who touched revisions under test:
  Ahmad Fatoum <a.fatoum@pengutronix.de>
  Al Viro <viro@zeniv.linux.org.uk>
  Alex Deucher <alexander.deucher@amd.com>
  Alex Williamson <alex.williamson@redhat.com>
  Alexander Steffen <Alexander.Steffen@infineon.com>
  Alexandre Belloni <alexandre.belloni@bootlin.com>
  Alexandre Ghiti <alex@ghiti.fr>
  Alexey Kardashevskiy <aik@ozlabs.ru>
  Andrew Morton <akpm@linux-foundation.org>
  Andrew Murray <andrew.murray@arm.com>
  Andrey Konovalov <andreyknvl@google.com>
  Andrey Smirnov <andrew.smirnov@gmail.com>
  Andrzej Hajda <a.hajda@samsung.com>
  Andy Shevchenko <andriy.shevchenko@linux.intel.com>
  Anson Huang <Anson.Huang@nxp.com>
  Anthony Koo <Anthony.Koo@amd.com>
  Arnd Bergmann <arnd@arndb.de>
  Baolin Wang <baolin.wang@linaro.org>
  Bart Van Assche <bvanassche@acm.org>
  Bartlomiej Zolnierkiewicz <b.zolnierkie@samsung.com>
  Ben Skeggs <bskeggs@redhat.com>
  Benjamin Gaignard <benjamin.gaignard@linaro.org>
  Benjamin Tissoires <benjamin.tissoires@redhat.com>
  Bharath Vedartham <linux.bhar@gmail.com>
  Bhawanpreet Lakha <Bhawanpreet.Lakha@amd.com>
  Biwen Li <biwen.li@nxp.com>
  Bjørn Mork <bjorn@mork.no>
  Casey Schaufler <casey@schaufler-ca.com>
  Catalin Marinas <catalin.marinas@arm.com>
  Changwei Ge <gechangwei@live.cn>
  Charlene Liu <charlene.liu@amd.com>
  Chris Wilson <chris@chris-wilson.co.uk>
  Christian König <christian.koenig@amd.com>
  Christophe Leroy <christophe.leroy@c-s.fr>
  Chunyan Zhang <chunyan.zhang@unisoc.com>
  Chunyan Zhang <zhang.chunyan@linaro.org>
  Chunyan Zhang <zhang.lyra@gmail.com>
  Corey Minyard <cminyard@mvista.com>
  Cédric Le Goater <clg@kaod.org>
  Damien Le Moal <damien.lemoal@wdc.com>
  Daniel Borkmann <daniel@iogearbox.net>
  Daniel Drake <drake@endlessm.com>
  David Ahern <dsahern@gmail.com>
  David Howells <dhowells@redhat.com>
  David S. Miller <davem@davemloft.net>
  Deepa Dinamani <deepa.kernel@gmail.com>
  Dexuan Cui <decui@microsoft.com>
  Dmitry Vyukov <dvyukov@google.com>
  Dominique Martinet <dominique.martinet@cea.fr>
  Dongli Zhang <dongli.zhang@oracle.com>
  Dotan Barak <dotanb@dev.mellanox.co.il>
  Douglas Anderson <dianders@chromium.org>
  Eric Biggers <ebiggers@google.com>
  Eric Dumazet <edumazet@google.com>
  Eric Yang <eric.yang2@amd.com>
  Eugen Hristev <eugen.hristev@microchip.com>
  Ganesh Goudar <ganeshgr@linux.ibm.com>
  Geert Uytterhoeven <geert+renesas@glider.be>
  Greg Kroah-Hartman <gregkh@linuxfoundation.org>
  Greg Thelen <gthelen@google.com>
  Haishuang Yan <yanhaishuang@cmss.chinamobile.com>
  Hans de Goede <hdegoede@redhat.com>
  Heiko Stuebner <heiko@sntech.de>
  Herbert Xu <herbert@gondor.apana.org.au>
  hexin <hexin.op@gmail.com>
  hexin <hexin15@baidu.com>
  Icenowy Zheng <icenowy@aosc.io>
  Jan Stancek <jstancek@redhat.com>
  Jann Horn <jannh@google.com>
  Jarkko Sakkinen <jarkko.sakkinen@linux.intel.com>
  Jason Gerecke <jason.gerecke@wacom.com>
  Jason Gerecke <killertofu@gmail.com>
  Jassi Brar <jaswinder.singh@linaro.org>
  Jean Delvare <jdelvare@suse.de>
  Jeff Layton <jlayton@kernel.org>
  Jens Axboe <axboe@kernel.dk>
  Jia-Ju Bai <baijiaju1990@gmail.com>
  Jiri Kosina <jkosina@suse.cz>
  Joao Moreno <mail@joaomoreno.com>
  Joel Savitz <jsavitz@redhat.com>
  Johan Hovold <johan@kernel.org>
  Jon Maloy <jon.maloy@ericsson.com>
  Jorge Ramirez-Ortiz <jorge.ramirez-ortiz@linaro.org>
  Josh Hunt <johunt@akamai.com>
  Josh Poimboeuf <jpoimboe@redhat.com>
  Kai-Heng Feng <kai.heng.feng@canonical.com>
  Kees Cook <keescook@chromium.org>
  KyleMahlkuch <kmahlkuc@linux.vnet.ibm.com>
  Lee Jones <lee.jones@linaro.org>
  Leo Li <sunpeng.li@amd.com>
  Lewis Huang <Lewis.Huang@amd.com>
  Linus Torvalds <torvalds@linux-foundation.org>
  Linus Walleij <linus.walleij@linaro.org>
  Liu Qi <liuqi16@baidu.com>
  Lorenzo Bianconi <lorenzo.bianconi@redhat.com>
  Lorenzo Pieralisi <lorenzo.pieralisi@arm.com>
  Lucas Stach <l.stach@pengutronix.de>
  Manivannan Sadhasivam <manivannan.sadhasivam@linaro.org>
  Mark Menzynski <mmenzyns@redhat.com>
  Marko Kohtala <marko.kohtala@okoko.fi>
  Martin K. Petersen <martin.petersen@oracle.com>
  Martin KaFai Lau <kafai@fb.com>
  Maxime Ripard <maxime.ripard@bootlin.com>
  Michael Ellerman <mpe@ellerman.id.au>
  Mike Rapoport <mike.rapoport@gmail.com>
  Mike Rapoport <rppt@linux.ibm.com>
  Miroslav Benes <mbenes@suse.cz>
  Nathan Chancellor <natechancellor@gmail.com>
  Nathan Huckleberry <nhuck@google.com>
  Nathan Lynch <nathanl@linux.ibm.com>
  Navid Emamdoost <navid.emamdoost@gmail.com>
  Nicholas Piggin <npiggin@gmail.com>
  Nick Desaulniers <ndesaulniers@google.com>
  Nicolas Boichat <drinkcat@chromium.org>
  Niklas Cassel <niklas.cassel@linaro.org>
  Nishka Dasgupta <nishkadg.linux@gmail.com>
  OGAWA Hirofumi <hirofumi@mail.parknet.co.jp>
  Otto Meier <gf435@gmx.net>
  Paolo Abeni <pabeni@redhat.com>
  Paul Burton <paul.burton@mips.com>
  Petr Mladek <pmladek@suse.com>
  Philippe Cornu <philippe.cornu@st.com>
  Pierre-Louis Bossart <pierre-louis.bossart@linux.intel.com>
  Reinhard Speyerer <rspmn@arcor.de>
  Russell King <rmk+kernel@armlinux.org.uk>
  Sam Bobroff <sbobroff@linux.ibm.com>
  Sam Ravnborg <sam@ravnborg.org>
  Santosh Shilimkar <santosh.shilimkar@oracle.com>
  Sasha Levin <sashal@kernel.org>
  Scott Wood <oss@buserror.net>
  Sean Paul <seanpaul@chromium.org>
  Shahjada Abul Husain <shahjada@chelsio.com>
  Shawn Lin <shawn.lin@rock-chips.com>
  Sowjanya Komatineni <skomatineni@nvidia.com>
  Stefan Berger <stefanb@linux.ibm.com>
  Stefano Garzarella <sgarzare@redhat.com>
  Stephen Boyd <sboyd@kernel.org>
  Stephen Boyd <swboyd@chromium.org>
  Sudhakar Dindukurti <sudhakar.dindukurti@oracle.com>
  Tetsuo Handa <penguin-kernel@I-love.SAKURA.ne.jp>
  Theodore Ts'o <tytso@mit.edu>
  Thierry Reding <treding@nvidia.com>
  Tuong Lien <tuong.t.lien@dektech.com.au>
  Tyrel Datwyler <tyreld@linux.ibm.com>
  Vadim Sukhomlinov <sukhomlinov@google.com>
  Vinod Koul <vkoul@kernel.org>
  Vishal Kulkarni <vishal@chelsio.com>
  Will Deacon <will@kernel.org>
  Willem de Bruijn <willemb@google.com>
  Wolfram Sang <wsa@the-dreams.de>
  Yunfeng Ye <yeyunfeng@huawei.com>
  Zhang Yu <zhangyu31@baidu.com>
  zhangyi (F) <yi.zhang@huawei.com>
  Zhou Yanjie <zhouyanjie@zoho.com>
  Zubin Mithra <zsm@chromium.org>

jobs:
 build-amd64-xsm                                              pass    
 build-arm64-xsm                                              pass    
 build-i386-xsm                                               pass    
 build-amd64                                                  pass    
 build-arm64                                                  pass    
 build-armhf                                                  pass    
 build-i386                                                   pass    
 build-amd64-libvirt                                          pass    
 build-arm64-libvirt                                          pass    
 build-armhf-libvirt                                          pass    
 build-i386-libvirt                                           pass    
 build-amd64-pvops                                            pass    
 build-arm64-pvops                                            pass    
 build-armhf-pvops                                            pass    
 build-i386-pvops                                             pass    
 test-amd64-amd64-xl                                          pass    
 test-arm64-arm64-xl                                          pass    
 test-armhf-armhf-xl                                          pass    
 test-amd64-i386-xl                                           pass    
 test-amd64-amd64-libvirt-qemuu-debianhvm-amd64-xsm           pass    
 test-amd64-i386-libvirt-qemuu-debianhvm-amd64-xsm            pass    
 test-amd64-amd64-xl-qemut-stubdom-debianhvm-amd64-xsm        pass    
 test-amd64-i386-xl-qemut-stubdom-debianhvm-amd64-xsm         pass    
 test-amd64-amd64-xl-qemut-debianhvm-i386-xsm                 pass    
 test-amd64-i386-xl-qemut-debianhvm-i386-xsm                  pass    
 test-amd64-amd64-xl-qemuu-debianhvm-i386-xsm                 pass    
 test-amd64-i386-xl-qemuu-debianhvm-i386-xsm                  pass    
 test-amd64-amd64-libvirt-xsm                                 pass    
 test-arm64-arm64-libvirt-xsm                                 pass    
 test-amd64-i386-libvirt-xsm                                  pass    
 test-amd64-amd64-xl-xsm                                      pass    
 test-arm64-arm64-xl-xsm                                      pass    
 test-amd64-i386-xl-xsm                                       pass    
 test-amd64-amd64-qemuu-nested-amd                            fail    
 test-amd64-amd64-xl-pvhv2-amd                                pass    
 test-amd64-i386-qemut-rhel6hvm-amd                           pass    
 test-amd64-i386-qemuu-rhel6hvm-amd                           pass    
 test-amd64-amd64-xl-qemut-debianhvm-amd64                    pass    
 test-amd64-i386-xl-qemut-debianhvm-amd64                     pass    
 test-amd64-amd64-xl-qemuu-debianhvm-amd64                    pass    
 test-amd64-i386-xl-qemuu-debianhvm-amd64                     pass    
 test-amd64-i386-freebsd10-amd64                              pass    
 test-amd64-amd64-xl-qemuu-ovmf-amd64                         pass    
 test-amd64-i386-xl-qemuu-ovmf-amd64                          pass    
 test-amd64-amd64-xl-qemut-win7-amd64                         fail    
 test-amd64-i386-xl-qemut-win7-amd64                          fail    
 test-amd64-amd64-xl-qemuu-win7-amd64                         fail    
 test-amd64-i386-xl-qemuu-win7-amd64                          fail    
 test-amd64-amd64-xl-qemut-ws16-amd64                         fail    
 test-amd64-i386-xl-qemut-ws16-amd64                          fail    
 test-amd64-amd64-xl-qemuu-ws16-amd64                         fail    
 test-amd64-i386-xl-qemuu-ws16-amd64                          fail    
 test-armhf-armhf-xl-arndale                                  pass    
 test-amd64-amd64-xl-credit1                                  pass    
 test-arm64-arm64-xl-credit1                                  pass    
 test-armhf-armhf-xl-credit1                                  pass    
 test-amd64-amd64-xl-credit2                                  pass    
 test-arm64-arm64-xl-credit2                                  pass    
 test-armhf-armhf-xl-credit2                                  pass    
 test-armhf-armhf-xl-cubietruck                               pass    
 test-amd64-amd64-xl-qemuu-dmrestrict-amd64-dmrestrict        pass    
 test-amd64-i386-xl-qemuu-dmrestrict-amd64-dmrestrict         pass    
 test-amd64-amd64-examine                                     pass    
 test-arm64-arm64-examine                                     pass    
 test-armhf-armhf-examine                                     pass    
 test-amd64-i386-examine                                      pass    
 test-amd64-i386-freebsd10-i386                               pass    
 test-amd64-amd64-xl-qemut-win10-i386                         fail    
 test-amd64-i386-xl-qemut-win10-i386                          fail    
 test-amd64-amd64-xl-qemuu-win10-i386                         fail    
 test-amd64-i386-xl-qemuu-win10-i386                          fail    
 test-amd64-amd64-qemuu-nested-intel                          pass    
 test-amd64-amd64-xl-pvhv2-intel                              pass    
 test-amd64-i386-qemut-rhel6hvm-intel                         pass    
 test-amd64-i386-qemuu-rhel6hvm-intel                         pass    
 test-amd64-amd64-libvirt                                     pass    
 test-armhf-armhf-libvirt                                     pass    
 test-amd64-i386-libvirt                                      pass    
 test-amd64-amd64-xl-multivcpu                                pass    
 test-armhf-armhf-xl-multivcpu                                pass    
 test-amd64-amd64-pair                                        pass    
 test-amd64-i386-pair                                         pass    
 test-amd64-amd64-libvirt-pair                                pass    
 test-amd64-i386-libvirt-pair                                 pass    
 test-amd64-amd64-amd64-pvgrub                                pass    
 test-amd64-amd64-i386-pvgrub                                 pass    
 test-amd64-amd64-xl-pvshim                                   pass    
 test-amd64-i386-xl-pvshim                                    fail    
 test-amd64-amd64-pygrub                                      pass    
 test-amd64-amd64-xl-qcow2                                    pass    
 test-armhf-armhf-libvirt-raw                                 pass    
 test-amd64-i386-xl-raw                                       pass    
 test-amd64-amd64-xl-rtds                                     pass    
 test-armhf-armhf-xl-rtds                                     pass    
 test-arm64-arm64-xl-seattle                                  pass    
 test-amd64-amd64-xl-qemuu-debianhvm-amd64-shadow             pass    
 test-amd64-i386-xl-qemuu-debianhvm-amd64-shadow              pass    
 test-amd64-amd64-xl-shadow                                   pass    
 test-amd64-i386-xl-shadow                                    pass    
 test-arm64-arm64-xl-thunderx                                 pass    
 test-amd64-amd64-libvirt-vhd                                 pass    
 test-armhf-armhf-xl-vhd                                      pass    


------------------------------------------------------------
sg-report-flight on osstest.test-lab.xenproject.org
logs: /home/logs/logs
images: /home/logs/images

Logs, config files, etc. are available at
    http://logs.test-lab.xenproject.org/osstest/logs

Explanation of these reports, and of osstest in general, is at
    http://xenbits.xen.org/gitweb/?p=osstest.git;a=blob;f=README.email;hb=master
    http://xenbits.xen.org/gitweb/?p=osstest.git;a=blob;f=README;hb=master

Test harness code can be found at
    http://xenbits.xen.org/gitweb?p=osstest.git;a=summary


Pushing revision :

To xenbits.xen.org:/home/xen/git/linux-pvops.git
   6cad9d0cf87b..58fce2064530  58fce20645303bee01d74144ec00e405be43b1ca -> tested/linux-4.19

_______________________________________________
Xen-devel mailing list
Xen-devel@lists.xenproject.org
https://lists.xenproject.org/mailman/listinfo/xen-devel

^ permalink raw reply	[flat|nested] only message in thread

only message in thread, back to index

Thread overview: (only message) (download: mbox.gz / follow: Atom feed)
-- links below jump to the message on this page --
2019-10-09  7:47 [Xen-devel] [linux-4.19 test] 142436: tolerable FAIL - PUSHED osstest service owner

Xen-Devel Archive on lore.kernel.org

Archives are clonable:
	git clone --mirror https://lore.kernel.org/xen-devel/0 xen-devel/git/0.git
	git clone --mirror https://lore.kernel.org/xen-devel/1 xen-devel/git/1.git

	# If you have public-inbox 1.1+ installed, you may
	# initialize and index your mirror using the following commands:
	public-inbox-init -V2 xen-devel xen-devel/ https://lore.kernel.org/xen-devel \
		xen-devel@lists.xenproject.org xen-devel@lists.xen.org xen-devel@archiver.kernel.org
	public-inbox-index xen-devel

Example config snippet for mirrors

Newsgroup available over NNTP:
	nntp://nntp.lore.kernel.org/org.xenproject.lists.xen-devel


AGPL code for this site: git clone https://public-inbox.org/ public-inbox