Xen-Devel Archive on lore.kernel.org
 help / color / Atom feed
* [Xen-devel] [linux-4.19 test] 142612: tolerable FAIL - PUSHED
@ 2019-10-12  9:09 osstest service owner
  0 siblings, 0 replies; only message in thread
From: osstest service owner @ 2019-10-12  9:09 UTC (permalink / raw)
  To: xen-devel, osstest-admin

flight 142612 linux-4.19 real [real]
http://logs.test-lab.xenproject.org/osstest/logs/142612/

Failures :-/ but no regressions.

Tests which did not succeed, but are not blocking:
 test-amd64-i386-xl-qemut-ws16-amd64 17 guest-stop             fail like 142436
 test-amd64-i386-xl-pvshim    12 guest-start                  fail   never pass
 test-amd64-amd64-libvirt     13 migrate-support-check        fail   never pass
 test-amd64-i386-libvirt-xsm  13 migrate-support-check        fail   never pass
 test-amd64-amd64-libvirt-xsm 13 migrate-support-check        fail   never pass
 test-arm64-arm64-xl-seattle  13 migrate-support-check        fail   never pass
 test-arm64-arm64-xl-seattle  14 saverestore-support-check    fail   never pass
 test-amd64-i386-libvirt      13 migrate-support-check        fail   never pass
 test-amd64-amd64-libvirt-qemuu-debianhvm-amd64-xsm 11 migrate-support-check fail never pass
 test-amd64-amd64-libvirt-vhd 12 migrate-support-check        fail   never pass
 test-arm64-arm64-xl-credit2  13 migrate-support-check        fail   never pass
 test-arm64-arm64-xl-credit2  14 saverestore-support-check    fail   never pass
 test-amd64-i386-libvirt-qemuu-debianhvm-amd64-xsm 11 migrate-support-check fail never pass
 test-arm64-arm64-xl          13 migrate-support-check        fail   never pass
 test-arm64-arm64-xl          14 saverestore-support-check    fail   never pass
 test-arm64-arm64-xl-credit1  13 migrate-support-check        fail   never pass
 test-arm64-arm64-xl-credit1  14 saverestore-support-check    fail   never pass
 test-arm64-arm64-xl-thunderx 13 migrate-support-check        fail   never pass
 test-arm64-arm64-xl-thunderx 14 saverestore-support-check    fail   never pass
 test-amd64-amd64-qemuu-nested-amd 17 debian-hvm-install/l1/l2  fail never pass
 test-arm64-arm64-libvirt-xsm 13 migrate-support-check        fail   never pass
 test-arm64-arm64-libvirt-xsm 14 saverestore-support-check    fail   never pass
 test-arm64-arm64-xl-xsm      13 migrate-support-check        fail   never pass
 test-arm64-arm64-xl-xsm      14 saverestore-support-check    fail   never pass
 test-armhf-armhf-xl-arndale  13 migrate-support-check        fail   never pass
 test-armhf-armhf-xl-arndale  14 saverestore-support-check    fail   never pass
 test-amd64-amd64-xl-qemuu-win7-amd64 17 guest-stop             fail never pass
 test-amd64-amd64-xl-qemut-ws16-amd64 17 guest-stop             fail never pass
 test-armhf-armhf-xl          13 migrate-support-check        fail   never pass
 test-amd64-amd64-xl-qemuu-ws16-amd64 17 guest-stop             fail never pass
 test-armhf-armhf-xl          14 saverestore-support-check    fail   never pass
 test-armhf-armhf-xl-credit1  13 migrate-support-check        fail   never pass
 test-armhf-armhf-xl-credit1  14 saverestore-support-check    fail   never pass
 test-armhf-armhf-xl-cubietruck 13 migrate-support-check        fail never pass
 test-armhf-armhf-xl-cubietruck 14 saverestore-support-check    fail never pass
 test-armhf-armhf-xl-credit2  13 migrate-support-check        fail   never pass
 test-armhf-armhf-xl-credit2  14 saverestore-support-check    fail   never pass
 test-armhf-armhf-xl-rtds     13 migrate-support-check        fail   never pass
 test-armhf-armhf-xl-rtds     14 saverestore-support-check    fail   never pass
 test-amd64-i386-xl-qemuu-win7-amd64 17 guest-stop              fail never pass
 test-armhf-armhf-xl-multivcpu 13 migrate-support-check        fail  never pass
 test-armhf-armhf-xl-multivcpu 14 saverestore-support-check    fail  never pass
 test-armhf-armhf-libvirt     13 migrate-support-check        fail   never pass
 test-armhf-armhf-libvirt     14 saverestore-support-check    fail   never pass
 test-amd64-amd64-xl-qemut-win7-amd64 17 guest-stop             fail never pass
 test-armhf-armhf-libvirt-raw 12 migrate-support-check        fail   never pass
 test-armhf-armhf-libvirt-raw 13 saverestore-support-check    fail   never pass
 test-amd64-i386-xl-qemut-win7-amd64 17 guest-stop              fail never pass
 test-armhf-armhf-xl-vhd      12 migrate-support-check        fail   never pass
 test-armhf-armhf-xl-vhd      13 saverestore-support-check    fail   never pass
 test-amd64-i386-xl-qemuu-ws16-amd64 17 guest-stop              fail never pass
 test-amd64-amd64-xl-qemuu-win10-i386 10 windows-install        fail never pass
 test-amd64-amd64-xl-qemut-win10-i386 10 windows-install        fail never pass
 test-amd64-i386-xl-qemut-win10-i386 10 windows-install         fail never pass
 test-amd64-i386-xl-qemuu-win10-i386 10 windows-install         fail never pass

version targeted for testing:
 linux                dafd634415a7f9892a6fcc99c540fe567ab42c92
baseline version:
 linux                58fce20645303bee01d74144ec00e405be43b1ca

Last test of basis   142436  2019-10-08 08:43:55 Z    3 days
Testing same since   142612  2019-10-11 16:40:23 Z    0 days    1 attempts

------------------------------------------------------------
People who touched revisions under test:
  Adam Ford <aford173@gmail.com>
  Adrian Hunter <adrian.hunter@intel.com>
  Alex Deucher <alexander.deucher@amd.com>
  Alexander Sverdlin <alexander.sverdlin@nokia.com>
  Alexey Kardashevskiy <aik@ozlabs.ru>
  Andrew Donnellan <ajd@linux.ibm.com>
  Andrew Morton <akpm@linux-foundation.org>
  Andrew Murray <andrew.murray@arm.com>
  Aneesh Kumar K.V <aneesh.kumar@linux.ibm.com>
  Anna Schumaker <Anna.Schumaker@Netapp.com>
  Ard Biesheuvel <ard.biesheuvel@linaro.org>
  Arnaldo Carvalho de Melo <acme@redhat.com>
  Arvind Sankar <nivedita@alum.mit.edu>
  Balasubramani Vivekanandan <balasubramani_vivekanandan@mentor.com>
  Balbir Singh <bsingharora@gmail.com>
  Ben Skeggs <bskeggs@redhat.com>
  Bjorn Helgaas <bhelgaas@google.com>
  Boris Ostrovsky <boris.ostrovsky@oracle.com>
  Brian Norris <briannorris@chromium.org>
  Catalin Marinas <catalin.marinas@arm.com>
  Chengguang Xu <cgxu519@zoho.com.cn>
  Christian Borntraeger <borntraeger@de.ibm.com>
  Christoffer Dall <christoffer.dall@arm.com>
  Cédric Le Goater <clg@kaod.org>
  Dan Williams <dan.j.williams@intel.com>
  David S. Miller <davem@davemloft.net>
  Dmitry Osipenko <digetx@gmail.com>
  Dominique Martinet <dominique.martinet@cea.fr>
  Eric Sandeen <sandeen@redhat.com>
  Erqi Chen <chenerqi@gmail.com>
  Erqi Chen chenerqi@gmail.com
  Fabrice Gasnier <fabrice.gasnier@st.com>
  Felix Kuehling <Felix.Kuehling@amd.com>
  Florian Westphal <fw@strlen.de>
  Gao Xiang <gaoxiang25@huawei.com>
  Gautham R. Shenoy <ego@linux.vnet.ibm.com>
  Gilad Ben-Yossef <gilad@benyossef.com>
  Greg Kroah-Hartman <gregkh@linuxfoundation.org>
  Guenter Roeck <linux@roeck-us.net>
  Hans de Goede <hdegoede@redhat.com>
  Herbert Xu <herbert@gondor.apana.org.au>
  Horia Geantă <horia.geanta@nxp.com>
  Ido Schimmel <idosch@mellanox.com>
  Igor Druzhinin <igor.druzhinin@citrix.com>
  Ilya Dryomov <idryomov@gmail.com>
  Ilya Leoshkevich <iii@linux.ibm.com>
  Ingo Molnar <mingo@kernel.org>
  Jack Wang <jinpu.wang@cloud.ionos.com>
  Jakub Kicinski <jakub.kicinski@netronome.com>
  Jeff Layton <jlayton@kernel.org>
  Jens Axboe <axboe@kernel.dk>
  Jeremy Linton <jeremy.linton@arm.com>
  Jia-Ju Bai <baijiaju1990@gmail.com>
  Jiaxun Yang <jiaxun.yang@flygoat.com>
  Jiri Olsa <jolsa@kernel.org>
  Jiri Pirko <jiri@mellanox.com>
  Joel Stanley <joel@jms.id.au>
  Johan Hovold <johan@kernel.org>
  Johannes Berg <johannes.berg@intel.com>
  Jon Derrick <jonathan.derrick@intel.com>
  Jon Mason <jdmason@kudzu.us>
  Josh Poimboeuf <jpoimboe@redhat.com>
  Jouni Malinen <j@w1.fi>
  Juergen Gross <jgross@suse.com>
  Kees Cook <keescook@chromium.org>
  KeMeng Shi <shikemeng@huawei.com>
  Li RongQing <lirongqing@baidu.com>
  Liang ZhiCheng <liangzhicheng@baidu.com>
  Linus Torvalds <torvalds@linux-foundation.org>
  loobinliu@tencent.com
  Lorenzo Pieralisi <lorenzo.pieralisi@arm.com>
  Lu Shuaibing <shuaibinglu@126.com>
  Luis Henriques <lhenriques@suse.com>
  Lyude Paul <lyude@redhat.com>
  Mahesh Salgaonkar <mahesh@linux.vnet.ibm.com>
  Marc Kleine-Budde <mkl@pengutronix.de>
  Marc Zyngier <marc.zyngier@arm.com>
  Mark Brown <broonie@kernel.org>
  Mark Rutland <mark.rutland@arm.com>
  Mathieu Desnoyers <mathieu.desnoyers@efficios.com>
  Mathieu Poirier <mathieu.poirier@linaro.org>
  Mian Yousaf Kaukab <ykaukab@suse.de>
  Michael Ellerman <mpe@ellerman.id.au>
  Michael Nosthoff <committed@heine.so>
  Mike Christie <mchristi@redhat.com>
  Miklos Szeredi <mszeredi@redhat.com>
  Mimi Zohar <zohar@linux.ibm.com>
  MyungJoo Ham <myungjoo.ham@samsung.com>
  Nathan Chancellor <natechancellor@gmail.com>
  Navid Emamdoost <navid.emamdoost@gmail.com>
  Oleksandr Suvorov <oleksandr.suvorov@toradex.com>
  Pablo Neira Ayuso <pablo@netfilter.org>
  Paolo Bonzini <pbonzini@redhat.com>
  Paul Burton <paul.burton@mips.com>
  Paul Mackerras <paulus@ozlabs.org>
  Paul Walmsley <paul.walmsley@sifive.com>
  Peter Zijlstra (Intel) <peterz@infradead.org>
  Randy Dunlap <rdunlap@infradead.org>
  Rasmus Villemoes <linux@rasmusvillemoes.dk>
  Ravi Bangoria <ravi.bangoria@linux.ibm.com>
  Reza Arbab <arbab@linux.ibm.com>
  Rob Clark <robdclark@chromium.org>
  Russell King <rmk+kernel@armlinux.org.uk>
  Ryan Chen <ryan_chen@aspeedtech.com>
  Sanjay R Mehta <sanju.mehta@amd.com>
  Santosh Sivaraj <santosh@fossix.org>
  Sascha Hauer <s.hauer@pengutronix.de>
  Sasha Levin <sashal@kernel.org>
  Sean Christopherson <sean.j.christopherson@intel.com>
  Sean Nyekjaer <sean@geanix.com>
  Sean Paul <seanpaul@chromium.org>
  Sebastian Reichel <sebastian.reichel@collabora.com>
  Srikar Dronamraju <srikar@linux.vnet.ibm.com>
  Steev Klimaszewski <steev@kali.org>
  Stefan Mavrodiev <stefan@olimex.com>
  Stefan Schmidt <stefan@datenfreihafen.org>
  Stefan Wahren <stefan.wahren@i2se.com>
  Steven Rostedt (VMware) <rostedt@goodmis.org>
  Sumit Saxena <sumit.saxena@broadcom.com>
  Suzuki K Poulose <suzuki.poulose@arm.com>
  Thierry Reding <thierry.reding@gmail.com>
  Thierry Reding <treding@nvidia.com>
  Thomas Gleixner <tglx@linutronix.de>
  Thomas Huth <thuth@redhat.com>
  Thomas Richter <tmricht@linux.ibm.com>
  Tom Zanussi <zanussi@kernel.org>
  Tomi Valkeinen <tomi.valkeinen@ti.com>
  Trek <trek00@inbox.ru>
  Trond Myklebust <trond.myklebust@hammerspace.com>
  Trond Myklebust <trondmy@gmail.com>
  Ulf Hansson <ulf.hansson@linaro.org>
  Valdis Kletnieks <valdis.kletnieks@vt.edu>
  Vasily Gorbik <gor@linux.ibm.com>
  Vincent Chen <vincent.chen@sifive.com>
  Wanpeng Li <wanpengli@tencent.com>
  Wei Yongjun <weiyongjun1@huawei.com>
  Will Deacon <will.deacon@arm.com>
  Will Deacon <will@kernel.org>
  Wim Van Sebroeck <wim@linux-watchdog.org>
  Xiaolin Zhang <xiaolin.zhang@intel.com>
  Xiubo Li <xiubli@redhat.com>
  Zhang Rui <rui.zhang@intel.com>
  zhengbin <zhengbin13@huawei.com>
  Zhenyu Wang <zhenyuw@linux.intel.com>

jobs:
 build-amd64-xsm                                              pass    
 build-arm64-xsm                                              pass    
 build-i386-xsm                                               pass    
 build-amd64                                                  pass    
 build-arm64                                                  pass    
 build-armhf                                                  pass    
 build-i386                                                   pass    
 build-amd64-libvirt                                          pass    
 build-arm64-libvirt                                          pass    
 build-armhf-libvirt                                          pass    
 build-i386-libvirt                                           pass    
 build-amd64-pvops                                            pass    
 build-arm64-pvops                                            pass    
 build-armhf-pvops                                            pass    
 build-i386-pvops                                             pass    
 test-amd64-amd64-xl                                          pass    
 test-arm64-arm64-xl                                          pass    
 test-armhf-armhf-xl                                          pass    
 test-amd64-i386-xl                                           pass    
 test-amd64-amd64-libvirt-qemuu-debianhvm-amd64-xsm           pass    
 test-amd64-i386-libvirt-qemuu-debianhvm-amd64-xsm            pass    
 test-amd64-amd64-xl-qemut-stubdom-debianhvm-amd64-xsm        pass    
 test-amd64-i386-xl-qemut-stubdom-debianhvm-amd64-xsm         pass    
 test-amd64-amd64-xl-qemut-debianhvm-i386-xsm                 pass    
 test-amd64-i386-xl-qemut-debianhvm-i386-xsm                  pass    
 test-amd64-amd64-xl-qemuu-debianhvm-i386-xsm                 pass    
 test-amd64-i386-xl-qemuu-debianhvm-i386-xsm                  pass    
 test-amd64-amd64-libvirt-xsm                                 pass    
 test-arm64-arm64-libvirt-xsm                                 pass    
 test-amd64-i386-libvirt-xsm                                  pass    
 test-amd64-amd64-xl-xsm                                      pass    
 test-arm64-arm64-xl-xsm                                      pass    
 test-amd64-i386-xl-xsm                                       pass    
 test-amd64-amd64-qemuu-nested-amd                            fail    
 test-amd64-amd64-xl-pvhv2-amd                                pass    
 test-amd64-i386-qemut-rhel6hvm-amd                           pass    
 test-amd64-i386-qemuu-rhel6hvm-amd                           pass    
 test-amd64-amd64-xl-qemut-debianhvm-amd64                    pass    
 test-amd64-i386-xl-qemut-debianhvm-amd64                     pass    
 test-amd64-amd64-xl-qemuu-debianhvm-amd64                    pass    
 test-amd64-i386-xl-qemuu-debianhvm-amd64                     pass    
 test-amd64-i386-freebsd10-amd64                              pass    
 test-amd64-amd64-xl-qemuu-ovmf-amd64                         pass    
 test-amd64-i386-xl-qemuu-ovmf-amd64                          pass    
 test-amd64-amd64-xl-qemut-win7-amd64                         fail    
 test-amd64-i386-xl-qemut-win7-amd64                          fail    
 test-amd64-amd64-xl-qemuu-win7-amd64                         fail    
 test-amd64-i386-xl-qemuu-win7-amd64                          fail    
 test-amd64-amd64-xl-qemut-ws16-amd64                         fail    
 test-amd64-i386-xl-qemut-ws16-amd64                          fail    
 test-amd64-amd64-xl-qemuu-ws16-amd64                         fail    
 test-amd64-i386-xl-qemuu-ws16-amd64                          fail    
 test-armhf-armhf-xl-arndale                                  pass    
 test-amd64-amd64-xl-credit1                                  pass    
 test-arm64-arm64-xl-credit1                                  pass    
 test-armhf-armhf-xl-credit1                                  pass    
 test-amd64-amd64-xl-credit2                                  pass    
 test-arm64-arm64-xl-credit2                                  pass    
 test-armhf-armhf-xl-credit2                                  pass    
 test-armhf-armhf-xl-cubietruck                               pass    
 test-amd64-amd64-xl-qemuu-dmrestrict-amd64-dmrestrict        pass    
 test-amd64-i386-xl-qemuu-dmrestrict-amd64-dmrestrict         pass    
 test-amd64-amd64-examine                                     pass    
 test-arm64-arm64-examine                                     pass    
 test-armhf-armhf-examine                                     pass    
 test-amd64-i386-examine                                      pass    
 test-amd64-i386-freebsd10-i386                               pass    
 test-amd64-amd64-xl-qemut-win10-i386                         fail    
 test-amd64-i386-xl-qemut-win10-i386                          fail    
 test-amd64-amd64-xl-qemuu-win10-i386                         fail    
 test-amd64-i386-xl-qemuu-win10-i386                          fail    
 test-amd64-amd64-qemuu-nested-intel                          pass    
 test-amd64-amd64-xl-pvhv2-intel                              pass    
 test-amd64-i386-qemut-rhel6hvm-intel                         pass    
 test-amd64-i386-qemuu-rhel6hvm-intel                         pass    
 test-amd64-amd64-libvirt                                     pass    
 test-armhf-armhf-libvirt                                     pass    
 test-amd64-i386-libvirt                                      pass    
 test-amd64-amd64-xl-multivcpu                                pass    
 test-armhf-armhf-xl-multivcpu                                pass    
 test-amd64-amd64-pair                                        pass    
 test-amd64-i386-pair                                         pass    
 test-amd64-amd64-libvirt-pair                                pass    
 test-amd64-i386-libvirt-pair                                 pass    
 test-amd64-amd64-amd64-pvgrub                                pass    
 test-amd64-amd64-i386-pvgrub                                 pass    
 test-amd64-amd64-xl-pvshim                                   pass    
 test-amd64-i386-xl-pvshim                                    fail    
 test-amd64-amd64-pygrub                                      pass    
 test-amd64-amd64-xl-qcow2                                    pass    
 test-armhf-armhf-libvirt-raw                                 pass    
 test-amd64-i386-xl-raw                                       pass    
 test-amd64-amd64-xl-rtds                                     pass    
 test-armhf-armhf-xl-rtds                                     pass    
 test-arm64-arm64-xl-seattle                                  pass    
 test-amd64-amd64-xl-qemuu-debianhvm-amd64-shadow             pass    
 test-amd64-i386-xl-qemuu-debianhvm-amd64-shadow              pass    
 test-amd64-amd64-xl-shadow                                   pass    
 test-amd64-i386-xl-shadow                                    pass    
 test-arm64-arm64-xl-thunderx                                 pass    
 test-amd64-amd64-libvirt-vhd                                 pass    
 test-armhf-armhf-xl-vhd                                      pass    


------------------------------------------------------------
sg-report-flight on osstest.test-lab.xenproject.org
logs: /home/logs/logs
images: /home/logs/images

Logs, config files, etc. are available at
    http://logs.test-lab.xenproject.org/osstest/logs

Explanation of these reports, and of osstest in general, is at
    http://xenbits.xen.org/gitweb/?p=osstest.git;a=blob;f=README.email;hb=master
    http://xenbits.xen.org/gitweb/?p=osstest.git;a=blob;f=README;hb=master

Test harness code can be found at
    http://xenbits.xen.org/gitweb?p=osstest.git;a=summary


Pushing revision :

To xenbits.xen.org:/home/xen/git/linux-pvops.git
   58fce2064530..dafd634415a7  dafd634415a7f9892a6fcc99c540fe567ab42c92 -> tested/linux-4.19

_______________________________________________
Xen-devel mailing list
Xen-devel@lists.xenproject.org
https://lists.xenproject.org/mailman/listinfo/xen-devel

^ permalink raw reply	[flat|nested] only message in thread

only message in thread, back to index

Thread overview: (only message) (download: mbox.gz / follow: Atom feed)
-- links below jump to the message on this page --
2019-10-12  9:09 [Xen-devel] [linux-4.19 test] 142612: tolerable FAIL - PUSHED osstest service owner

Xen-Devel Archive on lore.kernel.org

Archives are clonable:
	git clone --mirror https://lore.kernel.org/xen-devel/0 xen-devel/git/0.git
	git clone --mirror https://lore.kernel.org/xen-devel/1 xen-devel/git/1.git

	# If you have public-inbox 1.1+ installed, you may
	# initialize and index your mirror using the following commands:
	public-inbox-init -V2 xen-devel xen-devel/ https://lore.kernel.org/xen-devel \
		xen-devel@lists.xenproject.org xen-devel@lists.xen.org
	public-inbox-index xen-devel

Example config snippet for mirrors

Newsgroup available over NNTP:
	nntp://nntp.lore.kernel.org/org.xenproject.lists.xen-devel


AGPL code for this site: git clone https://public-inbox.org/public-inbox.git