From: osstest service owner <osstest-admin@xenproject.org>
To: xen-devel@lists.xenproject.org, osstest-admin@xenproject.org
Subject: [Xen-devel] [linux-4.14 test] 142613: regressions - trouble: broken/fail/pass
Date: Sat, 12 Oct 2019 13:58:28 +0000 [thread overview]
Message-ID: <osstest-142613-mainreport@xen.org> (raw)
flight 142613 linux-4.14 real [real]
http://logs.test-lab.xenproject.org/osstest/logs/142613/
Regressions :-(
Tests which did not succeed and are blocking,
including tests which could not be run:
test-amd64-amd64-xl <job status> broken
test-amd64-amd64-libvirt-xsm <job status> broken
test-amd64-amd64-xl-qemuu-debianhvm-amd64-shadow <job status> broken
test-amd64-i386-xl-qemut-debianhvm-amd64 <job status> broken
test-amd64-i386-qemuu-rhel6hvm-intel <job status> broken
test-amd64-i386-xl-qemut-stubdom-debianhvm-amd64-xsm <job status> broken
test-amd64-i386-libvirt-qemuu-debianhvm-amd64-xsm <job status> broken
test-amd64-i386-xl-qemut-stubdom-debianhvm-amd64-xsm 4 host-install(4) broken REGR. vs. 142410
test-amd64-amd64-xl-qemuu-debianhvm-amd64-shadow 4 host-install(4) broken REGR. vs. 142410
test-amd64-i386-qemuu-rhel6hvm-intel 4 host-install(4) broken REGR. vs. 142410
test-amd64-i386-xl-qemut-debianhvm-amd64 4 host-install(4) broken REGR. vs. 142410
test-amd64-i386-libvirt-qemuu-debianhvm-amd64-xsm 4 host-install(4) broken REGR. vs. 142410
test-amd64-amd64-xl 4 host-install(4) broken REGR. vs. 142410
test-amd64-amd64-libvirt-xsm 4 host-install(4) broken REGR. vs. 142410
test-amd64-i386-xl 7 xen-boot fail REGR. vs. 142410
Tests which did not succeed, but are not blocking:
test-amd64-i386-libvirt 13 migrate-support-check fail never pass
test-amd64-i386-xl-pvshim 12 guest-start fail never pass
test-amd64-amd64-libvirt 13 migrate-support-check fail never pass
test-amd64-i386-libvirt-xsm 13 migrate-support-check fail never pass
test-arm64-arm64-xl-seattle 13 migrate-support-check fail never pass
test-arm64-arm64-xl-seattle 14 saverestore-support-check fail never pass
test-amd64-amd64-libvirt-qemuu-debianhvm-amd64-xsm 11 migrate-support-check fail never pass
test-amd64-amd64-qemuu-nested-amd 17 debian-hvm-install/l1/l2 fail never pass
test-arm64-arm64-xl 13 migrate-support-check fail never pass
test-arm64-arm64-xl 14 saverestore-support-check fail never pass
test-arm64-arm64-xl-xsm 13 migrate-support-check fail never pass
test-arm64-arm64-xl-xsm 14 saverestore-support-check fail never pass
test-arm64-arm64-xl-credit1 13 migrate-support-check fail never pass
test-arm64-arm64-xl-credit1 14 saverestore-support-check fail never pass
test-arm64-arm64-xl-credit2 13 migrate-support-check fail never pass
test-arm64-arm64-xl-credit2 14 saverestore-support-check fail never pass
test-arm64-arm64-libvirt-xsm 13 migrate-support-check fail never pass
test-arm64-arm64-libvirt-xsm 14 saverestore-support-check fail never pass
test-armhf-armhf-libvirt 13 migrate-support-check fail never pass
test-armhf-armhf-libvirt 14 saverestore-support-check fail never pass
test-arm64-arm64-xl-thunderx 13 migrate-support-check fail never pass
test-arm64-arm64-xl-thunderx 14 saverestore-support-check fail never pass
test-armhf-armhf-xl-arndale 13 migrate-support-check fail never pass
test-armhf-armhf-xl-arndale 14 saverestore-support-check fail never pass
test-amd64-amd64-libvirt-vhd 12 migrate-support-check fail never pass
test-amd64-i386-xl-qemut-win7-amd64 17 guest-stop fail never pass
test-armhf-armhf-xl-credit2 13 migrate-support-check fail never pass
test-armhf-armhf-xl-credit2 14 saverestore-support-check fail never pass
test-armhf-armhf-xl-multivcpu 13 migrate-support-check fail never pass
test-armhf-armhf-xl-multivcpu 14 saverestore-support-check fail never pass
test-amd64-amd64-xl-qemuu-ws16-amd64 17 guest-stop fail never pass
test-amd64-i386-xl-qemuu-win7-amd64 17 guest-stop fail never pass
test-amd64-amd64-xl-qemuu-win7-amd64 17 guest-stop fail never pass
test-armhf-armhf-xl-cubietruck 13 migrate-support-check fail never pass
test-armhf-armhf-xl-cubietruck 14 saverestore-support-check fail never pass
test-armhf-armhf-xl-rtds 13 migrate-support-check fail never pass
test-armhf-armhf-xl-rtds 14 saverestore-support-check fail never pass
test-armhf-armhf-xl-credit1 13 migrate-support-check fail never pass
test-armhf-armhf-xl-credit1 14 saverestore-support-check fail never pass
test-armhf-armhf-xl 13 migrate-support-check fail never pass
test-armhf-armhf-xl 14 saverestore-support-check fail never pass
test-amd64-i386-xl-qemut-ws16-amd64 17 guest-stop fail never pass
test-armhf-armhf-xl-vhd 12 migrate-support-check fail never pass
test-armhf-armhf-xl-vhd 13 saverestore-support-check fail never pass
test-amd64-amd64-xl-qemut-win7-amd64 17 guest-stop fail never pass
test-armhf-armhf-libvirt-raw 12 migrate-support-check fail never pass
test-armhf-armhf-libvirt-raw 13 saverestore-support-check fail never pass
test-amd64-i386-xl-qemuu-ws16-amd64 17 guest-stop fail never pass
test-amd64-amd64-xl-qemut-ws16-amd64 17 guest-stop fail never pass
test-amd64-i386-xl-qemuu-win10-i386 10 windows-install fail never pass
test-amd64-amd64-xl-qemuu-win10-i386 10 windows-install fail never pass
test-amd64-i386-xl-qemut-win10-i386 10 windows-install fail never pass
test-amd64-amd64-xl-qemut-win10-i386 10 windows-install fail never pass
version targeted for testing:
linux e132c8d7b58d8dc2c1888f5768454550d1f3ea7b
baseline version:
linux 42327896f194f256e5a361e0069985bc8d209b42
Last test of basis 142410 2019-10-07 17:11:08 Z 4 days
Testing same since 142613 2019-10-11 16:41:52 Z 0 days 1 attempts
------------------------------------------------------------
People who touched revisions under test:
Adam Ford <aford173@gmail.com>
Adrian Hunter <adrian.hunter@intel.com>
Alex Deucher <alexander.deucher@amd.com>
Alexander Sverdlin <alexander.sverdlin@nokia.com>
Alexey Kardashevskiy <aik@ozlabs.ru>
Andrew Donnellan <ajd@linux.ibm.com>
Andrew Morton <akpm@linux-foundation.org>
Andrew Murray <andrew.murray@arm.com>
Anna Schumaker <Anna.Schumaker@Netapp.com>
Ard Biesheuvel <ard.biesheuvel@linaro.org>
Arnaldo Carvalho de Melo <acme@redhat.com>
Balasubramani Vivekanandan <balasubramani_vivekanandan@mentor.com>
Boris Ostrovsky <boris.ostrovsky@oracle.com>
Chengguang Xu <cgxu519@zoho.com.cn>
Christian Borntraeger <borntraeger@de.ibm.com>
Cédric Le Goater <clg@kaod.org>
Dan Melnic <dmm@fb.com>
Dmitry Osipenko <digetx@gmail.com>
Dominique Martinet <dominique.martinet@cea.fr>
Eric Sandeen <sandeen@redhat.com>
Erqi Chen <chenerqi@gmail.com>
Erqi Chen chenerqi@gmail.com
Fabrice Gasnier <fabrice.gasnier@st.com>
Florian Westphal <fw@strlen.de>
Gautham R. Shenoy <ego@linux.vnet.ibm.com>
Greg Kroah-Hartman <gregkh@linuxfoundation.org>
Guenter Roeck <linux@roeck-us.net>
Herbert Xu <herbert@gondor.apana.org.au>
Horia Geantă <horia.geanta@nxp.com>
Ido Schimmel <idosch@mellanox.com>
Igor Druzhinin <igor.druzhinin@citrix.com>
Ilya Dryomov <idryomov@gmail.com>
Ilya Leoshkevich <iii@linux.ibm.com>
Ingo Molnar <mingo@kernel.org>
Jack Wang <jinpu.wang@cloud.ionos.com>
Jeff Layton <jlayton@kernel.org>
Jens Axboe <axboe@kernel.dk>
Jia-Ju Bai <baijiaju1990@gmail.com>
Jiri Olsa <jolsa@kernel.org>
Jiri Pirko <jiri@mellanox.com>
Joel Stanley <joel@jms.id.au>
Johan Hovold <johan@kernel.org>
Johannes Berg <johannes.berg@intel.com>
Jouni Malinen <j@w1.fi>
Juergen Gross <jgross@suse.com>
Kees Cook <keescook@chromium.org>
KeMeng Shi <shikemeng@huawei.com>
Li RongQing <lirongqing@baidu.com>
Liang ZhiCheng <liangzhicheng@baidu.com>
Linus Torvalds <torvalds@linux-foundation.org>
loobinliu@tencent.com
Luis Henriques <lhenriques@suse.com>
Marc Kleine-Budde <mkl@pengutronix.de>
Mark Brown <broonie@kernel.org>
Mathieu Poirier <mathieu.poirier@linaro.org>
Michael Ellerman <mpe@ellerman.id.au>
Mike Christie <mchristi@redhat.com>
Miklos Szeredi <mszeredi@redhat.com>
Mimi Zohar <zohar@linux.ibm.com>
MyungJoo Ham <myungjoo.ham@samsung.com>
Oleksandr Suvorov <oleksandr.suvorov@toradex.com>
Pablo Neira Ayuso <pablo@netfilter.org>
Paolo Bonzini <pbonzini@redhat.com>
Paul Mackerras <paulus@ozlabs.org>
Peter Zijlstra (Intel) <peterz@infradead.org>
Randy Dunlap <rdunlap@infradead.org>
Rasmus Villemoes <linux@rasmusvillemoes.dk>
Ravi Bangoria <ravi.bangoria@linux.ibm.com>
Russell King <rmk+kernel@armlinux.org.uk>
Ryan Chen <ryan_chen@aspeedtech.com>
Sascha Hauer <s.hauer@pengutronix.de>
Sasha Levin <sashal@kernel.org>
Sean Nyekjaer <sean@geanix.com>
Srikar Dronamraju <srikar@linux.vnet.ibm.com>
Steev Klimaszewski <steev@kali.org>
Stefan Schmidt <stefan@datenfreihafen.org>
Steven Rostedt (VMware) <rostedt@goodmis.org>
Thierry Reding <thierry.reding@gmail.com>
Thierry Reding <treding@nvidia.com>
Thomas Gleixner <tglx@linutronix.de>
Thomas Huth <thuth@redhat.com>
Thomas Richter <tmricht@linux.ibm.com>
Tomi Valkeinen <tomi.valkeinen@ti.com>
Trek <trek00@inbox.ru>
Trond Myklebust <trond.myklebust@hammerspace.com>
Trond Myklebust <trondmy@gmail.com>
Ulf Hansson <ulf.hansson@linaro.org>
Valdis Kletnieks <valdis.kletnieks@vt.edu>
Vasily Gorbik <gor@linux.ibm.com>
Wanpeng Li <wanpengli@tencent.com>
Wei Yongjun <weiyongjun1@huawei.com>
Wim Van Sebroeck <wim@linux-watchdog.org>
Xiubo Li <xiubli@redhat.com>
Zhang Rui <rui.zhang@intel.com>
zhengbin <zhengbin13@huawei.com>
jobs:
build-amd64-xsm pass
build-arm64-xsm pass
build-i386-xsm pass
build-amd64 pass
build-arm64 pass
build-armhf pass
build-i386 pass
build-amd64-libvirt pass
build-arm64-libvirt pass
build-armhf-libvirt pass
build-i386-libvirt pass
build-amd64-pvops pass
build-arm64-pvops pass
build-armhf-pvops pass
build-i386-pvops pass
test-amd64-amd64-xl broken
test-arm64-arm64-xl pass
test-armhf-armhf-xl pass
test-amd64-i386-xl fail
test-amd64-amd64-libvirt-qemuu-debianhvm-amd64-xsm pass
test-amd64-i386-libvirt-qemuu-debianhvm-amd64-xsm broken
test-amd64-amd64-xl-qemut-stubdom-debianhvm-amd64-xsm pass
test-amd64-i386-xl-qemut-stubdom-debianhvm-amd64-xsm broken
test-amd64-amd64-xl-qemut-debianhvm-i386-xsm pass
test-amd64-i386-xl-qemut-debianhvm-i386-xsm pass
test-amd64-amd64-xl-qemuu-debianhvm-i386-xsm pass
test-amd64-i386-xl-qemuu-debianhvm-i386-xsm pass
test-amd64-amd64-libvirt-xsm broken
test-arm64-arm64-libvirt-xsm pass
test-amd64-i386-libvirt-xsm pass
test-amd64-amd64-xl-xsm pass
test-arm64-arm64-xl-xsm pass
test-amd64-i386-xl-xsm pass
test-amd64-amd64-qemuu-nested-amd fail
test-amd64-amd64-xl-pvhv2-amd pass
test-amd64-i386-qemut-rhel6hvm-amd pass
test-amd64-i386-qemuu-rhel6hvm-amd pass
test-amd64-amd64-xl-qemut-debianhvm-amd64 pass
test-amd64-i386-xl-qemut-debianhvm-amd64 broken
test-amd64-amd64-xl-qemuu-debianhvm-amd64 pass
test-amd64-i386-xl-qemuu-debianhvm-amd64 pass
test-amd64-i386-freebsd10-amd64 pass
test-amd64-amd64-xl-qemuu-ovmf-amd64 pass
test-amd64-i386-xl-qemuu-ovmf-amd64 pass
test-amd64-amd64-xl-qemut-win7-amd64 fail
test-amd64-i386-xl-qemut-win7-amd64 fail
test-amd64-amd64-xl-qemuu-win7-amd64 fail
test-amd64-i386-xl-qemuu-win7-amd64 fail
test-amd64-amd64-xl-qemut-ws16-amd64 fail
test-amd64-i386-xl-qemut-ws16-amd64 fail
test-amd64-amd64-xl-qemuu-ws16-amd64 fail
test-amd64-i386-xl-qemuu-ws16-amd64 fail
test-armhf-armhf-xl-arndale pass
test-amd64-amd64-xl-credit1 pass
test-arm64-arm64-xl-credit1 pass
test-armhf-armhf-xl-credit1 pass
test-amd64-amd64-xl-credit2 pass
test-arm64-arm64-xl-credit2 pass
test-armhf-armhf-xl-credit2 pass
test-armhf-armhf-xl-cubietruck pass
test-amd64-amd64-xl-qemuu-dmrestrict-amd64-dmrestrict pass
test-amd64-i386-xl-qemuu-dmrestrict-amd64-dmrestrict pass
test-amd64-amd64-examine pass
test-arm64-arm64-examine pass
test-armhf-armhf-examine pass
test-amd64-i386-examine pass
test-amd64-i386-freebsd10-i386 pass
test-amd64-amd64-xl-qemut-win10-i386 fail
test-amd64-i386-xl-qemut-win10-i386 fail
test-amd64-amd64-xl-qemuu-win10-i386 fail
test-amd64-i386-xl-qemuu-win10-i386 fail
test-amd64-amd64-qemuu-nested-intel pass
test-amd64-amd64-xl-pvhv2-intel pass
test-amd64-i386-qemut-rhel6hvm-intel pass
test-amd64-i386-qemuu-rhel6hvm-intel broken
test-amd64-amd64-libvirt pass
test-armhf-armhf-libvirt pass
test-amd64-i386-libvirt pass
test-amd64-amd64-xl-multivcpu pass
test-armhf-armhf-xl-multivcpu pass
test-amd64-amd64-pair pass
test-amd64-i386-pair pass
test-amd64-amd64-libvirt-pair pass
test-amd64-i386-libvirt-pair pass
test-amd64-amd64-amd64-pvgrub pass
test-amd64-amd64-i386-pvgrub pass
test-amd64-amd64-xl-pvshim pass
test-amd64-i386-xl-pvshim fail
test-amd64-amd64-pygrub pass
test-amd64-amd64-xl-qcow2 pass
test-armhf-armhf-libvirt-raw pass
test-amd64-i386-xl-raw pass
test-amd64-amd64-xl-rtds pass
test-armhf-armhf-xl-rtds pass
test-arm64-arm64-xl-seattle pass
test-amd64-amd64-xl-qemuu-debianhvm-amd64-shadow broken
test-amd64-i386-xl-qemuu-debianhvm-amd64-shadow pass
test-amd64-amd64-xl-shadow pass
test-amd64-i386-xl-shadow pass
test-arm64-arm64-xl-thunderx pass
test-amd64-amd64-libvirt-vhd pass
test-armhf-armhf-xl-vhd pass
------------------------------------------------------------
sg-report-flight on osstest.test-lab.xenproject.org
logs: /home/logs/logs
images: /home/logs/images
Logs, config files, etc. are available at
http://logs.test-lab.xenproject.org/osstest/logs
Explanation of these reports, and of osstest in general, is at
http://xenbits.xen.org/gitweb/?p=osstest.git;a=blob;f=README.email;hb=master
http://xenbits.xen.org/gitweb/?p=osstest.git;a=blob;f=README;hb=master
Test harness code can be found at
http://xenbits.xen.org/gitweb?p=osstest.git;a=summary
broken-job test-amd64-amd64-xl broken
broken-job test-amd64-amd64-libvirt-xsm broken
broken-job test-amd64-amd64-xl-qemuu-debianhvm-amd64-shadow broken
broken-job test-amd64-i386-xl-qemut-debianhvm-amd64 broken
broken-job test-amd64-i386-qemuu-rhel6hvm-intel broken
broken-job test-amd64-i386-xl-qemut-stubdom-debianhvm-amd64-xsm broken
broken-job test-amd64-i386-libvirt-qemuu-debianhvm-amd64-xsm broken
broken-step test-amd64-i386-xl-qemut-stubdom-debianhvm-amd64-xsm host-install(4)
broken-step test-amd64-amd64-xl-qemuu-debianhvm-amd64-shadow host-install(4)
broken-step test-amd64-i386-qemuu-rhel6hvm-intel host-install(4)
broken-step test-amd64-i386-xl-qemut-debianhvm-amd64 host-install(4)
broken-step test-amd64-i386-libvirt-qemuu-debianhvm-amd64-xsm host-install(4)
broken-step test-amd64-amd64-xl host-install(4)
broken-step test-amd64-amd64-libvirt-xsm host-install(4)
Not pushing.
(No revision log; it would be 2219 lines long.)
_______________________________________________
Xen-devel mailing list
Xen-devel@lists.xenproject.org
https://lists.xenproject.org/mailman/listinfo/xen-devel
reply other threads:[~2019-10-12 13:59 UTC|newest]
Thread overview: [no followups] expand[flat|nested] mbox.gz Atom feed
Reply instructions:
You may reply publicly to this message via plain-text email
using any one of the following methods:
* Save the following mbox file, import it into your mail client,
and reply-to-all from there: mbox
Avoid top-posting and favor interleaved quoting:
https://en.wikipedia.org/wiki/Posting_style#Interleaved_style
* Reply using the --to, --cc, and --in-reply-to
switches of git-send-email(1):
git send-email \
--in-reply-to=osstest-142613-mainreport@xen.org \
--to=osstest-admin@xenproject.org \
--cc=xen-devel@lists.xenproject.org \
/path/to/YOUR_REPLY
https://kernel.org/pub/software/scm/git/docs/git-send-email.html
* If your mail client supports setting the In-Reply-To header
via mailto: links, try the mailto: link
Be sure your reply has a Subject: header at the top and a blank line
before the message body.
This is a public inbox, see mirroring instructions
for how to clone and mirror all data and code used for this inbox;
as well as URLs for NNTP newsgroup(s).