Xen-Devel Archive on lore.kernel.org
 help / color / Atom feed
From: osstest service owner <osstest-admin@xenproject.org>
To: xen-devel@lists.xenproject.org, osstest-admin@xenproject.org,
	royger@FreeBSD.org
Subject: [Xen-devel] [freebsd-master test] 143927: regressions - trouble: blocked/fail
Date: Sat, 09 Nov 2019 15:22:12 +0000
Message-ID: <osstest-143927-mainreport@xen.org> (raw)

flight 143927 freebsd-master real [real]
http://logs.test-lab.xenproject.org/osstest/logs/143927/

Regressions :-(

Tests which did not succeed and are blocking,
including tests which could not be run:
 build-amd64-freebsd           7 freebsd-build            fail REGR. vs. 141501

Tests which did not succeed, but are not blocking:
 build-amd64-freebsd-again     1 build-check(1)               blocked  n/a
 build-amd64-xen-freebsd       1 build-check(1)               blocked  n/a

version targeted for testing:
 freebsd              a85ae78ad70fc071175bd2a8789c578faf7985cf
baseline version:
 freebsd              14aef6dfca96006e52b8fb920bde7c612ba58b79

Last test of basis   141501  2019-09-20 09:19:51 Z   50 days
Failing since        141701  2019-09-23 09:19:41 Z   47 days   20 attempts
Testing same since   143927  2019-11-08 12:04:35 Z    1 days    1 attempts

------------------------------------------------------------
People who touched revisions under test:
  0mp <0mp@FreeBSD.org>
  ae <ae@FreeBSD.org>
  alc <alc@FreeBSD.org>
  Alek Pinchuk <apinchuk@datto.com>
  allanjude <allanjude@FreeBSD.org>
  ambrisko <ambrisko@FreeBSD.org>
  andrew <andrew@FreeBSD.org>
  asomers <asomers@FreeBSD.org>
  avg <avg@FreeBSD.org>
  bapt <bapt@FreeBSD.org>
  bdragon <bdragon@FreeBSD.org>
  bdrewery <bdrewery@FreeBSD.org>
  br <br@FreeBSD.org>
  brooks <brooks@FreeBSD.org>
  brueffer <brueffer@FreeBSD.org>
  bz <bz@FreeBSD.org>
  cem <cem@FreeBSD.org>
  chs <chs@FreeBSD.org>
  cognet <cognet@FreeBSD.org>
  cperciva <cperciva@FreeBSD.org>
  cy <cy@FreeBSD.org>
  dab <dab@FreeBSD.org>
  daichi <daichi@FreeBSD.org>
  dchagin <dchagin@FreeBSD.org>
  dim <dim@FreeBSD.org>
  dougm <dougm@FreeBSD.org>
  emaste <emaste@FreeBSD.org>
  erj <erj@FreeBSD.org>
  eugen <eugen@FreeBSD.org>
  gallatin <gallatin@FreeBSD.org>
  gjb <gjb@FreeBSD.org>
  glebius <glebius@FreeBSD.org>
  gonzo <gonzo@FreeBSD.org>
  grembo <grembo@FreeBSD.org>
  grog <grog@FreeBSD.org>
  hrs <hrs@FreeBSD.org>
  hselasky <hselasky@FreeBSD.org>
  ian <ian@FreeBSD.org>
  imp <imp@FreeBSD.org>
  Jacob Keller <jacob.e.keller@intel.com>
  jeff <jeff@FreeBSD.org>
  jhb <jhb@FreeBSD.org>
  jhibbits <jhibbits@FreeBSD.org>
  jilles <jilles@FreeBSD.org>
  jkim <jkim@FreeBSD.org>
  jlh <jlh@FreeBSD.org>
  jmg <jmg@FreeBSD.org>
  jrm <jrm@FreeBSD.org>
  jtl <jtl@FreeBSD.org>
  kaktus <kaktus@FreeBSD.org>
  kan <kan@FreeBSD.org>
  karels <karels@FreeBSD.org>
  kevans <kevans@FreeBSD.org>
  kib <kib@FreeBSD.org>
  kibab <kibab@FreeBSD.org>
  kp <kp@FreeBSD.org>
  lstewart <lstewart@FreeBSD.org>
  luporl <luporl@FreeBSD.org>
  lwhsu <lwhsu@FreeBSD.org>
  manu <manu@FreeBSD.org>
  marius <marius@FreeBSD.org>
  markj <markj@FreeBSD.org>
  mav <mav@FreeBSD.org>
  maxim <maxim@FreeBSD.org>
  mckusick <mckusick@FreeBSD.org>
  mhorne <mhorne@FreeBSD.org>
  mjg <mjg@FreeBSD.org>
  mm <mm@FreeBSD.org>
  mmacy <mmacy@FreeBSD.org>
  mmel <mmel@FreeBSD.org>
  mw <mw@FreeBSD.org>
  ngie <ngie@FreeBSD.org>
  np <np@FreeBSD.org>
  olivier <olivier@FreeBSD.org>
  oshogbo <oshogbo@FreeBSD.org>
  peterj <peterj@FreeBSD.org>
  phil <phil@FreeBSD.org>
  philip <philip@FreeBSD.org>
  phk <phk@FreeBSD.org>
  Piotr Pietruszewski <piotr.pietruszewski@intel.com>
  ray <ray@FreeBSD.org>
  rmacklem <rmacklem@FreeBSD.org>
  royger <royger@FreeBSD.org>
  rpokala <rpokala@FreeBSD.org>
  rrs <rrs@FreeBSD.org>
  rstone <rstone@FreeBSD.org>
  samm <samm@FreeBSD.org>
  schweikh <schweikh@FreeBSD.org>
  scottl <scottl@FreeBSD.org>
  sef <sef@FreeBSD.org>
  sevan <sevan@FreeBSD.org>
  sjg <sjg@FreeBSD.org>
  tijl <tijl@FreeBSD.org>
  Tom Caputi <tcaputi@datto.com>
  trasz <trasz@FreeBSD.org>
  tsoome <tsoome@FreeBSD.org>
  tuexen <tuexen@FreeBSD.org>
  vangyzen <vangyzen@FreeBSD.org>
  vmaffione <vmaffione@FreeBSD.org>
  wulf <wulf@FreeBSD.org>
  yuripv <yuripv@FreeBSD.org>
  Zach Vargas <zvargas@xes-inc.com>

jobs:
 build-amd64-freebsd-again                                    blocked 
 build-amd64-freebsd                                          fail    
 build-amd64-xen-freebsd                                      blocked 


------------------------------------------------------------
sg-report-flight on osstest.test-lab.xenproject.org
logs: /home/logs/logs
images: /home/logs/images

Logs, config files, etc. are available at
    http://logs.test-lab.xenproject.org/osstest/logs

Explanation of these reports, and of osstest in general, is at
    http://xenbits.xen.org/gitweb/?p=osstest.git;a=blob;f=README.email;hb=master
    http://xenbits.xen.org/gitweb/?p=osstest.git;a=blob;f=README;hb=master

Test harness code can be found at
    http://xenbits.xen.org/gitweb?p=osstest.git;a=summary


Not pushing.

(No revision log; it would be 18022 lines long.)

_______________________________________________
Xen-devel mailing list
Xen-devel@lists.xenproject.org
https://lists.xenproject.org/mailman/listinfo/xen-devel

                 reply index

Thread overview: [no followups] expand[flat|nested]  mbox.gz  Atom feed

Reply instructions:

You may reply publically to this message via plain-text email
using any one of the following methods:

* Save the following mbox file, import it into your mail client,
  and reply-to-all from there: mbox

  Avoid top-posting and favor interleaved quoting:
  https://en.wikipedia.org/wiki/Posting_style#Interleaved_style

* Reply using the --to, --cc, and --in-reply-to
  switches of git-send-email(1):

  git send-email \
    --in-reply-to=osstest-143927-mainreport@xen.org \
    --to=osstest-admin@xenproject.org \
    --cc=royger@FreeBSD.org \
    --cc=xen-devel@lists.xenproject.org \
    /path/to/YOUR_REPLY

  https://kernel.org/pub/software/scm/git/docs/git-send-email.html

* If your mail client supports setting the In-Reply-To header
  via mailto: links, try the mailto: link

Xen-Devel Archive on lore.kernel.org

Archives are clonable:
	git clone --mirror https://lore.kernel.org/xen-devel/0 xen-devel/git/0.git
	git clone --mirror https://lore.kernel.org/xen-devel/1 xen-devel/git/1.git

	# If you have public-inbox 1.1+ installed, you may
	# initialize and index your mirror using the following commands:
	public-inbox-init -V2 xen-devel xen-devel/ https://lore.kernel.org/xen-devel \
		xen-devel@lists.xenproject.org xen-devel@lists.xen.org
	public-inbox-index xen-devel

Example config snippet for mirrors

Newsgroup available over NNTP:
	nntp://nntp.lore.kernel.org/org.xenproject.lists.xen-devel


AGPL code for this site: git clone https://public-inbox.org/public-inbox.git