* [Xen-devel] [libvirt test] 146156: regressions - FAIL
@ 2020-01-17 5:57 osstest service owner
0 siblings, 0 replies; only message in thread
From: osstest service owner @ 2020-01-17 5:57 UTC (permalink / raw)
To: xen-devel, osstest-admin
flight 146156 libvirt real [real]
http://logs.test-lab.xenproject.org/osstest/logs/146156/
Regressions :-(
Tests which did not succeed and are blocking,
including tests which could not be run:
test-arm64-arm64-libvirt-qcow2 15 guest-start/debian.repeat fail REGR. vs. 145969
Tests which did not succeed, but are not blocking:
test-armhf-armhf-libvirt 14 saverestore-support-check fail like 145969
test-armhf-armhf-libvirt-raw 13 saverestore-support-check fail like 145969
test-amd64-amd64-libvirt-xsm 13 migrate-support-check fail never pass
test-amd64-amd64-libvirt 13 migrate-support-check fail never pass
test-amd64-i386-libvirt-xsm 13 migrate-support-check fail never pass
test-amd64-i386-libvirt 13 migrate-support-check fail never pass
test-amd64-amd64-libvirt-qemuu-debianhvm-amd64-xsm 11 migrate-support-check fail never pass
test-amd64-i386-libvirt-qemuu-debianhvm-amd64-xsm 11 migrate-support-check fail never pass
test-arm64-arm64-libvirt 13 migrate-support-check fail never pass
test-arm64-arm64-libvirt 14 saverestore-support-check fail never pass
test-arm64-arm64-libvirt-xsm 13 migrate-support-check fail never pass
test-arm64-arm64-libvirt-xsm 14 saverestore-support-check fail never pass
test-amd64-amd64-libvirt-vhd 12 migrate-support-check fail never pass
test-arm64-arm64-libvirt-qcow2 12 migrate-support-check fail never pass
test-arm64-arm64-libvirt-qcow2 13 saverestore-support-check fail never pass
test-armhf-armhf-libvirt 13 migrate-support-check fail never pass
test-armhf-armhf-libvirt-raw 12 migrate-support-check fail never pass
version targeted for testing:
libvirt 0f814c0fed420209ccb881325b854beaa7c70fcf
baseline version:
libvirt 4a09c143f6c467230ab60c20fea560e710ddeee0
Last test of basis 145969 2020-01-11 04:18:42 Z 6 days
Failing since 146061 2020-01-14 04:19:22 Z 3 days 3 attempts
Testing same since 146156 2020-01-16 08:28:35 Z 0 days 1 attempts
------------------------------------------------------------
People who touched revisions under test:
Andrea Bolognani <abologna@redhat.com>
Daniel Veillard <veillard@redhat.com>
Han Han <hhan@redhat.com>
Jiri Denemark <jdenemar@redhat.com>
Julio Faracco <jcfaracco@gmail.com>
Ján Tomko <jtomko@redhat.com>
Michal Privoznik <mprivozn@redhat.com>
Pavel Hrdina <phrdina@redhat.com>
Peter Krempa <pkrempa@redhat.com>
Thomas Huth <thuth@redhat.com>
jobs:
build-amd64-xsm pass
build-arm64-xsm pass
build-i386-xsm pass
build-amd64 pass
build-arm64 pass
build-armhf pass
build-i386 pass
build-amd64-libvirt pass
build-arm64-libvirt pass
build-armhf-libvirt pass
build-i386-libvirt pass
build-amd64-pvops pass
build-arm64-pvops pass
build-armhf-pvops pass
build-i386-pvops pass
test-amd64-amd64-libvirt-qemuu-debianhvm-amd64-xsm pass
test-amd64-i386-libvirt-qemuu-debianhvm-amd64-xsm pass
test-amd64-amd64-libvirt-xsm pass
test-arm64-arm64-libvirt-xsm pass
test-amd64-i386-libvirt-xsm pass
test-amd64-amd64-libvirt pass
test-arm64-arm64-libvirt pass
test-armhf-armhf-libvirt pass
test-amd64-i386-libvirt pass
test-amd64-amd64-libvirt-pair pass
test-amd64-i386-libvirt-pair pass
test-arm64-arm64-libvirt-qcow2 fail
test-armhf-armhf-libvirt-raw pass
test-amd64-amd64-libvirt-vhd pass
------------------------------------------------------------
sg-report-flight on osstest.test-lab.xenproject.org
logs: /home/logs/logs
images: /home/logs/images
Logs, config files, etc. are available at
http://logs.test-lab.xenproject.org/osstest/logs
Explanation of these reports, and of osstest in general, is at
http://xenbits.xen.org/gitweb/?p=osstest.git;a=blob;f=README.email;hb=master
http://xenbits.xen.org/gitweb/?p=osstest.git;a=blob;f=README;hb=master
Test harness code can be found at
http://xenbits.xen.org/gitweb?p=osstest.git;a=summary
Not pushing.
(No revision log; it would be 396 lines long.)
_______________________________________________
Xen-devel mailing list
Xen-devel@lists.xenproject.org
https://lists.xenproject.org/mailman/listinfo/xen-devel
^ permalink raw reply [flat|nested] only message in thread
only message in thread, other threads:[~2020-01-17 5:58 UTC | newest]
Thread overview: (only message) (download: mbox.gz / follow: Atom feed)
-- links below jump to the message on this page --
2020-01-17 5:57 [Xen-devel] [libvirt test] 146156: regressions - FAIL osstest service owner
This is a public inbox, see mirroring instructions
for how to clone and mirror all data and code used for this inbox;
as well as URLs for NNTP newsgroup(s).