* [Xen-devel] [xen-unstable-smoke test] 146832: tolerable all pass - PUSHED
@ 2020-02-10 18:54 osstest service owner
0 siblings, 0 replies; only message in thread
From: osstest service owner @ 2020-02-10 18:54 UTC (permalink / raw)
To: xen-devel, osstest-admin
flight 146832 xen-unstable-smoke real [real]
http://logs.test-lab.xenproject.org/osstest/logs/146832/
Failures :-/ but no regressions.
Tests which did not succeed, but are not blocking:
test-amd64-amd64-libvirt 13 migrate-support-check fail never pass
test-arm64-arm64-xl-xsm 13 migrate-support-check fail never pass
test-arm64-arm64-xl-xsm 14 saverestore-support-check fail never pass
test-armhf-armhf-xl 13 migrate-support-check fail never pass
test-armhf-armhf-xl 14 saverestore-support-check fail never pass
version targeted for testing:
xen 270ff9a835fb4bcfead85a84d0f384b77bde93c0
baseline version:
xen 72dbcf0c065037dddb591a072c4f8f16fe888ea8
Last test of basis 146767 2020-02-06 17:01:03 Z 4 days
Failing since 146806 2020-02-08 13:00:53 Z 2 days 10 attempts
Testing same since 146832 2020-02-10 16:00:51 Z 0 days 1 attempts
------------------------------------------------------------
People who touched revisions under test:
Andrew Cooper <andrew.cooper3@citrix.com>
Christian Lindig <christian.lindig@citrix.com>
Jan Beulich <jbeulich@suse.com>
Jeff Kubascik <jeff.kubascik@dornerworks.com>
Julien Grall <jgrall@amazon.com>
Julien Grall <julien@xen.org>
Marek Marczykowski-Górecki <marmarek@invisiblethingslab.com>
Wei Liu <wl@xen.org>
jobs:
build-arm64-xsm pass
build-amd64 pass
build-armhf pass
build-amd64-libvirt pass
build-amd64-pvops pass
build-arm64-pvops pass
build-armhf-pvops pass
test-armhf-armhf-xl pass
test-arm64-arm64-xl-xsm pass
test-amd64-amd64-xl-qemuu-debianhvm-amd64 pass
test-amd64-amd64-libvirt pass
------------------------------------------------------------
sg-report-flight on osstest.test-lab.xenproject.org
logs: /home/logs/logs
images: /home/logs/images
Logs, config files, etc. are available at
http://logs.test-lab.xenproject.org/osstest/logs
Explanation of these reports, and of osstest in general, is at
http://xenbits.xen.org/gitweb/?p=osstest.git;a=blob;f=README.email;hb=master
http://xenbits.xen.org/gitweb/?p=osstest.git;a=blob;f=README;hb=master
Test harness code can be found at
http://xenbits.xen.org/gitweb?p=osstest.git;a=summary
Pushing revision :
To xenbits.xen.org:/home/xen/git/xen.git
72dbcf0c06..270ff9a835 270ff9a835fb4bcfead85a84d0f384b77bde93c0 -> smoke
_______________________________________________
Xen-devel mailing list
Xen-devel@lists.xenproject.org
https://lists.xenproject.org/mailman/listinfo/xen-devel
^ permalink raw reply [flat|nested] only message in thread
only message in thread, other threads:[~2020-02-10 18:54 UTC | newest]
Thread overview: (only message) (download: mbox.gz / follow: Atom feed)
-- links below jump to the message on this page --
2020-02-10 18:54 [Xen-devel] [xen-unstable-smoke test] 146832: tolerable all pass - PUSHED osstest service owner
This is a public inbox, see mirroring instructions
for how to clone and mirror all data and code used for this inbox;
as well as URLs for NNTP newsgroup(s).