* [Xen-devel] [xen-unstable-smoke test] 146871: regressions - FAIL
@ 2020-02-11 15:04 osstest service owner
0 siblings, 0 replies; only message in thread
From: osstest service owner @ 2020-02-11 15:04 UTC (permalink / raw)
To: xen-devel, osstest-admin
flight 146871 xen-unstable-smoke real [real]
http://logs.test-lab.xenproject.org/osstest/logs/146871/
Regressions :-(
Tests which did not succeed and are blocking,
including tests which could not be run:
build-amd64 6 xen-build fail REGR. vs. 146838
Tests which did not succeed, but are not blocking:
test-amd64-amd64-xl-qemuu-debianhvm-amd64 1 build-check(1) blocked n/a
build-amd64-libvirt 1 build-check(1) blocked n/a
test-amd64-amd64-libvirt 1 build-check(1) blocked n/a
test-arm64-arm64-xl-xsm 13 migrate-support-check fail never pass
test-arm64-arm64-xl-xsm 14 saverestore-support-check fail never pass
test-armhf-armhf-xl 13 migrate-support-check fail never pass
test-armhf-armhf-xl 14 saverestore-support-check fail never pass
version targeted for testing:
xen 4e9929f5bde62e19653a4c7f5792648f56ef35ab
baseline version:
xen 3dd724dff085e13ad520f8e35aea717db2ff07d0
Last test of basis 146838 2020-02-10 22:00:35 Z 0 days
Testing same since 146871 2020-02-11 12:01:04 Z 0 days 1 attempts
------------------------------------------------------------
People who touched revisions under test:
Andrew Cooper <andrew.cooper3@citrix.com>
Anthony PERARD <anthony.perard@citrix.com>
Jan Beulich <jbeulich@suse.com>
Juergen Gross <jgross@suse.com>
Wei Liu <wl@xen.org>
jobs:
build-arm64-xsm pass
build-amd64 fail
build-armhf pass
build-amd64-libvirt blocked
test-armhf-armhf-xl pass
test-arm64-arm64-xl-xsm pass
test-amd64-amd64-xl-qemuu-debianhvm-amd64 blocked
test-amd64-amd64-libvirt blocked
------------------------------------------------------------
sg-report-flight on osstest.test-lab.xenproject.org
logs: /home/logs/logs
images: /home/logs/images
Logs, config files, etc. are available at
http://logs.test-lab.xenproject.org/osstest/logs
Explanation of these reports, and of osstest in general, is at
http://xenbits.xen.org/gitweb/?p=osstest.git;a=blob;f=README.email;hb=master
http://xenbits.xen.org/gitweb/?p=osstest.git;a=blob;f=README;hb=master
Test harness code can be found at
http://xenbits.xen.org/gitweb?p=osstest.git;a=summary
Not pushing.
------------------------------------------------------------
commit 4e9929f5bde62e19653a4c7f5792648f56ef35ab
Author: Andrew Cooper <andrew.cooper3@citrix.com>
Date: Wed Dec 4 18:21:04 2019 +0000
x86/vmx: Shrink TASK_SWITCH's hvm_task_switch_reason reasons[]
No need to use 4-byte integers to store two bits of information.
Signed-off-by: Andrew Cooper <andrew.cooper3@citrix.com>
Reviewed-by: Kevin Tian <kevin.tian@intel.com>
Reviewed-by: Jan Beulich <jbeulich@suse.com>
commit 3d3cf4bea8e5bd8edb3ae57a9b2f15449f1fbcb4
Author: Anthony PERARD <anthony.perard@citrix.com>
Date: Mon Jan 20 11:50:53 2020 +0000
tools: Default to python3
Main reason, newer version of QEMU doesn't support python 2.x anymore.
Second main reason, python2 is EOL.
Signed-off-by: Anthony PERARD <anthony.perard@citrix.com>
Acked-by: Wei Liu <wl@xen.org>
commit 6ee10313623c1f41fc72fe12372e176e744463c1
Author: Andrew Cooper <andrew.cooper3@citrix.com>
Date: Mon Feb 10 18:33:26 2020 +0000
x86/pvh: Adjust dom0's starting state
Fixes: b25fb1a04e "xen/pvh: Fix segment selector ABI"
Signed-off-by: Andrew Cooper <andrew.cooper3@citrix.com>
Reviewed-by: Wei Liu <wl@xen.org>
Acked-by: Jan Beulich <jbeulich@suse.com>
commit 32db853d95fc8a3bf107c896bad7e4298a547ac9
Author: Andrew Cooper <andrew.cooper3@citrix.com>
Date: Sun Feb 2 18:23:47 2020 +0000
AMD/IOMMU: Treat head/tail pointers as byte offsets
The MMIO registers as already byte offsets. Using them in this form removes
the need to shift their values for use.
It is also inefficient to store both entries and alloc_size (which only differ
by entry_size). Rename alloc_size to size, and drop entries entirely, which
simplifies the allocation/deallocation helpers slightly.
Mark send_iommu_command() and invalidate_iommu_all() as static, as they have
no external declaration or callers.
Signed-off-by: Andrew Cooper <andrew.cooper3@citrix.com>
Reviewed-by: Jan Beulich <jbeulich@suse.com>
commit 6bb06bb0eb1528319998de602f969c474396c306
Author: Juergen Gross <jgross@suse.com>
Date: Tue Feb 11 10:44:18 2020 +0100
xen/sched: remove pointless BUG_ON() in credit2
The BUG_ON() at the top of csched2_context_saved() is completely
pointless, as the ASSERT() just following it catches the same problem
already.
Signed-off-by: Juergen Gross <jgross@suse.com>
Reviewed-by: Dario Faggioli <dfaggioli@suse.com>
(qemu changes not included)
_______________________________________________
Xen-devel mailing list
Xen-devel@lists.xenproject.org
https://lists.xenproject.org/mailman/listinfo/xen-devel
^ permalink raw reply [flat|nested] only message in thread
only message in thread, other threads:[~2020-02-11 15:05 UTC | newest]
Thread overview: (only message) (download: mbox.gz / follow: Atom feed)
-- links below jump to the message on this page --
2020-02-11 15:04 [Xen-devel] [xen-unstable-smoke test] 146871: regressions - FAIL osstest service owner
This is a public inbox, see mirroring instructions
for how to clone and mirror all data and code used for this inbox;
as well as URLs for NNTP newsgroup(s).