Xen-Devel Archive on lore.kernel.org
 help / color / Atom feed
* [Xen-devel] [qemu-mainline test] 146922: regressions - FAIL
@ 2020-02-12 22:20 osstest service owner
  0 siblings, 0 replies; only message in thread
From: osstest service owner @ 2020-02-12 22:20 UTC (permalink / raw)
  To: xen-devel, osstest-admin

flight 146922 qemu-mainline real [real]
http://logs.test-lab.xenproject.org/osstest/logs/146922/

Regressions :-(

Tests which did not succeed and are blocking,
including tests which could not be run:
 build-arm64                   6 xen-build                fail REGR. vs. 144861
 build-arm64-xsm               6 xen-build                fail REGR. vs. 144861
 build-armhf                   6 xen-build                fail REGR. vs. 144861
 build-amd64-xsm               6 xen-build                fail REGR. vs. 144861
 build-i386-xsm                6 xen-build                fail REGR. vs. 144861
 build-amd64                   6 xen-build                fail REGR. vs. 144861
 build-i386                    6 xen-build                fail REGR. vs. 144861

Tests which did not succeed, but are not blocking:
 test-amd64-amd64-pygrub       1 build-check(1)               blocked  n/a
 test-amd64-i386-xl-qemuu-ws16-amd64  1 build-check(1)              blocked n/a
 test-armhf-armhf-xl-vhd       1 build-check(1)               blocked  n/a
 test-amd64-amd64-xl-pvhv2-amd  1 build-check(1)               blocked  n/a
 test-amd64-amd64-xl           1 build-check(1)               blocked  n/a
 test-armhf-armhf-libvirt      1 build-check(1)               blocked  n/a
 test-armhf-armhf-xl-credit2   1 build-check(1)               blocked  n/a
 test-arm64-arm64-libvirt-xsm  1 build-check(1)               blocked  n/a
 test-amd64-i386-xl-qemuu-debianhvm-amd64  1 build-check(1)         blocked n/a
 test-amd64-i386-xl-pvshim     1 build-check(1)               blocked  n/a
 test-amd64-amd64-xl-qemuu-win7-amd64  1 build-check(1)             blocked n/a
 test-amd64-amd64-libvirt      1 build-check(1)               blocked  n/a
 test-amd64-i386-xl-qemuu-dmrestrict-amd64-dmrestrict 1 build-check(1) blocked n/a
 test-arm64-arm64-xl-thunderx  1 build-check(1)               blocked  n/a
 test-arm64-arm64-xl-credit1   1 build-check(1)               blocked  n/a
 test-amd64-amd64-libvirt-qemuu-debianhvm-amd64-xsm 1 build-check(1) blocked n/a
 test-amd64-i386-xl-qemuu-debianhvm-i386-xsm  1 build-check(1)      blocked n/a
 test-amd64-i386-qemuu-rhel6hvm-intel  1 build-check(1)             blocked n/a
 test-amd64-i386-xl-qemuu-win7-amd64  1 build-check(1)              blocked n/a
 test-amd64-amd64-xl-xsm       1 build-check(1)               blocked  n/a
 test-amd64-i386-freebsd10-i386  1 build-check(1)               blocked  n/a
 test-amd64-i386-freebsd10-amd64  1 build-check(1)               blocked  n/a
 test-amd64-i386-pair          1 build-check(1)               blocked  n/a
 test-amd64-i386-xl-xsm        1 build-check(1)               blocked  n/a
 test-amd64-amd64-libvirt-xsm  1 build-check(1)               blocked  n/a
 build-i386-libvirt            1 build-check(1)               blocked  n/a
 test-arm64-arm64-xl           1 build-check(1)               blocked  n/a
 test-amd64-amd64-qemuu-nested-intel  1 build-check(1)              blocked n/a
 test-armhf-armhf-xl-cubietruck  1 build-check(1)               blocked  n/a
 test-amd64-amd64-xl-qemuu-ws16-amd64  1 build-check(1)             blocked n/a
 test-armhf-armhf-xl-arndale   1 build-check(1)               blocked  n/a
 test-amd64-amd64-libvirt-pair  1 build-check(1)               blocked  n/a
 test-amd64-amd64-xl-multivcpu  1 build-check(1)               blocked  n/a
 test-amd64-amd64-i386-pvgrub  1 build-check(1)               blocked  n/a
 test-amd64-amd64-pair         1 build-check(1)               blocked  n/a
 test-arm64-arm64-xl-credit2   1 build-check(1)               blocked  n/a
 test-amd64-amd64-xl-pvshim    1 build-check(1)               blocked  n/a
 test-amd64-amd64-qemuu-nested-amd  1 build-check(1)               blocked  n/a
 test-amd64-i386-xl-raw        1 build-check(1)               blocked  n/a
 test-amd64-amd64-xl-rtds      1 build-check(1)               blocked  n/a
 test-armhf-armhf-xl-rtds      1 build-check(1)               blocked  n/a
 test-amd64-amd64-xl-shadow    1 build-check(1)               blocked  n/a
 test-amd64-amd64-xl-qcow2     1 build-check(1)               blocked  n/a
 test-amd64-amd64-xl-qemuu-debianhvm-amd64  1 build-check(1)        blocked n/a
 test-armhf-armhf-libvirt-raw  1 build-check(1)               blocked  n/a
 test-amd64-i386-libvirt-qemuu-debianhvm-amd64-xsm 1 build-check(1) blocked n/a
 test-amd64-i386-xl-qemuu-debianhvm-amd64-shadow  1 build-check(1)  blocked n/a
 test-armhf-armhf-xl-credit1   1 build-check(1)               blocked  n/a
 test-amd64-i386-xl            1 build-check(1)               blocked  n/a
 test-amd64-amd64-xl-qemuu-ovmf-amd64  1 build-check(1)             blocked n/a
 test-amd64-amd64-amd64-pvgrub  1 build-check(1)               blocked  n/a
 build-armhf-libvirt           1 build-check(1)               blocked  n/a
 build-arm64-libvirt           1 build-check(1)               blocked  n/a
 test-amd64-amd64-xl-qemuu-debianhvm-i386-xsm  1 build-check(1)     blocked n/a
 test-armhf-armhf-xl-multivcpu  1 build-check(1)               blocked  n/a
 test-arm64-arm64-xl-seattle   1 build-check(1)               blocked  n/a
 test-amd64-i386-libvirt-pair  1 build-check(1)               blocked  n/a
 test-amd64-amd64-xl-qemuu-dmrestrict-amd64-dmrestrict 1 build-check(1) blocked n/a
 test-amd64-amd64-xl-credit2   1 build-check(1)               blocked  n/a
 test-amd64-amd64-xl-credit1   1 build-check(1)               blocked  n/a
 test-arm64-arm64-xl-xsm       1 build-check(1)               blocked  n/a
 test-amd64-i386-libvirt-xsm   1 build-check(1)               blocked  n/a
 build-amd64-libvirt           1 build-check(1)               blocked  n/a
 test-amd64-i386-xl-qemuu-ovmf-amd64  1 build-check(1)              blocked n/a
 test-amd64-amd64-libvirt-vhd  1 build-check(1)               blocked  n/a
 test-amd64-amd64-xl-qemuu-debianhvm-amd64-shadow  1 build-check(1) blocked n/a
 test-amd64-i386-qemuu-rhel6hvm-amd  1 build-check(1)               blocked n/a
 test-amd64-amd64-xl-pvhv2-intel  1 build-check(1)               blocked  n/a
 test-amd64-i386-libvirt       1 build-check(1)               blocked  n/a
 test-armhf-armhf-xl           1 build-check(1)               blocked  n/a
 test-amd64-i386-xl-shadow     1 build-check(1)               blocked  n/a

version targeted for testing:
 qemuu                e18e5501d8ac692d32657a3e1ef545b14e72b730
baseline version:
 qemuu                7697ac55fcc6178fd8fd8aa22baed13a0c8ca942

Last test of basis   144861  2019-12-16 13:06:24 Z   58 days
Failing since        144880  2019-12-16 20:07:08 Z   58 days  274 attempts
Testing same since   146836  2020-02-10 20:12:05 Z    2 days    6 attempts

------------------------------------------------------------
People who touched revisions under test:
  Aarushi Mehta <mehta.aaru20@gmail.com>
  Adrien GRASSEIN <adrien.grassein@smile.fr>
  Alberto Garcia <berto@igalia.com>
  Aleksandar Markovic <amarkovic@wavecomp.com>
  Alex Bennée <alex.bennee@linaro.org>
  Alex Richardson <Alexander.Richardson@cl.cam.ac.uk>
  Alex Williamson <alex.williamson@redhat.com>
  Alexander Popov <alex.popov@linux.com>
  Alexey Kardashevskiy <aik@ozlabs.ru>
  Alexey Romko <nevilad@yahoo.com>
  Alistair Francis <alistair@alistair23.me>
  Andrew Jeffery <andrew@aj.id.au>
  Andrew Jones <drjones@redhat.com>
  Andrey Shinkevich <andrey.shinkevich@virtuozzo.com>
  Aravinda Prasad <arawinda.p@gmail.com>
  Aurelien Jarno <aurelien@aurel32.net>
  BALATON Zoltan <balaton@eik.bme.hu>
  Beata Michalska <beata.michalska@linaro.org>
  Benjamin Herrenschmidt <benh@kernel.crashing.org>
  Bharata B Rao <bharata@linux.ibm.com>
  Bin Meng <bmeng.cn@gmail.com>
  Cameron Esfahani <dirty@apple.com>
  Carlos Santos <casantos@redhat.com>
  Cathy Zhang <cathy.zhang@intel.com>
  Chen Qun <kuhn.chenqun@huawei.com>
  Christian Borntraeger <borntraeger@de.ibm.com>
  Christian Schoenebeck <qemu_oss@crudebyte.com>
  Christophe Lyon <christophe.lyon@linaro.org>
  Cleber Rosa <crosa@redhat.com>
  Clement Deschamps <clement.deschamps@greensocs.com>
  Cole Robinson <crobinso@redhat.com>
  Corey Minyard <cminyard@mvista.com>
  Cornelia Huck <cohuck@redhat.com>
  Cornelia Huck <cohuck@redhat.com> #s390x
  Cédric Le Goater <clg@fr.ibm.com>
  Cédric Le Goater <clg@kaod.org>
  Damien Hedde <damien.hedde@greensocs.com>
  Daniel Henrique Barboza <danielhb413@gmail.com>
  Daniel P. Berrangé <berrange@redhat.com>
  David Gibson <david@gibson.dropbear.id.au>
  David Gibson <david@gibson.dropbear.id.au> (ppc parts)
  David Hildenbrand <david@redhat.com>
  David Vrabel <david.vrabel@nutanix.com>
  Denis Plotnikov <dplotnikov@virtuozzo.com>
  Dr. David Alan Gilbert <dgilbert@redhat.com>
  Eduardo Habkost <ehabkost@redhat.com>
  Eiichi Tsukata <devel@etsukata.com>
  Eric Auger <eric.auger@redhat.com>
  Eric Blake <eblake@redhat.com>
  Eric Ren <renzhen@linux.alibaba.com>
  Eryu Guan <eguan@linux.alibaba.com>
  Fabiano Rosas <farosas@linux.ibm.com>
  Fangrui Song <i@maskray.me>
  Felipe Franciosi <felipe@nutanix.com>
  Filip Bozuta <Filip.Bozuta@rt-rk.com>
  Ganesh Goudar <ganeshgr@linux.ibm.com>
  Ganesh Maharaj Mahalingam <ganesh.mahalingam@intel.com>
  Gerd Hoffmann <kraxel@redhat.com>
  Greg Kurz <groug@kaod.org>
  Guenter Roeck <linux@roeck-us.net>
  Guoyi Tu <tu.guoyi@h3c.com>
  Halil Pasic <pasic@linux.ibm.com>
  Han Han <hhan@redhat.com>
  Helge Deller <deller@gmx.de>
  Hervé Poussineau <hpoussin@reactos.org>
  Heyi Guo <guoheyi@huawei.com>
  Howard Spoelstra <hsp.cat7@gmail.com>
  Igor Mammedov <imammedo@redhat.com>
  Jae Hyun Yoo <jae.hyun.yoo@linux.intel.com>
  Jafar Abdi <cafer.abdi@gmail.com>
  Jaijun Chen <chenjiajun8@huawei.com>
  James Clarke <jrtc27@jrtc27.com>
  Janosch Frank <frankja@linux.ibm.com>
  Jason A. Donenfeld <Jason@zx2c4.com>
  Jean-Philippe Brucker <jean-philippe@linaro.org>
  Jeff Kubascik <jeff.kubascik@dornerworks.com>
  Jiahui Cen <cenjiahui@huawei.com>
  Jiajun Chen <chenjiajun8@huawei.com>
  Jiufei Xue <jiufei.xue@linux.alibaba.com>
  Joel Stanley <joel@jms.id.au>
  John Snow <jsnow@redhat.com>
  Juan Quintela <quintela@redhat.com>
  Julia Suvorova <jusual@redhat.com>
  Jun Piao <piaojun@huawei.com>
  Kashyap Chamarthy <kchamart@redhat.com>
  Keith Packard <keithp@keithp.com>
  Keqian Zhu <zhukeqian1@huawei.com>
  Kevin Wolf <kwolf@redhat.com>
  Kővágó, Zoltán <DirtY.iCE.hu@gmail.com>
  Laszlo Ersek <lersek@redhat.com>
  Laurent Vivier <laurent@vivier.eu>
  Laurent Vivier <lvivier@redhat.com>
  Leif Lindholm <leif@nuviainc.com>
  Leonardo Bras <leonardo@ibm.com>
  Li Hangjing <lihangjing@baidu.com>
  Liam Merwick <liam.merwick@oracle.com>
  Liang Yan <lyan@suse.com>
  Liu Bo <bo.liu@linux.alibaba.com>
  Liu Jingqi <jingqi.liu@intel.com>
  Liu Yi L <yi.l.liu@intel.com>
  Lukáš Doktor <ldoktor@redhat.com>
  Marc Zyngier <maz@kernel.org>
  Marc-André Lureau <marcandre.lureau@redhat.com>
  Marcel Apfelbaum <marcel.apfelbaum@gmail.com>
  Marek Dolata <mkdolata@us.ibm.com>
  Markus Armbruster <armbru@redhat.com>
  Martin Kaiser <martin@kaiser.cx>
  Masahiro Yamada <masahiroy@kernel.org>
  Masayoshi Mizuma <m.mizuma@jp.fujitsu.com>
  Matthew Rosato <mjrosato@linux.ibm.com>
  Max Filippov <jcmvbkbc@gmail.com>
  Max Reitz <mreitz@redhat.com>
  Michael Ellerman <mpe@ellerman.id.au>
  Michael Rolnik <mrolnik@gmail.com>
  Michael Roth <mdroth@linux.vnet.ibm.com>
  Michael S. Tsirkin <mst@redhat.com>
  Michal Privoznik <mprivozn@redhat.com>
  Micky Yun Chan (michiboo) <chanmickyyun@gmail.com>
  Micky Yun Chan <chanmickyyun@gmail.com>
  Miklos Szeredi <mszeredi@redhat.com>
  Miroslav Rezanina <mrezanin@redhat.com>
  Misono Tomohiro <misono.tomohiro@jp.fujitsu.com>
  mkdolata@us.ibm.com <mkdolata@us.ibm.com>
  Niek Linnenbank <nieklinnenbank@gmail.com>
  Nikola Pavlica <pavlica.nikola@gmail.com>
  Oksana Vohchana <ovoshcha@redhat.com>
  Palmer Dabbelt <palmerdabbelt@google.com>
  Pan Nengyuan <pannengyuan@huawei.com>
  PanNengyuan <pannengyuan@huawei.com>
  Paolo Bonzini <pbonzini@redhat.com>
  Paul Durrant <paul@xen.org>
  Pavel Dovgalyuk <pavel.dovgaluk@gmail.com>
  Pavel Dovgalyuk <Pavel.Dovgaluk@ispras.ru>
  Peng Tao <tao.peng@linux.alibaba.com>
  Peter Maydell <peter.maydell@linaro.org>
  Peter Turschmid <peter.turschm@nutanix.com>
  Peter Wu <peter@lekensteyn.nl>
  Peter Xu <peterx@redhat.com>
  Philippe Mathieu-Daudé <f4bug@amsat.org>
  Philippe Mathieu-Daudé <philmd@redhat.com>
  piaojun <piaojun@huawei.com>
  Raphael Norwitz <raphael.norwitz@nutanix.com>
  Rene Stange <rsta2@o2online.de>
  Richard Henderson <richard.henderson@linaro.org>
  Robert Foley <robert.foley@linaro.org>
  Salvador Fandino <salvador@qindel.com>
  Samuel Thibault <samuel.thibault@ens-lyon.org>
  Scott Cheloha <cheloha@linux.vnet.ibm.com>
  Sergio Lopez <slp@redhat.com>
  Shameer Kolothum <shameerali.kolothum.thodi@huawei.com>
  ShihPo Hung <shihpo.hung@sifive.com>
  Simon Veith <sveith@amazon.de>
  Stafford Horne <shorne@gmail.com>
  Stefan Berger <stefanb@linux.ibm.com>
  Stefan Berger <stefanb@linux.vnet.ibm.com>
  Stefan Hajnoczi <stefanha@redhat.com>
  Stefan Weil <sw@weilnetz.de>
  Stefano Garzarella <sgarzare@redhat.com>
  Stefano Stabellini <stefano.stabellini@xilinx.com>
  Sunil Muthuswamy <sunilmut@microsoft.com>
  Suraj Jitindar Singh <sjitindarsingh@gmail.com>
  Sven Schnelle <svens@stackframe.org>
  Tao Xu <tao3.xu@intel.com>
  Thomas Huth <thuth@redhat.com>
  Tuguoyi <tu.guoyi@h3c.com>
  Vincent DEHORS <vincent.dehors@smile.fr>
  Vivek Goyal <vgoyal@redhat.com>
  Vladimir Sementsov-Ogievskiy <vsementsov@virtuozzo.com>
  Volker Rümelin <vr_qemu@t-online.de>
  Wainer dos Santos Moschetta <wainersm@redhat.com>
  wangyong <wang.yongD@h3c.com>
  Wei Yang <richardw.yang@linux.intel.com>
  Willian Rampazzo <wrampazz@redhat.com>
  Xiang Zheng <zhengxiang9@huawei.com>
  Xiao Yang <yangx.jy@cn.fujitsu.com>
  Xiaoyao Li <xiaoyao.li@intel.com>
  Xinyu Li <precinct@mail.ustc.edu.cn>
  Yi Sun <yi.y.sun@linux.intel.com>
  Ying Fang <fangying1@huawei.com>
  Yiting Wang <yiting.wang@windriver.com>
  Yongbok Kim <yongbok.kim@mips.com>
  Yu-Chen Lin <npes87184@gmail.com>
  Yuri Benditovich <yuri.benditovich@daynix.com>
  Yury Kotov <yury-kotov@yandex-team.ru>
  Yuval Shaia <yuval.shaia@oracle.com>
  Zenghui Yu <yuzenghui@huawei.com>
  zhenwei pi <pizhenwei@bytedance.com>
  Zhimin Feng <fengzhimin1@huawei.com>

jobs:
 build-amd64-xsm                                              fail    
 build-arm64-xsm                                              fail    
 build-i386-xsm                                               fail    
 build-amd64                                                  fail    
 build-arm64                                                  fail    
 build-armhf                                                  fail    
 build-i386                                                   fail    
 build-amd64-libvirt                                          blocked 
 build-arm64-libvirt                                          blocked 
 build-armhf-libvirt                                          blocked 
 build-i386-libvirt                                           blocked 
 build-amd64-pvops                                            pass    
 build-arm64-pvops                                            pass    
 build-armhf-pvops                                            pass    
 build-i386-pvops                                             pass    
 test-amd64-amd64-xl                                          blocked 
 test-arm64-arm64-xl                                          blocked 
 test-armhf-armhf-xl                                          blocked 
 test-amd64-i386-xl                                           blocked 
 test-amd64-amd64-libvirt-qemuu-debianhvm-amd64-xsm           blocked 
 test-amd64-i386-libvirt-qemuu-debianhvm-amd64-xsm            blocked 
 test-amd64-amd64-xl-qemuu-debianhvm-i386-xsm                 blocked 
 test-amd64-i386-xl-qemuu-debianhvm-i386-xsm                  blocked 
 test-amd64-amd64-libvirt-xsm                                 blocked 
 test-arm64-arm64-libvirt-xsm                                 blocked 
 test-amd64-i386-libvirt-xsm                                  blocked 
 test-amd64-amd64-xl-xsm                                      blocked 
 test-arm64-arm64-xl-xsm                                      blocked 
 test-amd64-i386-xl-xsm                                       blocked 
 test-amd64-amd64-qemuu-nested-amd                            blocked 
 test-amd64-amd64-xl-pvhv2-amd                                blocked 
 test-amd64-i386-qemuu-rhel6hvm-amd                           blocked 
 test-amd64-amd64-xl-qemuu-debianhvm-amd64                    blocked 
 test-amd64-i386-xl-qemuu-debianhvm-amd64                     blocked 
 test-amd64-i386-freebsd10-amd64                              blocked 
 test-amd64-amd64-xl-qemuu-ovmf-amd64                         blocked 
 test-amd64-i386-xl-qemuu-ovmf-amd64                          blocked 
 test-amd64-amd64-xl-qemuu-win7-amd64                         blocked 
 test-amd64-i386-xl-qemuu-win7-amd64                          blocked 
 test-amd64-amd64-xl-qemuu-ws16-amd64                         blocked 
 test-amd64-i386-xl-qemuu-ws16-amd64                          blocked 
 test-armhf-armhf-xl-arndale                                  blocked 
 test-amd64-amd64-xl-credit1                                  blocked 
 test-arm64-arm64-xl-credit1                                  blocked 
 test-armhf-armhf-xl-credit1                                  blocked 
 test-amd64-amd64-xl-credit2                                  blocked 
 test-arm64-arm64-xl-credit2                                  blocked 
 test-armhf-armhf-xl-credit2                                  blocked 
 test-armhf-armhf-xl-cubietruck                               blocked 
 test-amd64-amd64-xl-qemuu-dmrestrict-amd64-dmrestrict        blocked 
 test-amd64-i386-xl-qemuu-dmrestrict-amd64-dmrestrict         blocked 
 test-amd64-i386-freebsd10-i386                               blocked 
 test-amd64-amd64-qemuu-nested-intel                          blocked 
 test-amd64-amd64-xl-pvhv2-intel                              blocked 
 test-amd64-i386-qemuu-rhel6hvm-intel                         blocked 
 test-amd64-amd64-libvirt                                     blocked 
 test-armhf-armhf-libvirt                                     blocked 
 test-amd64-i386-libvirt                                      blocked 
 test-amd64-amd64-xl-multivcpu                                blocked 
 test-armhf-armhf-xl-multivcpu                                blocked 
 test-amd64-amd64-pair                                        blocked 
 test-amd64-i386-pair                                         blocked 
 test-amd64-amd64-libvirt-pair                                blocked 
 test-amd64-i386-libvirt-pair                                 blocked 
 test-amd64-amd64-amd64-pvgrub                                blocked 
 test-amd64-amd64-i386-pvgrub                                 blocked 
 test-amd64-amd64-xl-pvshim                                   blocked 
 test-amd64-i386-xl-pvshim                                    blocked 
 test-amd64-amd64-pygrub                                      blocked 
 test-amd64-amd64-xl-qcow2                                    blocked 
 test-armhf-armhf-libvirt-raw                                 blocked 
 test-amd64-i386-xl-raw                                       blocked 
 test-amd64-amd64-xl-rtds                                     blocked 
 test-armhf-armhf-xl-rtds                                     blocked 
 test-arm64-arm64-xl-seattle                                  blocked 
 test-amd64-amd64-xl-qemuu-debianhvm-amd64-shadow             blocked 
 test-amd64-i386-xl-qemuu-debianhvm-amd64-shadow              blocked 
 test-amd64-amd64-xl-shadow                                   blocked 
 test-amd64-i386-xl-shadow                                    blocked 
 test-arm64-arm64-xl-thunderx                                 blocked 
 test-amd64-amd64-libvirt-vhd                                 blocked 
 test-armhf-armhf-xl-vhd                                      blocked 


------------------------------------------------------------
sg-report-flight on osstest.test-lab.xenproject.org
logs: /home/logs/logs
images: /home/logs/images

Logs, config files, etc. are available at
    http://logs.test-lab.xenproject.org/osstest/logs

Explanation of these reports, and of osstest in general, is at
    http://xenbits.xen.org/gitweb/?p=osstest.git;a=blob;f=README.email;hb=master
    http://xenbits.xen.org/gitweb/?p=osstest.git;a=blob;f=README;hb=master

Test harness code can be found at
    http://xenbits.xen.org/gitweb?p=osstest.git;a=summary


Not pushing.

(No revision log; it would be 26551 lines long.)

_______________________________________________
Xen-devel mailing list
Xen-devel@lists.xenproject.org
https://lists.xenproject.org/mailman/listinfo/xen-devel

^ permalink raw reply	[flat|nested] only message in thread

only message in thread, back to index

Thread overview: (only message) (download: mbox.gz / follow: Atom feed)
-- links below jump to the message on this page --
2020-02-12 22:20 [Xen-devel] [qemu-mainline test] 146922: regressions - FAIL osstest service owner

Xen-Devel Archive on lore.kernel.org

Archives are clonable:
	git clone --mirror https://lore.kernel.org/xen-devel/0 xen-devel/git/0.git
	git clone --mirror https://lore.kernel.org/xen-devel/1 xen-devel/git/1.git

	# If you have public-inbox 1.1+ installed, you may
	# initialize and index your mirror using the following commands:
	public-inbox-init -V2 xen-devel xen-devel/ https://lore.kernel.org/xen-devel \
		xen-devel@lists.xenproject.org xen-devel@lists.xen.org
	public-inbox-index xen-devel

Example config snippet for mirrors

Newsgroup available over NNTP:
	nntp://nntp.lore.kernel.org/org.xenproject.lists.xen-devel


AGPL code for this site: git clone https://public-inbox.org/public-inbox.git