Xen-Devel Archive on lore.kernel.org
 help / color / Atom feed
* [Xen-devel] [linux-4.14 test] 146981: regressions - FAIL
@ 2020-02-14  7:09 osstest service owner
  0 siblings, 0 replies; only message in thread
From: osstest service owner @ 2020-02-14  7:09 UTC (permalink / raw)
  To: xen-devel, osstest-admin

flight 146981 linux-4.14 real [real]
http://logs.test-lab.xenproject.org/osstest/logs/146981/

Regressions :-(

Tests which did not succeed and are blocking,
including tests which could not be run:
 test-armhf-armhf-xl-multivcpu  7 xen-boot                fail REGR. vs. 142849
 test-armhf-armhf-xl-credit2   7 xen-boot                 fail REGR. vs. 142849
 test-armhf-armhf-libvirt      7 xen-boot                 fail REGR. vs. 142849
 test-armhf-armhf-xl           7 xen-boot                 fail REGR. vs. 142849
 test-armhf-armhf-xl-credit1   7 xen-boot                 fail REGR. vs. 142849
 test-armhf-armhf-xl-arndale   7 xen-boot                 fail REGR. vs. 142849
 test-armhf-armhf-xl-vhd       7 xen-boot                 fail REGR. vs. 142849
 test-armhf-armhf-examine      8 reboot                   fail REGR. vs. 142849
 build-i386                    6 xen-build      fail in 146857 REGR. vs. 142849
 build-amd64                   6 xen-build      fail in 146857 REGR. vs. 142849
 build-amd64-xsm               6 xen-build      fail in 146857 REGR. vs. 142849

Tests which are failing intermittently (not blocking):
 test-armhf-armhf-libvirt-raw  7 xen-boot                   fail pass in 146857

Tests which did not succeed, but are not blocking:
 test-amd64-i386-xl-qemut-ws16-amd64  1 build-check(1)    blocked in 146857 n/a
 test-amd64-i386-xl-qemuu-debianhvm-amd64 1 build-check(1) blocked in 146857 n/a
 test-amd64-amd64-xl-multivcpu  1 build-check(1)          blocked in 146857 n/a
 test-amd64-amd64-xl-qemuu-ws16-amd64  1 build-check(1)   blocked in 146857 n/a
 test-amd64-amd64-libvirt      1 build-check(1)           blocked in 146857 n/a
 test-amd64-amd64-libvirt-xsm  1 build-check(1)           blocked in 146857 n/a
 test-amd64-i386-xl-raw        1 build-check(1)           blocked in 146857 n/a
 test-amd64-amd64-xl-qemut-stubdom-debianhvm-amd64-xsm 1 build-check(1) blocked in 146857 n/a
 test-amd64-i386-qemuu-rhel6hvm-amd  1 build-check(1)     blocked in 146857 n/a
 test-amd64-amd64-xl-qemut-win7-amd64  1 build-check(1)   blocked in 146857 n/a
 test-amd64-amd64-xl-credit1   1 build-check(1)           blocked in 146857 n/a
 test-amd64-i386-qemut-rhel6hvm-intel  1 build-check(1)   blocked in 146857 n/a
 test-amd64-amd64-amd64-pvgrub  1 build-check(1)          blocked in 146857 n/a
 test-amd64-amd64-xl-qemuu-debianhvm-amd64 1 build-check(1) blocked in 146857 n/a
 test-amd64-i386-xl-qemut-debianhvm-amd64 1 build-check(1) blocked in 146857 n/a
 test-amd64-amd64-qemuu-nested-intel  1 build-check(1)    blocked in 146857 n/a
 test-amd64-amd64-xl-pvshim    1 build-check(1)           blocked in 146857 n/a
 test-amd64-amd64-xl-qemuu-ovmf-amd64  1 build-check(1)   blocked in 146857 n/a
 test-amd64-i386-xl-qemut-win7-amd64  1 build-check(1)    blocked in 146857 n/a
 test-amd64-amd64-xl-pvhv2-intel  1 build-check(1)        blocked in 146857 n/a
 build-i386-libvirt            1 build-check(1)           blocked in 146857 n/a
 test-amd64-i386-pair          1 build-check(1)           blocked in 146857 n/a
 test-amd64-i386-xl-qemuu-ws16-amd64  1 build-check(1)    blocked in 146857 n/a
 test-amd64-amd64-libvirt-qemuu-debianhvm-amd64-xsm 1 build-check(1) blocked in 146857 n/a
 test-amd64-amd64-examine      1 build-check(1)           blocked in 146857 n/a
 test-amd64-amd64-xl-qemuu-win7-amd64  1 build-check(1)   blocked in 146857 n/a
 test-amd64-amd64-xl-qemuu-dmrestrict-amd64-dmrestrict 1 build-check(1) blocked in 146857 n/a
 test-amd64-i386-freebsd10-i386  1 build-check(1)         blocked in 146857 n/a
 test-amd64-amd64-xl-qcow2     1 build-check(1)           blocked in 146857 n/a
 test-amd64-i386-xl-pvshim     1 build-check(1)           blocked in 146857 n/a
 test-amd64-amd64-libvirt-vhd  1 build-check(1)           blocked in 146857 n/a
 test-amd64-i386-xl            1 build-check(1)           blocked in 146857 n/a
 test-amd64-i386-xl-qemuu-ovmf-amd64  1 build-check(1)    blocked in 146857 n/a
 test-amd64-i386-xl-shadow     1 build-check(1)           blocked in 146857 n/a
 test-amd64-i386-examine       1 build-check(1)           blocked in 146857 n/a
 test-amd64-amd64-xl           1 build-check(1)           blocked in 146857 n/a
 test-amd64-i386-xl-qemut-debianhvm-i386-xsm 1 build-check(1) blocked in 146857 n/a
 test-amd64-i386-libvirt       1 build-check(1)           blocked in 146857 n/a
 test-amd64-i386-libvirt-xsm   1 build-check(1)           blocked in 146857 n/a
 test-amd64-amd64-i386-pvgrub  1 build-check(1)           blocked in 146857 n/a
 test-amd64-amd64-xl-qemuu-debianhvm-amd64-shadow 1 build-check(1) blocked in 146857 n/a
 build-amd64-libvirt           1 build-check(1)           blocked in 146857 n/a
 test-amd64-amd64-xl-qemut-ws16-amd64  1 build-check(1)   blocked in 146857 n/a
 test-amd64-amd64-xl-rtds      1 build-check(1)           blocked in 146857 n/a
 test-amd64-i386-freebsd10-amd64  1 build-check(1)        blocked in 146857 n/a
 test-amd64-i386-libvirt-qemuu-debianhvm-amd64-xsm 1 build-check(1) blocked in 146857 n/a
 test-amd64-i386-xl-qemuu-debianhvm-i386-xsm 1 build-check(1) blocked in 146857 n/a
 test-amd64-i386-xl-qemuu-win7-amd64  1 build-check(1)    blocked in 146857 n/a
 test-amd64-amd64-xl-qemut-debianhvm-amd64 1 build-check(1) blocked in 146857 n/a
 test-amd64-amd64-xl-shadow    1 build-check(1)           blocked in 146857 n/a
 test-amd64-i386-xl-qemuu-debianhvm-amd64-shadow 1 build-check(1) blocked in 146857 n/a
 test-amd64-i386-xl-qemut-stubdom-debianhvm-amd64-xsm 1 build-check(1) blocked in 146857 n/a
 test-amd64-i386-qemuu-rhel6hvm-intel  1 build-check(1)   blocked in 146857 n/a
 test-amd64-i386-qemut-rhel6hvm-amd  1 build-check(1)     blocked in 146857 n/a
 test-amd64-amd64-xl-credit2   1 build-check(1)           blocked in 146857 n/a
 test-amd64-amd64-qemuu-nested-amd  1 build-check(1)      blocked in 146857 n/a
 test-amd64-amd64-pair         1 build-check(1)           blocked in 146857 n/a
 test-amd64-amd64-libvirt-pair  1 build-check(1)          blocked in 146857 n/a
 test-amd64-amd64-xl-pvhv2-amd  1 build-check(1)          blocked in 146857 n/a
 test-amd64-i386-xl-xsm        1 build-check(1)           blocked in 146857 n/a
 test-amd64-i386-libvirt-pair  1 build-check(1)           blocked in 146857 n/a
 test-amd64-i386-xl-qemuu-dmrestrict-amd64-dmrestrict 1 build-check(1) blocked in 146857 n/a
 test-amd64-amd64-pygrub       1 build-check(1)           blocked in 146857 n/a
 test-amd64-amd64-xl-qemuu-debianhvm-i386-xsm 1 build-check(1) blocked in 146857 n/a
 test-amd64-amd64-xl-qemut-debianhvm-i386-xsm 1 build-check(1) blocked in 146857 n/a
 test-amd64-amd64-xl-xsm       1 build-check(1)           blocked in 146857 n/a
 test-armhf-armhf-libvirt-raw 12 migrate-support-check fail in 146857 never pass
 test-armhf-armhf-libvirt-raw 13 saverestore-support-check fail in 146857 never pass
 test-armhf-armhf-xl-rtds     16 guest-start/debian.repeat    fail  like 142849
 test-amd64-i386-libvirt-xsm  13 migrate-support-check        fail   never pass
 test-amd64-i386-xl-pvshim    12 guest-start                  fail   never pass
 test-amd64-i386-libvirt      13 migrate-support-check        fail   never pass
 test-arm64-arm64-xl-seattle  13 migrate-support-check        fail   never pass
 test-arm64-arm64-xl-seattle  14 saverestore-support-check    fail   never pass
 test-amd64-amd64-libvirt-qemuu-debianhvm-amd64-xsm 11 migrate-support-check fail never pass
 test-amd64-amd64-libvirt     13 migrate-support-check        fail   never pass
 test-amd64-amd64-libvirt-xsm 13 migrate-support-check        fail   never pass
 test-amd64-i386-libvirt-qemuu-debianhvm-amd64-xsm 11 migrate-support-check fail never pass
 test-amd64-amd64-qemuu-nested-amd 17 debian-hvm-install/l1/l2  fail never pass
 test-arm64-arm64-xl-xsm      13 migrate-support-check        fail   never pass
 test-arm64-arm64-xl-xsm      14 saverestore-support-check    fail   never pass
 test-arm64-arm64-xl-credit2  13 migrate-support-check        fail   never pass
 test-arm64-arm64-xl-credit2  14 saverestore-support-check    fail   never pass
 test-arm64-arm64-xl-credit1  13 migrate-support-check        fail   never pass
 test-arm64-arm64-xl-credit1  14 saverestore-support-check    fail   never pass
 test-arm64-arm64-libvirt-xsm 13 migrate-support-check        fail   never pass
 test-arm64-arm64-libvirt-xsm 14 saverestore-support-check    fail   never pass
 test-arm64-arm64-xl          13 migrate-support-check        fail   never pass
 test-arm64-arm64-xl          14 saverestore-support-check    fail   never pass
 test-arm64-arm64-xl-thunderx 13 migrate-support-check        fail   never pass
 test-arm64-arm64-xl-thunderx 14 saverestore-support-check    fail   never pass
 test-amd64-amd64-libvirt-vhd 12 migrate-support-check        fail   never pass
 test-amd64-amd64-xl-qemut-win7-amd64 17 guest-stop             fail never pass
 test-amd64-i386-xl-qemut-win7-amd64 17 guest-stop              fail never pass
 test-amd64-i386-xl-qemuu-win7-amd64 17 guest-stop              fail never pass
 test-amd64-amd64-xl-qemuu-ws16-amd64 17 guest-stop             fail never pass
 test-amd64-amd64-xl-qemuu-win7-amd64 17 guest-stop             fail never pass
 test-amd64-i386-xl-qemut-ws16-amd64 17 guest-stop              fail never pass
 test-armhf-armhf-xl-cubietruck 13 migrate-support-check        fail never pass
 test-armhf-armhf-xl-cubietruck 14 saverestore-support-check    fail never pass
 test-armhf-armhf-xl-rtds     13 migrate-support-check        fail   never pass
 test-armhf-armhf-xl-rtds     14 saverestore-support-check    fail   never pass
 test-amd64-i386-xl-qemuu-ws16-amd64 17 guest-stop              fail never pass
 test-amd64-amd64-xl-qemut-ws16-amd64 17 guest-stop             fail never pass

version targeted for testing:
 linux                e0f8b8a65a473a8baa439cf865a694bbeb83fe90
baseline version:
 linux                b98aebd298246df37b472c52a2ee1023256d02e3

Last test of basis   142849  2019-10-17 21:11:16 Z  119 days
Failing since        143327  2019-10-29 08:49:30 Z  107 days    9 attempts
Testing same since   146857  2020-02-11 11:11:14 Z    2 days    3 attempts

------------------------------------------------------------
1394 people touched revisions under test,
not listing them all

jobs:
 build-amd64-xsm                                              pass    
 build-arm64-xsm                                              pass    
 build-i386-xsm                                               pass    
 build-amd64                                                  pass    
 build-arm64                                                  pass    
 build-armhf                                                  pass    
 build-i386                                                   pass    
 build-amd64-libvirt                                          pass    
 build-arm64-libvirt                                          pass    
 build-armhf-libvirt                                          pass    
 build-i386-libvirt                                           pass    
 build-amd64-pvops                                            pass    
 build-arm64-pvops                                            pass    
 build-armhf-pvops                                            pass    
 build-i386-pvops                                             pass    
 test-amd64-amd64-xl                                          pass    
 test-arm64-arm64-xl                                          pass    
 test-armhf-armhf-xl                                          fail    
 test-amd64-i386-xl                                           pass    
 test-amd64-amd64-libvirt-qemuu-debianhvm-amd64-xsm           pass    
 test-amd64-i386-libvirt-qemuu-debianhvm-amd64-xsm            pass    
 test-amd64-amd64-xl-qemut-stubdom-debianhvm-amd64-xsm        pass    
 test-amd64-i386-xl-qemut-stubdom-debianhvm-amd64-xsm         pass    
 test-amd64-amd64-xl-qemut-debianhvm-i386-xsm                 pass    
 test-amd64-i386-xl-qemut-debianhvm-i386-xsm                  pass    
 test-amd64-amd64-xl-qemuu-debianhvm-i386-xsm                 pass    
 test-amd64-i386-xl-qemuu-debianhvm-i386-xsm                  pass    
 test-amd64-amd64-libvirt-xsm                                 pass    
 test-arm64-arm64-libvirt-xsm                                 pass    
 test-amd64-i386-libvirt-xsm                                  pass    
 test-amd64-amd64-xl-xsm                                      pass    
 test-arm64-arm64-xl-xsm                                      pass    
 test-amd64-i386-xl-xsm                                       pass    
 test-amd64-amd64-qemuu-nested-amd                            fail    
 test-amd64-amd64-xl-pvhv2-amd                                pass    
 test-amd64-i386-qemut-rhel6hvm-amd                           pass    
 test-amd64-i386-qemuu-rhel6hvm-amd                           pass    
 test-amd64-amd64-xl-qemut-debianhvm-amd64                    pass    
 test-amd64-i386-xl-qemut-debianhvm-amd64                     pass    
 test-amd64-amd64-xl-qemuu-debianhvm-amd64                    pass    
 test-amd64-i386-xl-qemuu-debianhvm-amd64                     pass    
 test-amd64-i386-freebsd10-amd64                              pass    
 test-amd64-amd64-xl-qemuu-ovmf-amd64                         pass    
 test-amd64-i386-xl-qemuu-ovmf-amd64                          pass    
 test-amd64-amd64-xl-qemut-win7-amd64                         fail    
 test-amd64-i386-xl-qemut-win7-amd64                          fail    
 test-amd64-amd64-xl-qemuu-win7-amd64                         fail    
 test-amd64-i386-xl-qemuu-win7-amd64                          fail    
 test-amd64-amd64-xl-qemut-ws16-amd64                         fail    
 test-amd64-i386-xl-qemut-ws16-amd64                          fail    
 test-amd64-amd64-xl-qemuu-ws16-amd64                         fail    
 test-amd64-i386-xl-qemuu-ws16-amd64                          fail    
 test-armhf-armhf-xl-arndale                                  fail    
 test-amd64-amd64-xl-credit1                                  pass    
 test-arm64-arm64-xl-credit1                                  pass    
 test-armhf-armhf-xl-credit1                                  fail    
 test-amd64-amd64-xl-credit2                                  pass    
 test-arm64-arm64-xl-credit2                                  pass    
 test-armhf-armhf-xl-credit2                                  fail    
 test-armhf-armhf-xl-cubietruck                               pass    
 test-amd64-amd64-xl-qemuu-dmrestrict-amd64-dmrestrict        pass    
 test-amd64-i386-xl-qemuu-dmrestrict-amd64-dmrestrict         pass    
 test-amd64-amd64-examine                                     pass    
 test-arm64-arm64-examine                                     pass    
 test-armhf-armhf-examine                                     fail    
 test-amd64-i386-examine                                      pass    
 test-amd64-i386-freebsd10-i386                               pass    
 test-amd64-amd64-qemuu-nested-intel                          pass    
 test-amd64-amd64-xl-pvhv2-intel                              pass    
 test-amd64-i386-qemut-rhel6hvm-intel                         pass    
 test-amd64-i386-qemuu-rhel6hvm-intel                         pass    
 test-amd64-amd64-libvirt                                     pass    
 test-armhf-armhf-libvirt                                     fail    
 test-amd64-i386-libvirt                                      pass    
 test-amd64-amd64-xl-multivcpu                                pass    
 test-armhf-armhf-xl-multivcpu                                fail    
 test-amd64-amd64-pair                                        pass    
 test-amd64-i386-pair                                         pass    
 test-amd64-amd64-libvirt-pair                                pass    
 test-amd64-i386-libvirt-pair                                 pass    
 test-amd64-amd64-amd64-pvgrub                                pass    
 test-amd64-amd64-i386-pvgrub                                 pass    
 test-amd64-amd64-xl-pvshim                                   pass    
 test-amd64-i386-xl-pvshim                                    fail    
 test-amd64-amd64-pygrub                                      pass    
 test-amd64-amd64-xl-qcow2                                    pass    
 test-armhf-armhf-libvirt-raw                                 fail    
 test-amd64-i386-xl-raw                                       pass    
 test-amd64-amd64-xl-rtds                                     pass    
 test-armhf-armhf-xl-rtds                                     fail    
 test-arm64-arm64-xl-seattle                                  pass    
 test-amd64-amd64-xl-qemuu-debianhvm-amd64-shadow             pass    
 test-amd64-i386-xl-qemuu-debianhvm-amd64-shadow              pass    
 test-amd64-amd64-xl-shadow                                   pass    
 test-amd64-i386-xl-shadow                                    pass    
 test-arm64-arm64-xl-thunderx                                 pass    
 test-amd64-amd64-libvirt-vhd                                 pass    
 test-armhf-armhf-xl-vhd                                      fail    


------------------------------------------------------------
sg-report-flight on osstest.test-lab.xenproject.org
logs: /home/logs/logs
images: /home/logs/images

Logs, config files, etc. are available at
    http://logs.test-lab.xenproject.org/osstest/logs

Explanation of these reports, and of osstest in general, is at
    http://xenbits.xen.org/gitweb/?p=osstest.git;a=blob;f=README.email;hb=master
    http://xenbits.xen.org/gitweb/?p=osstest.git;a=blob;f=README;hb=master

Test harness code can be found at
    http://xenbits.xen.org/gitweb?p=osstest.git;a=summary


Not pushing.

(No revision log; it would be 69684 lines long.)

_______________________________________________
Xen-devel mailing list
Xen-devel@lists.xenproject.org
https://lists.xenproject.org/mailman/listinfo/xen-devel

^ permalink raw reply	[flat|nested] only message in thread

only message in thread, back to index

Thread overview: (only message) (download: mbox.gz / follow: Atom feed)
-- links below jump to the message on this page --
2020-02-14  7:09 [Xen-devel] [linux-4.14 test] 146981: regressions - FAIL osstest service owner

Xen-Devel Archive on lore.kernel.org

Archives are clonable:
	git clone --mirror https://lore.kernel.org/xen-devel/0 xen-devel/git/0.git
	git clone --mirror https://lore.kernel.org/xen-devel/1 xen-devel/git/1.git

	# If you have public-inbox 1.1+ installed, you may
	# initialize and index your mirror using the following commands:
	public-inbox-init -V2 xen-devel xen-devel/ https://lore.kernel.org/xen-devel \
		xen-devel@lists.xenproject.org xen-devel@lists.xen.org
	public-inbox-index xen-devel

Example config snippet for mirrors

Newsgroup available over NNTP:
	nntp://nntp.lore.kernel.org/org.xenproject.lists.xen-devel


AGPL code for this site: git clone https://public-inbox.org/public-inbox.git