Xen-Devel Archive on lore.kernel.org
 help / color / Atom feed
* [xen-unstable-smoke test] 152308: regressions - FAIL
@ 2020-07-30 21:52 osstest service owner
  0 siblings, 0 replies; only message in thread
From: osstest service owner @ 2020-07-30 21:52 UTC (permalink / raw)
  To: xen-devel, osstest-admin

flight 152308 xen-unstable-smoke real [real]
http://logs.test-lab.xenproject.org/osstest/logs/152308/

Regressions :-(

Tests which did not succeed and are blocking,
including tests which could not be run:
 test-arm64-arm64-xl-xsm       7 xen-boot                 fail REGR. vs. 152269

Tests which did not succeed, but are not blocking:
 test-amd64-amd64-libvirt     13 migrate-support-check        fail   never pass
 test-armhf-armhf-xl          13 migrate-support-check        fail   never pass
 test-armhf-armhf-xl          14 saverestore-support-check    fail   never pass

version targeted for testing:
 xen                  64219fa179c3e48adad12bfce3f6b3f1596cccbf
baseline version:
 xen                  b071ec25e85c4aacf3da59e5258cda0b1c4df45d

Last test of basis   152269  2020-07-28 19:05:32 Z    2 days
Testing same since   152288  2020-07-29 19:01:00 Z    1 days    6 attempts

------------------------------------------------------------
People who touched revisions under test:
  Fam Zheng <famzheng@amazon.com>

jobs:
 build-arm64-xsm                                              pass    
 build-amd64                                                  pass    
 build-armhf                                                  pass    
 build-amd64-libvirt                                          pass    
 test-armhf-armhf-xl                                          pass    
 test-arm64-arm64-xl-xsm                                      fail    
 test-amd64-amd64-xl-qemuu-debianhvm-amd64                    pass    
 test-amd64-amd64-libvirt                                     pass    


------------------------------------------------------------
sg-report-flight on osstest.test-lab.xenproject.org
logs: /home/logs/logs
images: /home/logs/images

Logs, config files, etc. are available at
    http://logs.test-lab.xenproject.org/osstest/logs

Explanation of these reports, and of osstest in general, is at
    http://xenbits.xen.org/gitweb/?p=osstest.git;a=blob;f=README.email;hb=master
    http://xenbits.xen.org/gitweb/?p=osstest.git;a=blob;f=README;hb=master

Test harness code can be found at
    http://xenbits.xen.org/gitweb?p=osstest.git;a=summary


Not pushing.

------------------------------------------------------------
commit 64219fa179c3e48adad12bfce3f6b3f1596cccbf
Author: Fam Zheng <famzheng@amazon.com>
Date:   Wed Jul 29 18:51:45 2020 +0100

    x86/cpuid: Fix APIC bit clearing
    
    The bug is obvious here, other places in this function used
    "cpufeat_mask" correctly.
    
    Fixed: b648feff8ea2 ("xen/x86: Improvements to in-hypervisor cpuid sanity checks")
    Signed-off-by: Fam Zheng <famzheng@amazon.com>
    Reviewed-by: Roger Pau Monné <roger.pau@citrix.com>
    Reviewed-by: Andrew Cooper <andrew.cooper3@citrix.com>
(qemu changes not included)


^ permalink raw reply	[flat|nested] only message in thread

only message in thread, back to index

Thread overview: (only message) (download: mbox.gz / follow: Atom feed)
-- links below jump to the message on this page --
2020-07-30 21:52 [xen-unstable-smoke test] 152308: regressions - FAIL osstest service owner

Xen-Devel Archive on lore.kernel.org

Archives are clonable:
	git clone --mirror https://lore.kernel.org/xen-devel/0 xen-devel/git/0.git
	git clone --mirror https://lore.kernel.org/xen-devel/1 xen-devel/git/1.git

	# If you have public-inbox 1.1+ installed, you may
	# initialize and index your mirror using the following commands:
	public-inbox-init -V2 xen-devel xen-devel/ https://lore.kernel.org/xen-devel \
		xen-devel@lists.xenproject.org xen-devel@lists.xen.org
	public-inbox-index xen-devel

Example config snippet for mirrors

Newsgroup available over NNTP:
	nntp://nntp.lore.kernel.org/org.xenproject.lists.xen-devel


AGPL code for this site: git clone https://public-inbox.org/public-inbox.git