Xen-Devel Archive on lore.kernel.org
 help / color / Atom feed
* [libvirt test] 152317: regressions - FAIL
@ 2020-07-31 11:22 osstest service owner
  0 siblings, 0 replies; only message in thread
From: osstest service owner @ 2020-07-31 11:22 UTC (permalink / raw)
  To: xen-devel, osstest-admin

flight 152317 libvirt real [real]
http://logs.test-lab.xenproject.org/osstest/logs/152317/

Regressions :-(

Tests which did not succeed and are blocking,
including tests which could not be run:
 build-i386-libvirt            6 libvirt-build            fail REGR. vs. 151777
 build-arm64-libvirt           6 libvirt-build            fail REGR. vs. 151777
 build-amd64-libvirt           6 libvirt-build            fail REGR. vs. 151777
 build-armhf-libvirt           6 libvirt-build            fail REGR. vs. 151777

Tests which did not succeed, but are not blocking:
 test-amd64-amd64-libvirt-xsm  1 build-check(1)               blocked  n/a
 test-amd64-i386-libvirt-xsm   1 build-check(1)               blocked  n/a
 test-arm64-arm64-libvirt-qcow2  1 build-check(1)               blocked  n/a
 test-armhf-armhf-libvirt-raw  1 build-check(1)               blocked  n/a
 test-amd64-amd64-libvirt-pair  1 build-check(1)               blocked  n/a
 test-arm64-arm64-libvirt-xsm  1 build-check(1)               blocked  n/a
 test-amd64-i386-libvirt-qemuu-debianhvm-amd64-xsm 1 build-check(1) blocked n/a
 test-amd64-amd64-libvirt      1 build-check(1)               blocked  n/a
 test-amd64-amd64-libvirt-vhd  1 build-check(1)               blocked  n/a
 test-arm64-arm64-libvirt      1 build-check(1)               blocked  n/a
 test-armhf-armhf-libvirt      1 build-check(1)               blocked  n/a
 test-amd64-i386-libvirt       1 build-check(1)               blocked  n/a
 test-amd64-i386-libvirt-pair  1 build-check(1)               blocked  n/a
 test-amd64-amd64-libvirt-qemuu-debianhvm-amd64-xsm 1 build-check(1) blocked n/a

version targeted for testing:
 libvirt              f7f5b86be25d27915cc67a8b84fa9a2589df4ab8
baseline version:
 libvirt              2c846fa6bcc11929c9fb857a22430fb9945654ad

Last test of basis   151777  2020-07-10 04:19:19 Z   21 days
Failing since        151818  2020-07-11 04:18:52 Z   20 days   21 attempts
Testing same since   152317  2020-07-31 04:19:03 Z    0 days    1 attempts

------------------------------------------------------------
People who touched revisions under test:
  Andrea Bolognani <abologna@redhat.com>
  Balázs Meskó <meskobalazs@mailbox.org>
  Bastien Orivel <bastien.orivel@diateam.net>
  Bihong Yu <yubihong@huawei.com>
  Boris Fiuczynski <fiuczy@linux.ibm.com>
  Côme Borsoi <fedora@borsoi.fr>
  Daniel Henrique Barboza <danielhb413@gmail.com>
  Daniel P. Berrange <berrange@redhat.com>
  Daniel P. Berrangé <berrange@redhat.com>
  Fedora Weblate Translation <i18n@lists.fedoraproject.org>
  Han Han <hhan@redhat.com>
  Hao Wang <wanghao232@huawei.com>
  Jean-Baptiste Holcroft <jean-baptiste@holcroft.fr>
  Jianan Gao <jgao@redhat.com>
  Jin Yan <jinyan12@huawei.com>
  Jiri Denemark <jdenemar@redhat.com>
  Ján Tomko <jtomko@redhat.com>
  Laine Stump <laine@redhat.com>
  Liao Pingfang <liao.pingfang@zte.com.cn>
  Michal Privoznik <mprivozn@redhat.com>
  Nikolay Shirokovskiy <nshirokovskiy@virtuozzo.com>
  Paulo de Rezende Pinatti <ppinatti@linux.ibm.com>
  Pavel Hrdina <phrdina@redhat.com>
  Peter Krempa <pkrempa@redhat.com>
  Pino Toscano <ptoscano@redhat.com>
  Pino Toscano <toscano.pino@tiscali.it>
  Piotr Drąg <piotrdrag@gmail.com>
  Prathamesh Chavan <pc44800@gmail.com>
  Roman Bogorodskiy <bogorodskiy@gmail.com>
  Ryan Schmidt <git@ryandesign.com>
  Stefan Berger <stefanb@linux.ibm.com>
  Szymon Scholz <szymonscholz@gmail.com>
  Weblate <noreply@weblate.org>
  Yi Wang <wang.yi59@zte.com.cn>
  Yuri Chornoivan <yurchor@ukr.net>
  Zheng Chuan <zhengchuan@huawei.com>

jobs:
 build-amd64-xsm                                              pass    
 build-arm64-xsm                                              pass    
 build-i386-xsm                                               pass    
 build-amd64                                                  pass    
 build-arm64                                                  pass    
 build-armhf                                                  pass    
 build-i386                                                   pass    
 build-amd64-libvirt                                          fail    
 build-arm64-libvirt                                          fail    
 build-armhf-libvirt                                          fail    
 build-i386-libvirt                                           fail    
 build-amd64-pvops                                            pass    
 build-arm64-pvops                                            pass    
 build-armhf-pvops                                            pass    
 build-i386-pvops                                             pass    
 test-amd64-amd64-libvirt-qemuu-debianhvm-amd64-xsm           blocked 
 test-amd64-i386-libvirt-qemuu-debianhvm-amd64-xsm            blocked 
 test-amd64-amd64-libvirt-xsm                                 blocked 
 test-arm64-arm64-libvirt-xsm                                 blocked 
 test-amd64-i386-libvirt-xsm                                  blocked 
 test-amd64-amd64-libvirt                                     blocked 
 test-arm64-arm64-libvirt                                     blocked 
 test-armhf-armhf-libvirt                                     blocked 
 test-amd64-i386-libvirt                                      blocked 
 test-amd64-amd64-libvirt-pair                                blocked 
 test-amd64-i386-libvirt-pair                                 blocked 
 test-arm64-arm64-libvirt-qcow2                               blocked 
 test-armhf-armhf-libvirt-raw                                 blocked 
 test-amd64-amd64-libvirt-vhd                                 blocked 


------------------------------------------------------------
sg-report-flight on osstest.test-lab.xenproject.org
logs: /home/logs/logs
images: /home/logs/images

Logs, config files, etc. are available at
    http://logs.test-lab.xenproject.org/osstest/logs

Explanation of these reports, and of osstest in general, is at
    http://xenbits.xen.org/gitweb/?p=osstest.git;a=blob;f=README.email;hb=master
    http://xenbits.xen.org/gitweb/?p=osstest.git;a=blob;f=README;hb=master

Test harness code can be found at
    http://xenbits.xen.org/gitweb?p=osstest.git;a=summary


Not pushing.

(No revision log; it would be 3102 lines long.)


^ permalink raw reply	[flat|nested] only message in thread

only message in thread, back to index

Thread overview: (only message) (download: mbox.gz / follow: Atom feed)
-- links below jump to the message on this page --
2020-07-31 11:22 [libvirt test] 152317: regressions - FAIL osstest service owner

Xen-Devel Archive on lore.kernel.org

Archives are clonable:
	git clone --mirror https://lore.kernel.org/xen-devel/0 xen-devel/git/0.git
	git clone --mirror https://lore.kernel.org/xen-devel/1 xen-devel/git/1.git

	# If you have public-inbox 1.1+ installed, you may
	# initialize and index your mirror using the following commands:
	public-inbox-init -V2 xen-devel xen-devel/ https://lore.kernel.org/xen-devel \
		xen-devel@lists.xenproject.org xen-devel@lists.xen.org
	public-inbox-index xen-devel

Example config snippet for mirrors

Newsgroup available over NNTP:
	nntp://nntp.lore.kernel.org/org.xenproject.lists.xen-devel


AGPL code for this site: git clone https://public-inbox.org/public-inbox.git