Xen-Devel Archive on lore.kernel.org
 help / color / Atom feed
From: osstest service owner <osstest-admin@xenproject.org>
To: xen-devel@lists.xenproject.org, osstest-admin@xenproject.org
Subject: [linux-linus test] 152366: regressions - FAIL
Date: Sun, 02 Aug 2020 18:16:20 +0000
Message-ID: <osstest-152366-mainreport@xen.org> (raw)

flight 152366 linux-linus real [real]
http://logs.test-lab.xenproject.org/osstest/logs/152366/

Regressions :-(

Tests which did not succeed and are blocking,
including tests which could not be run:
 test-arm64-arm64-libvirt-xsm 16 guest-start/debian.repeat fail REGR. vs. 152332

Tests which did not succeed, but are not blocking:
 test-amd64-amd64-xl-qemut-win7-amd64 17 guest-stop            fail like 152332
 test-amd64-amd64-xl-qemuu-win7-amd64 17 guest-stop            fail like 152332
 test-amd64-amd64-xl-qemut-ws16-amd64 17 guest-stop            fail like 152332
 test-amd64-i386-xl-qemuu-win7-amd64 17 guest-stop             fail like 152332
 test-armhf-armhf-libvirt     14 saverestore-support-check    fail  like 152332
 test-armhf-armhf-libvirt-raw 13 saverestore-support-check    fail  like 152332
 test-amd64-i386-xl-qemut-win7-amd64 17 guest-stop             fail like 152332
 test-amd64-amd64-xl-qemuu-ws16-amd64 17 guest-stop            fail like 152332
 test-amd64-i386-xl-pvshim    12 guest-start                  fail   never pass
 test-arm64-arm64-xl-seattle  13 migrate-support-check        fail   never pass
 test-arm64-arm64-xl-seattle  14 saverestore-support-check    fail   never pass
 test-amd64-amd64-libvirt     13 migrate-support-check        fail   never pass
 test-amd64-amd64-libvirt-xsm 13 migrate-support-check        fail   never pass
 test-amd64-i386-libvirt      13 migrate-support-check        fail   never pass
 test-amd64-i386-libvirt-xsm  13 migrate-support-check        fail   never pass
 test-arm64-arm64-libvirt-xsm 13 migrate-support-check        fail   never pass
 test-arm64-arm64-libvirt-xsm 14 saverestore-support-check    fail   never pass
 test-arm64-arm64-xl          13 migrate-support-check        fail   never pass
 test-armhf-armhf-xl-arndale  13 migrate-support-check        fail   never pass
 test-arm64-arm64-xl-credit2  13 migrate-support-check        fail   never pass
 test-arm64-arm64-xl          14 saverestore-support-check    fail   never pass
 test-arm64-arm64-xl-xsm      13 migrate-support-check        fail   never pass
 test-arm64-arm64-xl-credit2  14 saverestore-support-check    fail   never pass
 test-armhf-armhf-xl-arndale  14 saverestore-support-check    fail   never pass
 test-arm64-arm64-xl-xsm      14 saverestore-support-check    fail   never pass
 test-arm64-arm64-xl-thunderx 13 migrate-support-check        fail   never pass
 test-arm64-arm64-xl-thunderx 14 saverestore-support-check    fail   never pass
 test-amd64-amd64-libvirt-qemuu-debianhvm-amd64-xsm 11 migrate-support-check fail never pass
 test-amd64-i386-libvirt-qemuu-debianhvm-amd64-xsm 11 migrate-support-check fail never pass
 test-amd64-amd64-libvirt-vhd 12 migrate-support-check        fail   never pass
 test-armhf-armhf-xl-multivcpu 13 migrate-support-check        fail  never pass
 test-armhf-armhf-xl-multivcpu 14 saverestore-support-check    fail  never pass
 test-armhf-armhf-xl-rtds     13 migrate-support-check        fail   never pass
 test-armhf-armhf-xl-rtds     14 saverestore-support-check    fail   never pass
 test-armhf-armhf-xl-credit1  13 migrate-support-check        fail   never pass
 test-armhf-armhf-xl-credit1  14 saverestore-support-check    fail   never pass
 test-amd64-i386-xl-qemuu-ws16-amd64 17 guest-stop              fail never pass
 test-arm64-arm64-xl-credit1  13 migrate-support-check        fail   never pass
 test-arm64-arm64-xl-credit1  14 saverestore-support-check    fail   never pass
 test-amd64-i386-xl-qemut-ws16-amd64 17 guest-stop              fail never pass
 test-armhf-armhf-xl          13 migrate-support-check        fail   never pass
 test-armhf-armhf-xl          14 saverestore-support-check    fail   never pass
 test-armhf-armhf-libvirt     13 migrate-support-check        fail   never pass
 test-armhf-armhf-xl-cubietruck 13 migrate-support-check        fail never pass
 test-armhf-armhf-xl-credit2  13 migrate-support-check        fail   never pass
 test-armhf-armhf-xl-credit2  14 saverestore-support-check    fail   never pass
 test-armhf-armhf-xl-cubietruck 14 saverestore-support-check    fail never pass
 test-armhf-armhf-libvirt-raw 12 migrate-support-check        fail   never pass
 test-armhf-armhf-xl-vhd      12 migrate-support-check        fail   never pass
 test-armhf-armhf-xl-vhd      13 saverestore-support-check    fail   never pass
 test-amd64-amd64-qemuu-nested-amd 17 debian-hvm-install/l1/l2  fail never pass

version targeted for testing:
 linux                d52daa8620c65960e1ef882adc1f92061326bd7a
baseline version:
 linux                deacdb3e3979979016fcd0ffd518c320a62ad166

Last test of basis   152332  2020-07-31 19:41:23 Z    1 days
Testing same since   152366  2020-08-01 20:49:34 Z    0 days    1 attempts

------------------------------------------------------------
People who touched revisions under test:
  Akash Asthana <akashast@codeaurora.org>
  Douglas Anderson <dianders@chromium.org>
  Linus Torvalds <torvalds@linux-foundation.org>
  Linus Walleij <linus.walleij@linaro.org>
  Wolfram Sang <wsa+renesas@sang-engineering.com>
  Wolfram Sang <wsa@kernel.org>

jobs:
 build-amd64-xsm                                              pass    
 build-arm64-xsm                                              pass    
 build-i386-xsm                                               pass    
 build-amd64                                                  pass    
 build-arm64                                                  pass    
 build-armhf                                                  pass    
 build-i386                                                   pass    
 build-amd64-libvirt                                          pass    
 build-arm64-libvirt                                          pass    
 build-armhf-libvirt                                          pass    
 build-i386-libvirt                                           pass    
 build-amd64-pvops                                            pass    
 build-arm64-pvops                                            pass    
 build-armhf-pvops                                            pass    
 build-i386-pvops                                             pass    
 test-amd64-amd64-xl                                          pass    
 test-amd64-coresched-amd64-xl                                pass    
 test-arm64-arm64-xl                                          pass    
 test-armhf-armhf-xl                                          pass    
 test-amd64-i386-xl                                           pass    
 test-amd64-coresched-i386-xl                                 pass    
 test-amd64-amd64-libvirt-qemuu-debianhvm-amd64-xsm           pass    
 test-amd64-i386-libvirt-qemuu-debianhvm-amd64-xsm            pass    
 test-amd64-amd64-xl-qemut-stubdom-debianhvm-amd64-xsm        pass    
 test-amd64-i386-xl-qemut-stubdom-debianhvm-amd64-xsm         pass    
 test-amd64-amd64-xl-qemut-debianhvm-i386-xsm                 pass    
 test-amd64-i386-xl-qemut-debianhvm-i386-xsm                  pass    
 test-amd64-amd64-xl-qemuu-debianhvm-i386-xsm                 pass    
 test-amd64-i386-xl-qemuu-debianhvm-i386-xsm                  pass    
 test-amd64-amd64-libvirt-xsm                                 pass    
 test-arm64-arm64-libvirt-xsm                                 fail    
 test-amd64-i386-libvirt-xsm                                  pass    
 test-amd64-amd64-xl-xsm                                      pass    
 test-arm64-arm64-xl-xsm                                      pass    
 test-amd64-i386-xl-xsm                                       pass    
 test-amd64-amd64-qemuu-nested-amd                            fail    
 test-amd64-amd64-xl-pvhv2-amd                                pass    
 test-amd64-i386-qemut-rhel6hvm-amd                           pass    
 test-amd64-i386-qemuu-rhel6hvm-amd                           pass    
 test-amd64-amd64-dom0pvh-xl-amd                              pass    
 test-amd64-amd64-xl-qemut-debianhvm-amd64                    pass    
 test-amd64-i386-xl-qemut-debianhvm-amd64                     pass    
 test-amd64-amd64-xl-qemuu-debianhvm-amd64                    pass    
 test-amd64-i386-xl-qemuu-debianhvm-amd64                     pass    
 test-amd64-i386-freebsd10-amd64                              pass    
 test-amd64-amd64-qemuu-freebsd11-amd64                       pass    
 test-amd64-amd64-qemuu-freebsd12-amd64                       pass    
 test-amd64-amd64-xl-qemuu-ovmf-amd64                         pass    
 test-amd64-i386-xl-qemuu-ovmf-amd64                          pass    
 test-amd64-amd64-xl-qemut-win7-amd64                         fail    
 test-amd64-i386-xl-qemut-win7-amd64                          fail    
 test-amd64-amd64-xl-qemuu-win7-amd64                         fail    
 test-amd64-i386-xl-qemuu-win7-amd64                          fail    
 test-amd64-amd64-xl-qemut-ws16-amd64                         fail    
 test-amd64-i386-xl-qemut-ws16-amd64                          fail    
 test-amd64-amd64-xl-qemuu-ws16-amd64                         fail    
 test-amd64-i386-xl-qemuu-ws16-amd64                          fail    
 test-armhf-armhf-xl-arndale                                  pass    
 test-amd64-amd64-xl-credit1                                  pass    
 test-arm64-arm64-xl-credit1                                  pass    
 test-armhf-armhf-xl-credit1                                  pass    
 test-amd64-amd64-xl-credit2                                  pass    
 test-arm64-arm64-xl-credit2                                  pass    
 test-armhf-armhf-xl-credit2                                  pass    
 test-armhf-armhf-xl-cubietruck                               pass    
 test-amd64-amd64-xl-qemuu-dmrestrict-amd64-dmrestrict        pass    
 test-amd64-i386-xl-qemuu-dmrestrict-amd64-dmrestrict         pass    
 test-amd64-amd64-examine                                     pass    
 test-arm64-arm64-examine                                     pass    
 test-armhf-armhf-examine                                     pass    
 test-amd64-i386-examine                                      pass    
 test-amd64-i386-freebsd10-i386                               pass    
 test-amd64-amd64-qemuu-nested-intel                          pass    
 test-amd64-amd64-xl-pvhv2-intel                              pass    
 test-amd64-i386-qemut-rhel6hvm-intel                         pass    
 test-amd64-i386-qemuu-rhel6hvm-intel                         pass    
 test-amd64-amd64-dom0pvh-xl-intel                            pass    
 test-amd64-amd64-libvirt                                     pass    
 test-armhf-armhf-libvirt                                     pass    
 test-amd64-i386-libvirt                                      pass    
 test-amd64-amd64-xl-multivcpu                                pass    
 test-armhf-armhf-xl-multivcpu                                pass    
 test-amd64-amd64-pair                                        pass    
 test-amd64-i386-pair                                         pass    
 test-amd64-amd64-libvirt-pair                                pass    
 test-amd64-i386-libvirt-pair                                 pass    
 test-amd64-amd64-amd64-pvgrub                                pass    
 test-amd64-amd64-i386-pvgrub                                 pass    
 test-amd64-amd64-xl-pvshim                                   pass    
 test-amd64-i386-xl-pvshim                                    fail    
 test-amd64-amd64-pygrub                                      pass    
 test-amd64-amd64-xl-qcow2                                    pass    
 test-armhf-armhf-libvirt-raw                                 pass    
 test-amd64-i386-xl-raw                                       pass    
 test-amd64-amd64-xl-rtds                                     pass    
 test-armhf-armhf-xl-rtds                                     pass    
 test-arm64-arm64-xl-seattle                                  pass    
 test-amd64-amd64-xl-qemuu-debianhvm-amd64-shadow             pass    
 test-amd64-i386-xl-qemuu-debianhvm-amd64-shadow              pass    
 test-amd64-amd64-xl-shadow                                   pass    
 test-amd64-i386-xl-shadow                                    pass    
 test-arm64-arm64-xl-thunderx                                 pass    
 test-amd64-amd64-libvirt-vhd                                 pass    
 test-armhf-armhf-xl-vhd                                      pass    


------------------------------------------------------------
sg-report-flight on osstest.test-lab.xenproject.org
logs: /home/logs/logs
images: /home/logs/images

Logs, config files, etc. are available at
    http://logs.test-lab.xenproject.org/osstest/logs

Explanation of these reports, and of osstest in general, is at
    http://xenbits.xen.org/gitweb/?p=osstest.git;a=blob;f=README.email;hb=master
    http://xenbits.xen.org/gitweb/?p=osstest.git;a=blob;f=README;hb=master

Test harness code can be found at
    http://xenbits.xen.org/gitweb?p=osstest.git;a=summary


Not pushing.

------------------------------------------------------------
commit d52daa8620c65960e1ef882adc1f92061326bd7a
Merge: 7dc6fd0f3b84 c3c0c2e18d94
Author: Linus Torvalds <torvalds@linux-foundation.org>
Date:   Sat Aug 1 10:11:42 2020 -0700

    Merge tag 'pinctrl-v5.8-4' of git://git.kernel.org/pub/scm/linux/kernel/git/linusw/linux-pinctrl
    
    Pull pin control fix from Linus Walleij:
     "A single last minute pin control fix to the Qualcomm driver fixing
      missing dual edge PCH interrupts"
    
    * tag 'pinctrl-v5.8-4' of git://git.kernel.org/pub/scm/linux/kernel/git/linusw/linux-pinctrl:
      pinctrl: qcom: Handle broken/missing PDC dual edge IRQs on sc7180

commit 7dc6fd0f3b8404542718039f5de19fe56e474578
Merge: deacdb3e3979 8808981baf96
Author: Linus Torvalds <torvalds@linux-foundation.org>
Date:   Fri Jul 31 12:50:54 2020 -0700

    Merge branch 'i2c/for-current' of git://git.kernel.org/pub/scm/linux/kernel/git/wsa/linux
    
    Pull i2c fixes from Wolfram Sang:
     "Some I2C core improvements to prevent NULL pointer usage and a
      MAINTAINERS update"
    
    * 'i2c/for-current' of git://git.kernel.org/pub/scm/linux/kernel/git/wsa/linux:
      i2c: slave: add sanity check when unregistering
      i2c: slave: improve sanity check when registering
      MAINTAINERS: Update GENI I2C maintainers list
      i2c: also convert placeholder function to return errno

commit 8808981baf96e1b3dea1f08461e4d958aa0dbde1
Author: Wolfram Sang <wsa+renesas@sang-engineering.com>
Date:   Sat Jul 25 21:50:53 2020 +0200

    i2c: slave: add sanity check when unregistering
    
    Signed-off-by: Wolfram Sang <wsa+renesas@sang-engineering.com>
    Reviewed-by: Alain Volmat <alain.volmat@st.com>
    Signed-off-by: Wolfram Sang <wsa@kernel.org>

commit 1b1be3bf27b62f5abcf85c6f3214bdb9c7526685
Author: Wolfram Sang <wsa+renesas@sang-engineering.com>
Date:   Sat Jul 25 21:50:52 2020 +0200

    i2c: slave: improve sanity check when registering
    
    Add check for ERR_PTR and simplify code while here.
    
    Signed-off-by: Wolfram Sang <wsa+renesas@sang-engineering.com>
    Reviewed-by: Alain Volmat <alain.volmat@st.com>
    Signed-off-by: Wolfram Sang <wsa@kernel.org>

commit d076947912696efc1e223b25799a025cd73d6a22
Author: Akash Asthana <akashast@codeaurora.org>
Date:   Mon Jul 27 13:56:00 2020 +0530

    MAINTAINERS: Update GENI I2C maintainers list
    
    Alok Chauhan has moved out of GENI team, he no longer supports GENI I2C
    driver, remove him from maintainer list.
    
    Add Akash Asthana & Mukesh Savaliya as maintainers for GENI I2C drivers.
    
    Signed-off-by: Akash Asthana <akashast@codeaurora.org>
    Signed-off-by: Wolfram Sang <wsa@kernel.org>

commit 8be23aec0ee151de731626d5578973fde25b2285
Author: Wolfram Sang <wsa+renesas@sang-engineering.com>
Date:   Sat Jul 25 16:07:36 2020 +0200

    i2c: also convert placeholder function to return errno
    
    All i2c_new_device-alike functions return ERR_PTR these days, but this
    fallback function was missed.
    
    Fixes: 2dea645ffc21 ("i2c: acpi: Return error pointers from i2c_acpi_new_device()")
    Signed-off-by: Wolfram Sang <wsa+renesas@sang-engineering.com>
    Reviewed-by: Andy Shevchenko <andriy.shevchenko@linux.intel.com>
    [wsa: changed from 'ENOSYS' to 'ENODEV']
    Signed-off-by: Wolfram Sang <wsa@kernel.org>

commit c3c0c2e18d943ec4a84162ac679970b592555a4a
Author: Douglas Anderson <dianders@chromium.org>
Date:   Tue Jul 14 08:04:17 2020 -0700

    pinctrl: qcom: Handle broken/missing PDC dual edge IRQs on sc7180
    
    Depending on how you look at it, you can either say that:
    a) There is a PDC hardware issue (with the specific IP rev that exists
       on sc7180) that causes the PDC not to work properly when configured
       to handle dual edges.
    b) The dual edge feature of the PDC hardware was only added in later
       HW revisions and thus isn't in all hardware.
    
    Regardless of how you look at it, let's work around the lack of dual
    edge support by only ever letting our parent see requests for single
    edge interrupts on affected hardware.
    
    NOTE: it's possible that a driver requesting a dual edge interrupt
    might get several edges coalesced into a single IRQ.  For instance if
    a line starts low and then goes high and low again, the driver that
    requested the IRQ is not guaranteed to be called twice.  However, it
    is guaranteed that once the driver's interrupt handler starts running
    its first instruction that any new edges coming in will cause the
    interrupt to fire again.  This is relatively commonplace for dual-edge
    gpio interrupts (many gpio controllers require software to emulate
    dual edge with single edge) so client drivers should be setup to
    handle it.
    
    Fixes: e35a6ae0eb3a ("pinctrl/msm: Setup GPIO chip in hierarchy")
    Signed-off-by: Douglas Anderson <dianders@chromium.org>
    Reviewed-by: Marc Zyngier <maz@kernel.org>
    Link: https://lore.kernel.org/r/20200714080254.v3.1.Ie0d730120b232a86a4eac1e2909bcbec844d1766@changeid
    Signed-off-by: Linus Walleij <linus.walleij@linaro.org>


                 reply index

Thread overview: [no followups] expand[flat|nested]  mbox.gz  Atom feed

Reply instructions:

You may reply publicly to this message via plain-text email
using any one of the following methods:

* Save the following mbox file, import it into your mail client,
  and reply-to-all from there: mbox

  Avoid top-posting and favor interleaved quoting:
  https://en.wikipedia.org/wiki/Posting_style#Interleaved_style

* Reply using the --to, --cc, and --in-reply-to
  switches of git-send-email(1):

  git send-email \
    --in-reply-to=osstest-152366-mainreport@xen.org \
    --to=osstest-admin@xenproject.org \
    --cc=xen-devel@lists.xenproject.org \
    /path/to/YOUR_REPLY

  https://kernel.org/pub/software/scm/git/docs/git-send-email.html

* If your mail client supports setting the In-Reply-To header
  via mailto: links, try the mailto: link

Xen-Devel Archive on lore.kernel.org

Archives are clonable:
	git clone --mirror https://lore.kernel.org/xen-devel/0 xen-devel/git/0.git
	git clone --mirror https://lore.kernel.org/xen-devel/1 xen-devel/git/1.git

	# If you have public-inbox 1.1+ installed, you may
	# initialize and index your mirror using the following commands:
	public-inbox-init -V2 xen-devel xen-devel/ https://lore.kernel.org/xen-devel \
		xen-devel@lists.xenproject.org xen-devel@lists.xen.org
	public-inbox-index xen-devel

Example config snippet for mirrors

Newsgroup available over NNTP:
	nntp://nntp.lore.kernel.org/org.xenproject.lists.xen-devel


AGPL code for this site: git clone https://public-inbox.org/public-inbox.git