Xen-Devel Archive on lore.kernel.org
 help / color / Atom feed
* [xen-unstable-smoke test] 155869: tolerable FAIL - PUSHED
@ 2020-10-15 20:44 osstest service owner
  0 siblings, 0 replies; only message in thread
From: osstest service owner @ 2020-10-15 20:44 UTC (permalink / raw)
  To: xen-devel, osstest-admin

flight 155869 xen-unstable-smoke real [real]
http://logs.test-lab.xenproject.org/osstest/logs/155869/

Failures :-/ but no regressions.

Regressions which are regarded as allowable (not blocking):
 test-amd64-amd64-xl-qemuu-debianhvm-amd64 16 guest-localmigrate fail REGR. vs. 155850

Tests which did not succeed, but are not blocking:
 test-amd64-amd64-libvirt     15 migrate-support-check        fail   never pass
 test-arm64-arm64-xl-xsm      15 migrate-support-check        fail   never pass
 test-arm64-arm64-xl-xsm      16 saverestore-support-check    fail   never pass
 test-armhf-armhf-xl          15 migrate-support-check        fail   never pass
 test-armhf-armhf-xl          16 saverestore-support-check    fail   never pass

version targeted for testing:
 xen                  6ee2e66674f36b6d27a95f4ddf27226905cc63a4
baseline version:
 xen                  a8a85f03c826bea045e345fa405f187049d63584

Last test of basis   155850  2020-10-15 14:00:24 Z    0 days
Testing same since   155869  2020-10-15 18:00:57 Z    0 days    1 attempts

------------------------------------------------------------
People who touched revisions under test:
  Bertrand Marquis <bertrand.marquis@arm.com>
  Jan Beulich <jbeulich@suse.com>
  Stefano Stabellini <sstabellini@kernel.org>

jobs:
 build-arm64-xsm                                              pass    
 build-amd64                                                  pass    
 build-armhf                                                  pass    
 build-amd64-libvirt                                          pass    
 test-armhf-armhf-xl                                          pass    
 test-arm64-arm64-xl-xsm                                      pass    
 test-amd64-amd64-xl-qemuu-debianhvm-amd64                    fail    
 test-amd64-amd64-libvirt                                     pass    


------------------------------------------------------------
sg-report-flight on osstest.test-lab.xenproject.org
logs: /home/logs/logs
images: /home/logs/images

Logs, config files, etc. are available at
    http://logs.test-lab.xenproject.org/osstest/logs

Explanation of these reports, and of osstest in general, is at
    http://xenbits.xen.org/gitweb/?p=osstest.git;a=blob;f=README.email;hb=master
    http://xenbits.xen.org/gitweb/?p=osstest.git;a=blob;f=README;hb=master

Test harness code can be found at
    http://xenbits.xen.org/gitweb?p=osstest.git;a=summary


Pushing revision :

To xenbits.xen.org:/home/xen/git/xen.git
   a8a85f03c8..6ee2e66674  6ee2e66674f36b6d27a95f4ddf27226905cc63a4 -> smoke


^ permalink raw reply	[flat|nested] only message in thread

only message in thread, back to index

Thread overview: (only message) (download: mbox.gz / follow: Atom feed)
-- links below jump to the message on this page --
2020-10-15 20:44 [xen-unstable-smoke test] 155869: tolerable FAIL - PUSHED osstest service owner

Xen-Devel Archive on lore.kernel.org

Archives are clonable:
	git clone --mirror https://lore.kernel.org/xen-devel/0 xen-devel/git/0.git
	git clone --mirror https://lore.kernel.org/xen-devel/1 xen-devel/git/1.git

	# If you have public-inbox 1.1+ installed, you may
	# initialize and index your mirror using the following commands:
	public-inbox-init -V2 xen-devel xen-devel/ https://lore.kernel.org/xen-devel \
		xen-devel@lists.xenproject.org xen-devel@lists.xen.org
	public-inbox-index xen-devel

Example config snippet for mirrors

Newsgroup available over NNTP:
	nntp://nntp.lore.kernel.org/org.xenproject.lists.xen-devel


AGPL code for this site: git clone https://public-inbox.org/public-inbox.git