Xen-Devel Archive on lore.kernel.org
 help / color / Atom feed
* [qemu-mainline test] 155877: regressions - FAIL
@ 2020-10-16  6:14 osstest service owner
  0 siblings, 0 replies; only message in thread
From: osstest service owner @ 2020-10-16  6:14 UTC (permalink / raw)
  To: xen-devel, osstest-admin

flight 155877 qemu-mainline real [real]
http://logs.test-lab.xenproject.org/osstest/logs/155877/

Regressions :-(

Tests which did not succeed and are blocking,
including tests which could not be run:
 test-amd64-amd64-qemuu-freebsd11-amd64 13 guest-start    fail REGR. vs. 152631
 test-amd64-amd64-qemuu-freebsd12-amd64 13 guest-start    fail REGR. vs. 152631
 test-amd64-i386-freebsd10-i386 12 freebsd-install        fail REGR. vs. 152631
 test-amd64-i386-qemuu-rhel6hvm-amd 12 redhat-install     fail REGR. vs. 152631
 test-amd64-amd64-qemuu-nested-intel 12 debian-hvm-install fail REGR. vs. 152631
 test-armhf-armhf-xl-vhd      12 debian-di-install        fail REGR. vs. 152631
 test-amd64-amd64-xl-qemuu-debianhvm-amd64-shadow 12 debian-hvm-install fail REGR. vs. 152631
 test-amd64-amd64-xl-qemuu-dmrestrict-amd64-dmrestrict 12 debian-hvm-install fail REGR. vs. 152631
 test-amd64-i386-qemuu-rhel6hvm-intel 12 redhat-install   fail REGR. vs. 152631
 test-amd64-amd64-xl-qemuu-ovmf-amd64 12 debian-hvm-install fail REGR. vs. 152631
 test-amd64-i386-xl-qemuu-debianhvm-i386-xsm 12 debian-hvm-install fail REGR. vs. 152631
 test-amd64-amd64-libvirt-qemuu-debianhvm-amd64-xsm 12 debian-hvm-install fail REGR. vs. 152631
 test-arm64-arm64-libvirt-xsm 14 guest-start              fail REGR. vs. 152631
 test-amd64-amd64-qemuu-nested-amd 12 debian-hvm-install  fail REGR. vs. 152631
 test-amd64-amd64-xl-qemuu-win7-amd64 12 windows-install  fail REGR. vs. 152631
 test-amd64-amd64-xl-qemuu-debianhvm-amd64 12 debian-hvm-install fail REGR. vs. 152631
 test-amd64-i386-xl-qemuu-debianhvm-amd64 12 debian-hvm-install fail REGR. vs. 152631
 test-amd64-i386-libvirt-qemuu-debianhvm-amd64-xsm 12 debian-hvm-install fail REGR. vs. 152631
 test-amd64-amd64-xl-qemuu-debianhvm-i386-xsm 12 debian-hvm-install fail REGR. vs. 152631
 test-amd64-i386-xl-qemuu-debianhvm-amd64-shadow 12 debian-hvm-install fail REGR. vs. 152631
 test-amd64-i386-xl-qemuu-ovmf-amd64 12 debian-hvm-install fail REGR. vs. 152631
 test-amd64-i386-xl-qemuu-win7-amd64 12 windows-install   fail REGR. vs. 152631
 test-armhf-armhf-libvirt-raw 12 debian-di-install        fail REGR. vs. 152631
 test-amd64-i386-xl-qemuu-ws16-amd64 12 windows-install   fail REGR. vs. 152631
 test-amd64-amd64-xl-qemuu-ws16-amd64 12 windows-install  fail REGR. vs. 152631
 test-amd64-i386-freebsd10-amd64 13 guest-start           fail REGR. vs. 152631
 test-amd64-amd64-libvirt-vhd 19 guest-start/debian.repeat fail REGR. vs. 152631
 test-amd64-i386-xl-qemuu-dmrestrict-amd64-dmrestrict 12 debian-hvm-install fail REGR. vs. 152631
 test-amd64-amd64-xl-qcow2   21 guest-start/debian.repeat fail REGR. vs. 152631
 test-armhf-armhf-libvirt     14 guest-start              fail REGR. vs. 152631

Tests which did not succeed, but are not blocking:
 test-amd64-amd64-libvirt     15 migrate-support-check        fail   never pass
 test-amd64-amd64-libvirt-xsm 15 migrate-support-check        fail   never pass
 test-amd64-i386-libvirt-xsm  15 migrate-support-check        fail   never pass
 test-amd64-i386-libvirt      15 migrate-support-check        fail   never pass
 test-arm64-arm64-xl-seattle  15 migrate-support-check        fail   never pass
 test-arm64-arm64-xl-seattle  16 saverestore-support-check    fail   never pass
 test-arm64-arm64-xl          15 migrate-support-check        fail   never pass
 test-arm64-arm64-xl          16 saverestore-support-check    fail   never pass
 test-arm64-arm64-xl-thunderx 15 migrate-support-check        fail   never pass
 test-arm64-arm64-xl-thunderx 16 saverestore-support-check    fail   never pass
 test-arm64-arm64-xl-xsm      15 migrate-support-check        fail   never pass
 test-arm64-arm64-xl-xsm      16 saverestore-support-check    fail   never pass
 test-arm64-arm64-xl-credit2  15 migrate-support-check        fail   never pass
 test-arm64-arm64-xl-credit2  16 saverestore-support-check    fail   never pass
 test-armhf-armhf-xl-arndale  15 migrate-support-check        fail   never pass
 test-armhf-armhf-xl-arndale  16 saverestore-support-check    fail   never pass
 test-amd64-amd64-libvirt-vhd 14 migrate-support-check        fail   never pass
 test-armhf-armhf-xl-credit2  15 migrate-support-check        fail   never pass
 test-armhf-armhf-xl-credit2  16 saverestore-support-check    fail   never pass
 test-armhf-armhf-xl-credit1  15 migrate-support-check        fail   never pass
 test-armhf-armhf-xl-credit1  16 saverestore-support-check    fail   never pass
 test-armhf-armhf-xl-cubietruck 15 migrate-support-check        fail never pass
 test-armhf-armhf-xl-cubietruck 16 saverestore-support-check    fail never pass
 test-armhf-armhf-xl-rtds     15 migrate-support-check        fail   never pass
 test-armhf-armhf-xl-rtds     16 saverestore-support-check    fail   never pass
 test-amd64-i386-xl-pvshim    14 guest-start                  fail   never pass
 test-arm64-arm64-xl-credit1  15 migrate-support-check        fail   never pass
 test-arm64-arm64-xl-credit1  16 saverestore-support-check    fail   never pass
 test-armhf-armhf-xl-multivcpu 15 migrate-support-check        fail  never pass
 test-armhf-armhf-xl-multivcpu 16 saverestore-support-check    fail  never pass
 test-armhf-armhf-xl          15 migrate-support-check        fail   never pass
 test-armhf-armhf-xl          16 saverestore-support-check    fail   never pass

version targeted for testing:
 qemuu                e545512b5e26f1e69fcd4c88df3c12853946dcdb
baseline version:
 qemuu                1d806cef0e38b5db8347a8e12f214d543204a314

Last test of basis   152631  2020-08-20 09:07:46 Z   56 days
Failing since        152659  2020-08-21 14:07:39 Z   55 days   97 attempts
Testing same since   155877  2020-10-15 21:07:57 Z    0 days    1 attempts

------------------------------------------------------------
People who touched revisions under test:
    Aaron Lindsay <aaron@os.amperecomputing.com>
  Alberto Garcia <berto@igalia.com>
  Aleksandar Markovic <aleksandar.qemu.devel@gmail.com>
  Alex Bennée <alex.bennee@linaro.org>
  Alexander Bulekov <alxndr@bu.edu>
  Alexey Kirillov <lekiravi@yandex-team.ru>
  Alistair Francis <alistair.francis@wdc.com>
  Alistair Francis <alistair.francis@xilinx.com>
  Amey Narkhede <ameynarkhede03@gmail.com>
  Andrew Jones <drjones@redhat.com>
  Andrey Konovalov <andreyknvl@google.com>
  Andrey Shinkevich <andrey.shinkevich@virtuozzo.com>
  Ani Sinha <ani@anisinha.ca>
  Anthony PERARD <anthony.perard@citrix.com>
  Anton Blanchard <anton@ozlabs.org>
  Anup Patel <anup.patel@wdc.com>
  Babu Moger <babu.moger@amd.com>
  BALATON Zoltan <balaton@eik.bme.hu>
  Bastian Koppelmann <kbastian@mail.uni-paderborn.de>
  Bin Meng <bin.meng@windriver.com>
  Bruce Rogers <brogers@suse.com>
  Carlo Marcelo Arenas Belón <carenas@gmail.com>
  Chen Gang <chengang@emindsoft.com.cn>
  Chen Qun <kuhn.chenqun@huawei.com>
  Chih-Min Chao <chihmin.chao@sifive.com>
  Christian Borntraeger <borntraeger@de.ibm.com>
  Christian Schoenebeck <qemu_oss@crudebyte.com>
  Chuan Zheng <zhengchuan@huawei.com>
  Claudio Fontana <cfontana@suse.de>
  Claudio Imbrenda <imbrenda@linux.ibm.com>
  Cleber Rosa <crosa@redhat.com>
  Colin Xu <colin.xu@intel.com>
  Collin Walling <walling@linux.ibm.com>
  Connor Kuehl <ckuehl@redhat.com>
  Corey Minyard <cminyard@mvista.com>
  Cornelia Huck <cohuck@redhat.com>
  Cédric Le Goater <clg@kaod.org>
  César Belley <cesar.belley@lse.epita.fr>
  Daniel Henrique Barboza <danielhb413@gmail.com>
  Daniel P. Berrangé <berrange@redhat.com>
  David Carlier <devnexen@gmail.com>
  David Gibson <david@gibson.dropbear.id.au>
  David Hildenbrand <david@redhat.com>
  Dima Stepanov <dimastep@yandex-team.ru>
  Dmitry Fomichev <dmitry.fomichev@wdc.com>
  Douglas Crosher <dtc-ubuntu@scieneer.com>
  Dov Murik <dovmurik@linux.vnet.ibm.com>
  Dr. David Alan Gilbert <dgilbert@redhat.com>
  Edgar E. Iglesias <edgar.iglesias@xilinx.com>
  Eduardo Habkost <ehabkost@redhat.com>
  Eduardo Otubo <otubo@redhat.com>
  Elena Afanasova <eafanasova@gmail.com>
  Eric Auger <eric.auger@redhat.com>
  Eric Blake <eblake@redhat.com>
  Erik Kline <ek@google.com>
  Erik Smit <erik.lucas.smit@gmail.com>
  Fabiano Rosas <farosas@linux.ibm.com>
  Fam Zheng <fam@euphon.net>
  Fan Yang <Fan_Yang@sjtu.edu.cn>
  Filip Bozuta <Filip.Bozuta@syrmia.com>
  Finn Thain <fthain@telegraphics.com.au>
  Frank Chang <frank.chang@sifive.com>
  Frediano Ziglio <freddy77@gmail.com>
  Gerd Hoffmann <kraxel@redhat.com>
  Gonglei <arei.gonglei@huawei.com>
  Graeme Gregory <graeme@nuviainc.com>
  Greg Kurz <groug@kaod.org>
  Guoqing Zhang <zhangguoqing.kernel@bytedance.com>
  Gustavo Romero <gromero@linux.ibm.com>
  haibinzhang(张海斌) <haibinzhang@tencent.com>
  Halil Pasic <pasic@linux.ibm.com>
  Han Han <hhan@redhat.com>
  Harry G. Coin <hgcoin@gmail.com>
  Havard Skinnemoen <hskinnemoen@google.com>
  Helge Deller <deller@gmx.de>
  Heyi Guo <guoheyi@huawei.com>
  Hongzheng-Li <Ethan.Lee.QNL@gmail.com>
  Hou Weiying <weiying_hou@outlook.com>
  Huacai Chen <chenhc@lemote.com>
  Huacai Chen <zltjiangshi@gmail.com>
  Igor Kononenko <i.kononenko@yadro.com>
  Igor Mammedov <imammedo@redhat.com>
  Jan Charvat <charvj10@fel.cvut.cz>
  Jan Henrik Weinstock <jan.weinstock@rwth-aachen.de>
  Janosch Frank <frankja@linux.ibm.com>
  Jason Andryuk <jandryuk@gmail.com>
  Jason Wang <jasowang@redhat.com>
  Jens Freimann <jfreimann@redhat.com>
  Jiachen Zhang <zhangjiachen.jaycee@bytedance.com>
  Joel Stanley <joel@jms.id.au>
  John Snow <jsnow@redhat.com>
  Jon Doron <arilou@gmail.com>
  Julia Suvorova <jusual@redhat.com>
  Kashyap Chamarthy <kchamart@redhat.com>
  Keith Busch <kbusch@kernel.org>
  Kele Huang <kele.hwang@gmail.com>
  Kenta Ishiguro <kentaishiguro@slowstart.org>
  Kevin Wolf <kwolf@redhat.com>
  Kito Cheng <kito.cheng@sifive.com>
  Klaus Jensen <k.jensen@samsung.com>
  Klaus Jensen <klaus.jensen@cnexlabs.com>
  Laszlo Ersek <lersek@redhat.com>
  Laurent Vivier <laurent@vivier.eu>
  Laurent Vivier <lvivier@redhat.com>
  Lei YU <yulei.sh@bytedance.com>
  Leif Lindholm <leif@nuviainc.com>
  Li Feng <fengli@smartx.com>
  Li Qiang <liq3ea@163.com>
  Li Zhijian <lizhijian@cn.fujitsu.com>
  Liao Pingfang <liao.pingfang@zte.com.cn>
  Liao Pingfang <liao.pingfang@zte.com.cn>a
  Lijun Pan <ljp@linux.ibm.com>
  LIU Zhiwei <zhiwei_liu@c-sky.com>
  Longpeng(Mike) <longpeng2@huawei.com>
  Lukas Straub <lukasstraub2@web.de>
  Marc Hartmayer <mhartmay@linux.ibm.com>
  Marc-André Lureau <marcandre.lureau@redhat.com>
  Mark Cave-Ayland <mark.cave-ayland@ilande.co.uk>
  Markus Armbruster <armbru@redhat.com>
  Matthieu Bucchianeri <matthieu.bucchianeri@leostella.com>
  Max Filippov <jcmvbkbc@gmail.com>
  Max Reitz <mreitz@redhat.com>
  Maxim Levitsky <mlevitsk@redhat.com>
  Michael Roth <mdroth@linux.vnet.ibm.com>
  Michael S. Tsirkin <mst@redhat.com>
  Michael Walle <michael@walle.cc>
  Michal Privoznik <mprivozn@redhat.com>
  Mike Gelfand <mikedld@mikedld.com>
  Myriad-Dreamin <camiyoru@gmail.com>
  Nathan Chancellor <natechancellor@gmail.com>
  Niek Linnenbank <nieklinnenbank@gmail.com>
  Nikola Pavlica <pavlica.nikola@gmail.com>
  Nir Soffer <nirsof@gmail.com>
  Nir Soffer <nsoffer@redhat.com>
  Pan Nengyuan <pannengyuan@huawei.com>
  Pankaj Gupta <pankaj.gupta.linux@gmail.com>
  Paolo Bonzini <pbonzini@redhat.com>
  Paul Burton <paulburton@kernel.org>
  Paul Durrant <paul@xen.org>
  Paul Zimmerman <pauldzim@gmail.com>
  Pavel Dovgalyuk <Pavel.Dovgaluk@gmail.com>
  Pavel Dovgalyuk <Pavel.Dovgaluk@ispras.ru>
  Pavel Dovgalyuk <Pavel.Dovgalyuk@ispras.ru>
  Pavel Pisa <pisa@cmp.felk.cvut.cz>
  Peter Lieven <pl@kamp.de>
  Peter Maydell <peter.maydell@linaro.org>
  Peter Xu <peterx@redhat.com>
  Philippe Mathieu-Daude <philmd@redhat.com>
  Philippe Mathieu-Daudé <f4bug@amsat.org>
  Philippe Mathieu-Daudé <philmd@redhat.com>
  Prasad J Pandit <pjp@fedoraproject.org>
  Richard Henderson <richard.henderson@linaro.org>
  Roman Bolshakov <r.bolshakov@yadro.com>
  Sai Pavan Boddu <sai.pavan.boddu@xilinx.com>
  Samuel Thibault <samuel.thibault@ens-lyon.org>
  Sergei Trofimovich <slyfox@gentoo.org>
  Sergey Nizovtsev <snizovtsev@gmail.com>
  Sergio Lopez <slp@redhat.com>
  Stefan Berger <stefanb@linux.ibm.com>
  Stefan Hajnoczi <stefanha@redhat.com>
  Stefan Weil <sw@weilnetz.de>
  Stefano Garzarella <sgarzare@redhat.com>
  Stephen Long <steplong@quicinc.com>
  Sunil Muthuswamy <sunilmut@microsoft.com>
  Sven Schnelle <svens@stackframe.org>
  Swapnil Ingle <swapnil.ingle@nutanix.com>
  Thiago Jung Bauermann <bauerman@linux.ibm.com>
  Thomas Huth <huth@tuxfamily.org>
  Thomas Huth <thuth@redhat.com>
  Tianjia Zhang <tianjia.zhang@linux.alibaba.com>
  Timothy Baldwin <T.E.Baldwin99@members.leeds.ac.uk>
  Timothy E Baldwin <T.E.Baldwin99@members.leeds.ac.uk>
  Tomáš Golembiovský <tgolembi@redhat.com>
  Vitaly Cheptsov <vit9696@protonmail.com>
  Vitaly Kuznetsov <vkuznets@redhat.com>
  Vivek Goyal <vgoyal@redhat.com>
  Vladimir Sementsov-Ogievskiy <vsementsov@virtuozzo.com>
  Volker Rümelin <vr_qemu@t-online.de>
  Xiaoyao Li <xiaoyao.li@intel.com>
  Xinyu Li <precinct@mail.ustc.edu.cn>
  Xu Zou <iwatchnima@gmail.com>
  Yan Jin <jinyan12@huawei.com>
  YanYing Zhuang <ann.zhuangyanying@huawei.com>
  Yi Li <yili@winhong.com>
  Yi Wang <wang.yi59@zte.com.cn>
  Yifei Jiang <jiangyifei@huawei.com>
  Ying Fang <fangying1@huawei.com>
  Yipeng Yin <yinyipeng1@huawei.com>
  Yonggang Luo <luoyonggang@gmail.com>
  zhaolichang <zhaolichang@huawei.com>
  zhenwei pi <pizhenwei@bytedance.com>
  Zhenyu Ye <yezhenyu2@huawei.com>
  Zong Li <zong.li@sifive.com>

jobs:
 build-amd64-xsm                                              pass    
 build-arm64-xsm                                              pass    
 build-i386-xsm                                               pass    
 build-amd64                                                  pass    
 build-arm64                                                  pass    
 build-armhf                                                  pass    
 build-i386                                                   pass    
 build-amd64-libvirt                                          pass    
 build-arm64-libvirt                                          pass    
 build-armhf-libvirt                                          pass    
 build-i386-libvirt                                           pass    
 build-amd64-pvops                                            pass    
 build-arm64-pvops                                            pass    
 build-armhf-pvops                                            pass    
 build-i386-pvops                                             pass    
 test-amd64-amd64-xl                                          pass    
 test-amd64-coresched-amd64-xl                                pass    
 test-arm64-arm64-xl                                          pass    
 test-armhf-armhf-xl                                          pass    
 test-amd64-i386-xl                                           pass    
 test-amd64-coresched-i386-xl                                 pass    
 test-amd64-amd64-libvirt-qemuu-debianhvm-amd64-xsm           fail    
 test-amd64-i386-libvirt-qemuu-debianhvm-amd64-xsm            fail    
 test-amd64-amd64-xl-qemuu-debianhvm-i386-xsm                 fail    
 test-amd64-i386-xl-qemuu-debianhvm-i386-xsm                  fail    
 test-amd64-amd64-libvirt-xsm                                 pass    
 test-arm64-arm64-libvirt-xsm                                 fail    
 test-amd64-i386-libvirt-xsm                                  pass    
 test-amd64-amd64-xl-xsm                                      pass    
 test-arm64-arm64-xl-xsm                                      pass    
 test-amd64-i386-xl-xsm                                       pass    
 test-amd64-amd64-qemuu-nested-amd                            fail    
 test-amd64-amd64-xl-pvhv2-amd                                pass    
 test-amd64-i386-qemuu-rhel6hvm-amd                           fail    
 test-amd64-amd64-dom0pvh-xl-amd                              pass    
 test-amd64-amd64-xl-qemuu-debianhvm-amd64                    fail    
 test-amd64-i386-xl-qemuu-debianhvm-amd64                     fail    
 test-amd64-i386-freebsd10-amd64                              fail    
 test-amd64-amd64-qemuu-freebsd11-amd64                       fail    
 test-amd64-amd64-qemuu-freebsd12-amd64                       fail    
 test-amd64-amd64-xl-qemuu-ovmf-amd64                         fail    
 test-amd64-i386-xl-qemuu-ovmf-amd64                          fail    
 test-amd64-amd64-xl-qemuu-win7-amd64                         fail    
 test-amd64-i386-xl-qemuu-win7-amd64                          fail    
 test-amd64-amd64-xl-qemuu-ws16-amd64                         fail    
 test-amd64-i386-xl-qemuu-ws16-amd64                          fail    
 test-armhf-armhf-xl-arndale                                  pass    
 test-amd64-amd64-xl-credit1                                  pass    
 test-arm64-arm64-xl-credit1                                  pass    
 test-armhf-armhf-xl-credit1                                  pass    
 test-amd64-amd64-xl-credit2                                  pass    
 test-arm64-arm64-xl-credit2                                  pass    
 test-armhf-armhf-xl-credit2                                  pass    
 test-armhf-armhf-xl-cubietruck                               pass    
 test-amd64-amd64-xl-qemuu-dmrestrict-amd64-dmrestrict        fail    
 test-amd64-i386-xl-qemuu-dmrestrict-amd64-dmrestrict         fail    
 test-amd64-i386-freebsd10-i386                               fail    
 test-amd64-amd64-qemuu-nested-intel                          fail    
 test-amd64-amd64-xl-pvhv2-intel                              pass    
 test-amd64-i386-qemuu-rhel6hvm-intel                         fail    
 test-amd64-amd64-dom0pvh-xl-intel                            pass    
 test-amd64-amd64-libvirt                                     pass    
 test-armhf-armhf-libvirt                                     fail    
 test-amd64-i386-libvirt                                      pass    
 test-amd64-amd64-xl-multivcpu                                pass    
 test-armhf-armhf-xl-multivcpu                                pass    
 test-amd64-amd64-pair                                        pass    
 test-amd64-i386-pair                                         pass    
 test-amd64-amd64-libvirt-pair                                pass    
 test-amd64-i386-libvirt-pair                                 pass    
 test-amd64-amd64-amd64-pvgrub                                pass    
 test-amd64-amd64-i386-pvgrub                                 pass    
 test-amd64-amd64-xl-pvshim                                   pass    
 test-amd64-i386-xl-pvshim                                    fail    
 test-amd64-amd64-pygrub                                      pass    
 test-amd64-amd64-xl-qcow2                                    fail    
 test-armhf-armhf-libvirt-raw                                 fail    
 test-amd64-i386-xl-raw                                       pass    
 test-amd64-amd64-xl-rtds                                     pass    
 test-armhf-armhf-xl-rtds                                     pass    
 test-arm64-arm64-xl-seattle                                  pass    
 test-amd64-amd64-xl-qemuu-debianhvm-amd64-shadow             fail    
 test-amd64-i386-xl-qemuu-debianhvm-amd64-shadow              fail    
 test-amd64-amd64-xl-shadow                                   pass    
 test-amd64-i386-xl-shadow                                    pass    
 test-arm64-arm64-xl-thunderx                                 pass    
 test-amd64-amd64-libvirt-vhd                                 fail    
 test-armhf-armhf-xl-vhd                                      fail    


------------------------------------------------------------
sg-report-flight on osstest.test-lab.xenproject.org
logs: /home/logs/logs
images: /home/logs/images

Logs, config files, etc. are available at
    http://logs.test-lab.xenproject.org/osstest/logs

Explanation of these reports, and of osstest in general, is at
    http://xenbits.xen.org/gitweb/?p=osstest.git;a=blob;f=README.email;hb=master
    http://xenbits.xen.org/gitweb/?p=osstest.git;a=blob;f=README;hb=master

Test harness code can be found at
    http://xenbits.xen.org/gitweb?p=osstest.git;a=summary


Not pushing.

(No revision log; it would be 45639 lines long.)


^ permalink raw reply	[flat|nested] only message in thread

only message in thread, back to index

Thread overview: (only message) (download: mbox.gz / follow: Atom feed)
-- links below jump to the message on this page --
2020-10-16  6:14 [qemu-mainline test] 155877: regressions - FAIL osstest service owner

Xen-Devel Archive on lore.kernel.org

Archives are clonable:
	git clone --mirror https://lore.kernel.org/xen-devel/0 xen-devel/git/0.git
	git clone --mirror https://lore.kernel.org/xen-devel/1 xen-devel/git/1.git

	# If you have public-inbox 1.1+ installed, you may
	# initialize and index your mirror using the following commands:
	public-inbox-init -V2 xen-devel xen-devel/ https://lore.kernel.org/xen-devel \
		xen-devel@lists.xenproject.org xen-devel@lists.xen.org
	public-inbox-index xen-devel

Example config snippet for mirrors

Newsgroup available over NNTP:
	nntp://nntp.lore.kernel.org/org.xenproject.lists.xen-devel


AGPL code for this site: git clone https://public-inbox.org/public-inbox.git