flight 155948 libvirt real [real] http://logs.test-lab.xenproject.org/osstest/logs/155948/ Regressions :-( Tests which did not succeed and are blocking, including tests which could not be run: build-amd64-libvirt 6 libvirt-build fail REGR. vs. 151777 build-i386-libvirt 6 libvirt-build fail REGR. vs. 151777 build-arm64-libvirt 6 libvirt-build fail REGR. vs. 151777 build-armhf-libvirt 6 libvirt-build fail REGR. vs. 151777 Tests which did not succeed, but are not blocking: test-amd64-amd64-libvirt 1 build-check(1) blocked n/a test-amd64-amd64-libvirt-pair 1 build-check(1) blocked n/a test-amd64-amd64-libvirt-qemuu-debianhvm-amd64-xsm 1 build-check(1) blocked n/a test-amd64-amd64-libvirt-vhd 1 build-check(1) blocked n/a test-amd64-amd64-libvirt-xsm 1 build-check(1) blocked n/a test-amd64-i386-libvirt 1 build-check(1) blocked n/a test-amd64-i386-libvirt-pair 1 build-check(1) blocked n/a test-amd64-i386-libvirt-qemuu-debianhvm-amd64-xsm 1 build-check(1) blocked n/a test-amd64-i386-libvirt-xsm 1 build-check(1) blocked n/a test-arm64-arm64-libvirt 1 build-check(1) blocked n/a test-arm64-arm64-libvirt-qcow2 1 build-check(1) blocked n/a test-arm64-arm64-libvirt-xsm 1 build-check(1) blocked n/a test-armhf-armhf-libvirt 1 build-check(1) blocked n/a test-armhf-armhf-libvirt-raw 1 build-check(1) blocked n/a version targeted for testing: libvirt 6a0e0dc7ba8a62035fb1693e0c91bb53214ec41f baseline version: libvirt 2c846fa6bcc11929c9fb857a22430fb9945654ad Last test of basis 151777 2020-07-10 04:19:19 Z 100 days Failing since 151818 2020-07-11 04:18:52 Z 99 days 94 attempts Testing same since 155885 2020-10-16 04:19:10 Z 2 days 3 attempts ------------------------------------------------------------ People who touched revisions under test: Andika Triwidada <andika@gmail.com> Andrea Bolognani <abologna@redhat.com> Balázs Meskó <meskobalazs@mailbox.org> Bastien Orivel <bastien.orivel@diateam.net> Bihong Yu <yubihong@huawei.com> Binfeng Wu <wubinfeng@huawei.com> Boris Fiuczynski <fiuczy@linux.ibm.com> Christian Ehrhardt <christian.ehrhardt@canonical.com> Cole Robinson <crobinso@redhat.com> Collin Walling <walling@linux.ibm.com> Cornelia Huck <cohuck@redhat.com> Côme Borsoi <fedora@borsoi.fr> Daniel Henrique Barboza <danielhb413@gmail.com> Daniel Letai <dani@letai.org.il> Daniel P. Berrange <berrange@redhat.com> Daniel P. Berrangé <berrange@redhat.com> Erik Skultety <eskultet@redhat.com> Fabian Freyer <fabian.freyer@physik.tu-berlin.de> Fangge Jin <fjin@redhat.com> Fedora Weblate Translation <i18n@lists.fedoraproject.org> Halil Pasic <pasic@linux.ibm.com> Han Han <hhan@redhat.com> Hao Wang <wanghao232@huawei.com> Ian Wienand <iwienand@redhat.com> Jamie Strandboge <jamie@canonical.com> Jamie Strandboge <jamie@ubuntu.com> Jean-Baptiste Holcroft <jean-baptiste@holcroft.fr> Jianan Gao <jgao@redhat.com> Jim Fehlig <jfehlig@suse.com> Jin Yan <jinyan12@huawei.com> Jiri Denemark <jdenemar@redhat.com> Jonathon Jongsma <jjongsma@redhat.com> Ján Tomko <jtomko@redhat.com> Kashyap Chamarthy <kchamart@redhat.com> Kevin Locke <kevin@kevinlocke.name> Laine Stump <laine@redhat.com> Liao Pingfang <liao.pingfang@zte.com.cn> Lin Ma <lma@suse.de> Lin Ma <morecache@gmail.com> Marc Hartmayer <mhartmay@linux.ibm.com> Marek Marczykowski-Górecki <marmarek@invisiblethingslab.com> Markus Schade <markus.schade@hetzner.com> Martin Kletzander <mkletzan@redhat.com> Masayoshi Mizuma <m.mizuma@jp.fujitsu.com> Matt Coleman <matt@datto.com> Matt Coleman <mcoleman@datto.com> Mauro Matteo Cascella <mcascell@redhat.com> Michal Privoznik <mprivozn@redhat.com> Michał Smyk <fedora@smyk.it> Milo Casagrande <milo@milo.name> Neal Gompa <ngompa13@gmail.com> Nico Pache <npache@redhat.com> Nikolay Shirokovskiy <nshirokovskiy@virtuozzo.com> Olesya Gerasimenko <gammaray@basealt.ru> Patrick Magauran <patmagauran.j@gmail.com> Paulo de Rezende Pinatti <ppinatti@linux.ibm.com> Pavel Hrdina <phrdina@redhat.com> Peter Krempa <pkrempa@redhat.com> Pino Toscano <ptoscano@redhat.com> Pino Toscano <toscano.pino@tiscali.it> Piotr Drąg <piotrdrag@gmail.com> Prathamesh Chavan <pc44800@gmail.com> Roman Bogorodskiy <bogorodskiy@gmail.com> Roman Bolshakov <r.bolshakov@yadro.com> Ryan Schmidt <git@ryandesign.com> Sam Hartman <hartmans@debian.org> Scott Shambarger <scott-libvirt@shambarger.net> Sebastian Mitterle <smitterl@redhat.com> Simon Gaiser <simon@invisiblethingslab.com> Stefan Bader <stefan.bader@canonical.com> Stefan Berger <stefanb@linux.ibm.com> Szymon Scholz <szymonscholz@gmail.com> Thomas Huth <thuth@redhat.com> Tim Wiederhake <twiederh@redhat.com> Tomáš Golembiovský <tgolembi@redhat.com> Wang Xin <wangxinxin.wang@huawei.com> Weblate <noreply@weblate.org> Yang Hang <yanghang44@huawei.com> Yanqiu Zhang <yanqzhan@redhat.com> Yi Li <yili@winhong.com> Yi Wang <wang.yi59@zte.com.cn> Yuri Chornoivan <yurchor@ukr.net> Zheng Chuan <zhengchuan@huawei.com> Zhenyu Zheng <zheng.zhenyu@outlook.com> jobs: build-amd64-xsm pass build-arm64-xsm pass build-i386-xsm pass build-amd64 pass build-arm64 pass build-armhf pass build-i386 pass build-amd64-libvirt fail build-arm64-libvirt fail build-armhf-libvirt fail build-i386-libvirt fail build-amd64-pvops pass build-arm64-pvops pass build-armhf-pvops pass build-i386-pvops pass test-amd64-amd64-libvirt-qemuu-debianhvm-amd64-xsm blocked test-amd64-i386-libvirt-qemuu-debianhvm-amd64-xsm blocked test-amd64-amd64-libvirt-xsm blocked test-arm64-arm64-libvirt-xsm blocked test-amd64-i386-libvirt-xsm blocked test-amd64-amd64-libvirt blocked test-arm64-arm64-libvirt blocked test-armhf-armhf-libvirt blocked test-amd64-i386-libvirt blocked test-amd64-amd64-libvirt-pair blocked test-amd64-i386-libvirt-pair blocked test-arm64-arm64-libvirt-qcow2 blocked test-armhf-armhf-libvirt-raw blocked test-amd64-amd64-libvirt-vhd blocked ------------------------------------------------------------ sg-report-flight on osstest.test-lab.xenproject.org logs: /home/logs/logs images: /home/logs/images Logs, config files, etc. are available at http://logs.test-lab.xenproject.org/osstest/logs Explanation of these reports, and of osstest in general, is at http://xenbits.xen.org/gitweb/?p=osstest.git;a=blob;f=README.email;hb=master http://xenbits.xen.org/gitweb/?p=osstest.git;a=blob;f=README;hb=master Test harness code can be found at http://xenbits.xen.org/gitweb?p=osstest.git;a=summary Not pushing. (No revision log; it would be 21456 lines long.)