Xen-Devel Archive on lore.kernel.org
 help / color / Atom feed
* [ovmf test] 155957: regressions - FAIL
@ 2020-10-18 20:20 osstest service owner
  0 siblings, 0 replies; only message in thread
From: osstest service owner @ 2020-10-18 20:20 UTC (permalink / raw)
  To: xen-devel, osstest-admin

flight 155957 ovmf real [real]
flight 155967 ovmf real-retest [real]
http://logs.test-lab.xenproject.org/osstest/logs/155957/
http://logs.test-lab.xenproject.org/osstest/logs/155967/

Regressions :-(

Tests which did not succeed and are blocking,
including tests which could not be run:
 test-amd64-i386-xl-qemuu-ovmf-amd64 18 guest-localmigrate/x10 fail REGR. vs. 155942

version targeted for testing:
 ovmf                 709b163940c55604b983400eb49dad144a2aa091
baseline version:
 ovmf                 73e3cb6c7eea4f5db81c87574dcefe1282de4772

Last test of basis   155942  2020-10-18 01:09:50 Z    0 days
Testing same since   155957  2020-10-18 11:07:14 Z    0 days    1 attempts

------------------------------------------------------------
People who touched revisions under test:
  Terry Lee <terry.lee@hpe.com>
  Zhichao Gao <zhichao.gao@intel.com>

jobs:
 build-amd64-xsm                                              pass    
 build-i386-xsm                                               pass    
 build-amd64                                                  pass    
 build-i386                                                   pass    
 build-amd64-libvirt                                          pass    
 build-i386-libvirt                                           pass    
 build-amd64-pvops                                            pass    
 build-i386-pvops                                             pass    
 test-amd64-amd64-xl-qemuu-ovmf-amd64                         pass    
 test-amd64-i386-xl-qemuu-ovmf-amd64                          fail    


------------------------------------------------------------
sg-report-flight on osstest.test-lab.xenproject.org
logs: /home/logs/logs
images: /home/logs/images

Logs, config files, etc. are available at
    http://logs.test-lab.xenproject.org/osstest/logs

Explanation of these reports, and of osstest in general, is at
    http://xenbits.xen.org/gitweb/?p=osstest.git;a=blob;f=README.email;hb=master
    http://xenbits.xen.org/gitweb/?p=osstest.git;a=blob;f=README;hb=master

Test harness code can be found at
    http://xenbits.xen.org/gitweb?p=osstest.git;a=summary


Not pushing.

------------------------------------------------------------
commit 709b163940c55604b983400eb49dad144a2aa091
Author: Terry Lee <terry.lee@hpe.com>
Date:   Thu Jul 9 10:46:47 2020 +0800

    SecurityPkg/Tcg2PhysicalPresenceLib: Fix incorrect TCG VER comparision
    
    REF: https://bugzilla.tianocore.org/show_bug.cgi?id=2697
    
    Tcg2PhysicalPresenceLibConstructor set the module variable
    mIsTcg2PPVerLowerThan_1_3 with incorrect TCG version comparision.
    
    Cc: Jiewen Yao <jiewen.yao@intel.com>
    Cc: Jian J Wang <jian.j.wang@intel.com>
    Cc: Chao Zhang <chao.b.zhang@intel.com>
    Signed-off-by: Zhichao Gao <zhichao.gao@intel.com>
    Reviewed-by: Jiewen Yao <jiewen.yao@intel.com>


^ permalink raw reply	[flat|nested] only message in thread

only message in thread, back to index

Thread overview: (only message) (download: mbox.gz / follow: Atom feed)
-- links below jump to the message on this page --
2020-10-18 20:20 [ovmf test] 155957: regressions - FAIL osstest service owner

Xen-Devel Archive on lore.kernel.org

Archives are clonable:
	git clone --mirror https://lore.kernel.org/xen-devel/0 xen-devel/git/0.git
	git clone --mirror https://lore.kernel.org/xen-devel/1 xen-devel/git/1.git

	# If you have public-inbox 1.1+ installed, you may
	# initialize and index your mirror using the following commands:
	public-inbox-init -V2 xen-devel xen-devel/ https://lore.kernel.org/xen-devel \
		xen-devel@lists.xenproject.org xen-devel@lists.xen.org
	public-inbox-index xen-devel

Example config snippet for mirrors

Newsgroup available over NNTP:
	nntp://nntp.lore.kernel.org/org.xenproject.lists.xen-devel


AGPL code for this site: git clone https://public-inbox.org/public-inbox.git