* [linux-5.4 test] 157638: regressions - FAIL
@ 2020-12-18 9:32 osstest service owner
0 siblings, 0 replies; only message in thread
From: osstest service owner @ 2020-12-18 9:32 UTC (permalink / raw)
To: xen-devel, osstest-admin
flight 157638 linux-5.4 real [real]
http://logs.test-lab.xenproject.org/osstest/logs/157638/
Regressions :-(
Tests which did not succeed and are blocking,
including tests which could not be run:
test-amd64-i386-xl-qemuu-ovmf-amd64 12 debian-hvm-install fail REGR. vs. 157431
Tests which are failing intermittently (not blocking):
test-amd64-i386-libvirt-xsm 20 guest-start/debian.repeat fail pass in 157603
test-armhf-armhf-xl-rtds 18 guest-start/debian.repeat fail pass in 157603
Tests which did not succeed, but are not blocking:
test-amd64-amd64-xl-qemuu-win7-amd64 19 guest-stop fail like 157431
test-amd64-amd64-xl-qemut-win7-amd64 19 guest-stop fail like 157431
test-amd64-i386-xl-qemut-win7-amd64 19 guest-stop fail like 157431
test-amd64-amd64-qemuu-nested-amd 20 debian-hvm-install/l1/l2 fail like 157431
test-armhf-armhf-libvirt 16 saverestore-support-check fail like 157431
test-amd64-amd64-xl-qemuu-ws16-amd64 19 guest-stop fail like 157431
test-amd64-amd64-xl-qemut-ws16-amd64 19 guest-stop fail like 157431
test-amd64-i386-xl-qemuu-win7-amd64 19 guest-stop fail like 157431
test-amd64-i386-xl-qemut-ws16-amd64 19 guest-stop fail like 157431
test-armhf-armhf-libvirt-raw 15 saverestore-support-check fail like 157431
test-amd64-i386-xl-qemuu-ws16-amd64 19 guest-stop fail like 157431
test-amd64-amd64-libvirt-qemuu-debianhvm-amd64-xsm 13 migrate-support-check fail never pass
test-amd64-i386-xl-pvshim 14 guest-start fail never pass
test-amd64-i386-libvirt 15 migrate-support-check fail never pass
test-arm64-arm64-xl-seattle 15 migrate-support-check fail never pass
test-arm64-arm64-xl-seattle 16 saverestore-support-check fail never pass
test-amd64-amd64-libvirt 15 migrate-support-check fail never pass
test-amd64-amd64-libvirt-xsm 15 migrate-support-check fail never pass
test-amd64-i386-libvirt-xsm 15 migrate-support-check fail never pass
test-arm64-arm64-xl-xsm 15 migrate-support-check fail never pass
test-arm64-arm64-xl-xsm 16 saverestore-support-check fail never pass
test-arm64-arm64-xl 15 migrate-support-check fail never pass
test-arm64-arm64-xl 16 saverestore-support-check fail never pass
test-arm64-arm64-xl-credit1 15 migrate-support-check fail never pass
test-arm64-arm64-xl-credit1 16 saverestore-support-check fail never pass
test-arm64-arm64-libvirt-xsm 15 migrate-support-check fail never pass
test-arm64-arm64-libvirt-xsm 16 saverestore-support-check fail never pass
test-arm64-arm64-xl-thunderx 15 migrate-support-check fail never pass
test-arm64-arm64-xl-thunderx 16 saverestore-support-check fail never pass
test-arm64-arm64-xl-credit2 15 migrate-support-check fail never pass
test-arm64-arm64-xl-credit2 16 saverestore-support-check fail never pass
test-armhf-armhf-xl-arndale 15 migrate-support-check fail never pass
test-armhf-armhf-xl-arndale 16 saverestore-support-check fail never pass
test-amd64-i386-libvirt-qemuu-debianhvm-amd64-xsm 13 migrate-support-check fail never pass
test-amd64-amd64-libvirt-vhd 14 migrate-support-check fail never pass
test-armhf-armhf-xl 15 migrate-support-check fail never pass
test-armhf-armhf-xl 16 saverestore-support-check fail never pass
test-armhf-armhf-xl-credit2 15 migrate-support-check fail never pass
test-armhf-armhf-xl-credit2 16 saverestore-support-check fail never pass
test-armhf-armhf-xl-multivcpu 15 migrate-support-check fail never pass
test-armhf-armhf-xl-multivcpu 16 saverestore-support-check fail never pass
test-armhf-armhf-xl-cubietruck 15 migrate-support-check fail never pass
test-armhf-armhf-xl-cubietruck 16 saverestore-support-check fail never pass
test-armhf-armhf-xl-credit1 15 migrate-support-check fail never pass
test-armhf-armhf-libvirt 15 migrate-support-check fail never pass
test-armhf-armhf-xl-credit1 16 saverestore-support-check fail never pass
test-armhf-armhf-xl-rtds 15 migrate-support-check fail never pass
test-armhf-armhf-xl-rtds 16 saverestore-support-check fail never pass
test-armhf-armhf-libvirt-raw 14 migrate-support-check fail never pass
test-armhf-armhf-xl-vhd 14 migrate-support-check fail never pass
test-armhf-armhf-xl-vhd 15 saverestore-support-check fail never pass
version targeted for testing:
linux 8a866bdbbac227a99b0b37e03679908642f58aec
baseline version:
linux 2bff021f53b211386abad8cd661e6bb38d0fd524
Last test of basis 157431 2020-12-11 12:40:36 Z 6 days
Testing same since 157603 2020-12-16 10:11:52 Z 1 days 2 attempts
------------------------------------------------------------
People who touched revisions under test:
Andrew Morton <akpm@linux-foundation.org>
Andy Lutomirski <luto@kernel.org>
Arnd Bergmann <arnd@arndb.de>
Arvind Sankar <nivedita@alum.mit.edu>
Bean Huo <beanhuo@micron.com>
Borislav Petkov <bp@suse.de>
Can Guo <cang@codeaurora.org>
Chris Chiu <chiu@endlessos.org>
Coiby Xu <coiby.xu@gmail.com>
Dan Carpenter <dan.carpenter@oracle.com>
Dmitry Torokhov <dmitry.torokhov@gmail.com>
Fangrui Song <maskray@google.com>
Florian Fainelli <f.fainelli@gmail.com>
Georgi Djakov <georgi.djakov@linaro.org>
Greg Kroah-Hartman <gregkh@linuxfoundation.org>
Hans de Goede <hdegoede@redhat.com>
Hao Si <si.hao@zte.com.cn>
Heiko Stuebner <heiko@sntech.de>
Jakub Kicinski <kuba@kernel.org>
Johannes Berg <johannes.berg@intel.com>
Jon Hunter <jonathanh@nvidia.com>
Kalle Valo <kvalo@codeaurora.org>
Li Yang <leoyang.li@nxp.com>
Libo Chen <libo.chen@oracle.com>
Lijun Pan <ljp@linux.ibm.com>
Lin Chen <chen.lin5@zte.com.cn>
Linus Torvalds <torvalds@linux-foundation.org>
Linus Walleij <linus.walleij@linaro.org>
Linux Kernel Functional Testing <lkft@linaro.org>
Luca Coelho <luciano.coelho@intel.com>
Manasi Navare <manasi.d.navare@intel.com>
Marc Kleine-Budde <mkl@pengutronix.de>
Marc Zyngier <maz@kernel.org>
Mark Brown <broonie@kernel.org>
Markus Reichl <m.reichl@fivetechno.de>
Martin K. Petersen <martin.petersen@oracle.com>
Masahiro Yamada <masahiroy@kernel.org>
Max Verevkin <me@maxverevkin.tk>
Michael Ellerman <mpe@ellerman.id.au>
Miles Chen <miles.chen@mediatek.com>
Minchan Kim <minchan@kernel.org>
Mordechay Goodstein <mordechay.goodstein@intel.com>
Nathan Chancellor <natechancellor@gmail.com>
Nick Desaulniers <ndesaulniers@google.com>
Pankaj Sharma <pankj.sharma@samsung.com>
Ran Wang <ran.wang_1@nxp.com>
Randy Dunlap <rdunlap@infradead.org>
Rodrigo Vivi <rodrigo.vivi@intel.com>
Sara Sharon <sara.sharon@intel.com>
Sasha Levin <sashal@kernel.org>
Scott Wood <oss@buserror.net>
Shuah Khan <skhan@linuxfoundation.org>
Shung-Hsi Yu <shung-hsi.yu@suse.com>
Steven Rostedt (VMware) <rostedt@goodmis.org>
Thierry Reding <treding@nvidia.com>
Thomas Gleixner <tglx@linutronix.de>
Timo Witte <timo.witte@gmail.com>
Tom Lendacky <thomas.lendacky@amd.com>
Ulf Hansson <ulf.hansson@linaro.org>
Vineet Gupta <vgupta@synopsys.com>
Xu Qiang <xuqiang36@huawei.com>
Yi Wang <wang.yi59@zte.com.cn>
Zhan Liu <zliua@micron.com>
Zhen Lei <thunder.leizhen@huawei.com>
jobs:
build-amd64-xsm pass
build-arm64-xsm pass
build-i386-xsm pass
build-amd64 pass
build-arm64 pass
build-armhf pass
build-i386 pass
build-amd64-libvirt pass
build-arm64-libvirt pass
build-armhf-libvirt pass
build-i386-libvirt pass
build-amd64-pvops pass
build-arm64-pvops pass
build-armhf-pvops pass
build-i386-pvops pass
test-amd64-amd64-xl pass
test-amd64-coresched-amd64-xl pass
test-arm64-arm64-xl pass
test-armhf-armhf-xl pass
test-amd64-i386-xl pass
test-amd64-coresched-i386-xl pass
test-amd64-amd64-libvirt-qemuu-debianhvm-amd64-xsm pass
test-amd64-i386-libvirt-qemuu-debianhvm-amd64-xsm pass
test-amd64-amd64-xl-qemut-stubdom-debianhvm-amd64-xsm pass
test-amd64-i386-xl-qemut-stubdom-debianhvm-amd64-xsm pass
test-amd64-amd64-xl-qemut-debianhvm-i386-xsm pass
test-amd64-i386-xl-qemut-debianhvm-i386-xsm pass
test-amd64-amd64-xl-qemuu-debianhvm-i386-xsm pass
test-amd64-i386-xl-qemuu-debianhvm-i386-xsm pass
test-amd64-amd64-libvirt-xsm pass
test-arm64-arm64-libvirt-xsm pass
test-amd64-i386-libvirt-xsm fail
test-amd64-amd64-xl-xsm pass
test-arm64-arm64-xl-xsm pass
test-amd64-i386-xl-xsm pass
test-amd64-amd64-qemuu-nested-amd fail
test-amd64-amd64-xl-pvhv2-amd pass
test-amd64-i386-qemut-rhel6hvm-amd pass
test-amd64-i386-qemuu-rhel6hvm-amd pass
test-amd64-amd64-dom0pvh-xl-amd pass
test-amd64-amd64-xl-qemut-debianhvm-amd64 pass
test-amd64-i386-xl-qemut-debianhvm-amd64 pass
test-amd64-amd64-xl-qemuu-debianhvm-amd64 pass
test-amd64-i386-xl-qemuu-debianhvm-amd64 pass
test-amd64-i386-freebsd10-amd64 pass
test-amd64-amd64-qemuu-freebsd11-amd64 pass
test-amd64-amd64-qemuu-freebsd12-amd64 pass
test-amd64-amd64-xl-qemuu-ovmf-amd64 pass
test-amd64-i386-xl-qemuu-ovmf-amd64 fail
test-amd64-amd64-xl-qemut-win7-amd64 fail
test-amd64-i386-xl-qemut-win7-amd64 fail
test-amd64-amd64-xl-qemuu-win7-amd64 fail
test-amd64-i386-xl-qemuu-win7-amd64 fail
test-amd64-amd64-xl-qemut-ws16-amd64 fail
test-amd64-i386-xl-qemut-ws16-amd64 fail
test-amd64-amd64-xl-qemuu-ws16-amd64 fail
test-amd64-i386-xl-qemuu-ws16-amd64 fail
test-armhf-armhf-xl-arndale pass
test-amd64-amd64-xl-credit1 pass
test-arm64-arm64-xl-credit1 pass
test-armhf-armhf-xl-credit1 pass
test-amd64-amd64-xl-credit2 pass
test-arm64-arm64-xl-credit2 pass
test-armhf-armhf-xl-credit2 pass
test-armhf-armhf-xl-cubietruck pass
test-amd64-amd64-xl-qemuu-dmrestrict-amd64-dmrestrict pass
test-amd64-i386-xl-qemuu-dmrestrict-amd64-dmrestrict pass
test-amd64-amd64-examine pass
test-arm64-arm64-examine pass
test-armhf-armhf-examine pass
test-amd64-i386-examine pass
test-amd64-i386-freebsd10-i386 pass
test-amd64-amd64-qemuu-nested-intel pass
test-amd64-amd64-xl-pvhv2-intel pass
test-amd64-i386-qemut-rhel6hvm-intel pass
test-amd64-i386-qemuu-rhel6hvm-intel pass
test-amd64-amd64-dom0pvh-xl-intel pass
test-amd64-amd64-libvirt pass
test-armhf-armhf-libvirt pass
test-amd64-i386-libvirt pass
test-amd64-amd64-xl-multivcpu pass
test-armhf-armhf-xl-multivcpu pass
test-amd64-amd64-pair pass
test-amd64-i386-pair pass
test-amd64-amd64-libvirt-pair pass
test-amd64-i386-libvirt-pair pass
test-amd64-amd64-amd64-pvgrub pass
test-amd64-amd64-i386-pvgrub pass
test-amd64-amd64-xl-pvshim pass
test-amd64-i386-xl-pvshim fail
test-amd64-amd64-pygrub pass
test-amd64-amd64-xl-qcow2 pass
test-armhf-armhf-libvirt-raw pass
test-amd64-i386-xl-raw pass
test-amd64-amd64-xl-rtds pass
test-armhf-armhf-xl-rtds fail
test-arm64-arm64-xl-seattle pass
test-amd64-amd64-xl-qemuu-debianhvm-amd64-shadow pass
test-amd64-i386-xl-qemuu-debianhvm-amd64-shadow pass
test-amd64-amd64-xl-shadow pass
test-amd64-i386-xl-shadow pass
test-arm64-arm64-xl-thunderx pass
test-amd64-amd64-libvirt-vhd pass
test-armhf-armhf-xl-vhd pass
------------------------------------------------------------
sg-report-flight on osstest.test-lab.xenproject.org
logs: /home/logs/logs
images: /home/logs/images
Logs, config files, etc. are available at
http://logs.test-lab.xenproject.org/osstest/logs
Explanation of these reports, and of osstest in general, is at
http://xenbits.xen.org/gitweb/?p=osstest.git;a=blob;f=README.email;hb=master
http://xenbits.xen.org/gitweb/?p=osstest.git;a=blob;f=README;hb=master
Test harness code can be found at
http://xenbits.xen.org/gitweb?p=osstest.git;a=summary
Not pushing.
(No revision log; it would be 1160 lines long.)
^ permalink raw reply [flat|nested] only message in thread
only message in thread, other threads:[~2020-12-18 9:32 UTC | newest]
Thread overview: (only message) (download: mbox.gz / follow: Atom feed)
-- links below jump to the message on this page --
2020-12-18 9:32 [linux-5.4 test] 157638: regressions - FAIL osstest service owner
This is a public inbox, see mirroring instructions
for how to clone and mirror all data and code used for this inbox;
as well as URLs for NNTP newsgroup(s).