From mboxrd@z Thu Jan 1 00:00:00 1970 Return-Path: X-Spam-Checker-Version: SpamAssassin 3.4.0 (2014-02-07) on aws-us-west-2-korg-lkml-1.web.codeaurora.org X-Spam-Level: X-Spam-Status: No, score=-5.8 required=3.0 tests=BAYES_00,DKIM_SIGNED, DKIM_VALID,DKIM_VALID_AU,HEADER_FROM_DIFFERENT_DOMAINS,MAILING_LIST_MULTI, SPF_HELO_NONE,SPF_PASS,URIBL_BLOCKED autolearn=no autolearn_force=no version=3.4.0 Received: from mail.kernel.org (mail.kernel.org [198.145.29.99]) by smtp.lore.kernel.org (Postfix) with ESMTP id 928F9C433DB for ; Fri, 19 Feb 2021 20:15:01 +0000 (UTC) Received: from lists.xenproject.org (lists.xenproject.org [192.237.175.120]) (using TLSv1.2 with cipher ECDHE-RSA-AES256-GCM-SHA384 (256/256 bits)) (No client certificate requested) by mail.kernel.org (Postfix) with ESMTPS id 3823264EB8 for ; Fri, 19 Feb 2021 20:15:01 +0000 (UTC) DMARC-Filter: OpenDMARC Filter v1.3.2 mail.kernel.org 3823264EB8 Authentication-Results: mail.kernel.org; dmarc=pass (p=none dis=none) header.from=xenproject.org Authentication-Results: mail.kernel.org; spf=pass smtp.mailfrom=xen-devel-bounces@lists.xenproject.org Received: from list by lists.xenproject.org with outflank-mailman.87076.164126 (Exim 4.92) (envelope-from ) id 1lDCAa-0000gz-Qt; Fri, 19 Feb 2021 20:14:32 +0000 X-Outflank-Mailman: Message body and most headers restored to incoming version Received: by outflank-mailman (output) from mailman id 87076.164126; Fri, 19 Feb 2021 20:14:32 +0000 Received: from localhost ([127.0.0.1] helo=lists.xenproject.org) by lists.xenproject.org with esmtp (Exim 4.92) (envelope-from ) id 1lDCAa-0000gs-Ml; Fri, 19 Feb 2021 20:14:32 +0000 Received: by outflank-mailman (input) for mailman id 87076; Fri, 19 Feb 2021 20:14:31 +0000 Received: from mail.xenproject.org ([104.130.215.37]) by lists.xenproject.org with esmtp (Exim 4.92) (envelope-from ) id 1lDCAZ-0000gk-Bx; Fri, 19 Feb 2021 20:14:31 +0000 Received: from host146.205.237.98.conversent.net ([205.237.98.146] helo=infra.test-lab.xenproject.org) by mail.xenproject.org with esmtp (Exim 4.92) (envelope-from ) id 1lDCAZ-0008RX-6p; Fri, 19 Feb 2021 20:14:31 +0000 Received: from [172.16.148.1] (helo=osstest.test-lab.xenproject.org) by infra.test-lab.xenproject.org with esmtp (Exim 4.92) (envelope-from ) id 1lDCAY-00035j-Rz; Fri, 19 Feb 2021 20:14:30 +0000 Received: from osstest by osstest.test-lab.xenproject.org with local (Exim 4.92) (envelope-from ) id 1lDCAY-000481-RX; Fri, 19 Feb 2021 20:14:30 +0000 X-BeenThere: xen-devel@lists.xenproject.org List-Id: Xen developer discussion List-Unsubscribe: , List-Post: List-Help: List-Subscribe: , Errors-To: xen-devel-bounces@lists.xenproject.org Precedence: list Sender: "Xen-devel" DKIM-Signature: v=1; a=rsa-sha256; q=dns/txt; c=relaxed/relaxed; d=xenproject.org; s=20200302mail; h=Date:From:Subject:MIME-Version: Content-Transfer-Encoding:Content-Type:Message-ID:To; bh=yDbMkQK+TLxkZUrbsmW6xbXaojFKoKd4ajUynXnpABQ=; b=3cmNqh5krRUV+68mfTujxkv7Cs tCapqpc+C1gHSZEr8es2IXk0HRED8yinEg7tF5OzSwBzEudsr0KlsjfBRVUuzR2dLRCoJCL6t/G1t AozfD2BUqZ2mbiDfoSMMLfXlA6MJY+NQujQEReDaySIN3d0wpR8/Qx0knqBUQpAbYtyM=; To: xen-devel@lists.xenproject.org, osstest-admin@xenproject.org Message-ID: Content-Type: text/plain; charset="UTF-8" Content-Transfer-Encoding: 8bit MIME-Version: 1.0 Subject: [xen-unstable-smoke test] 159481: tolerable all pass - PUSHED X-Osstest-Failures: xen-unstable-smoke:test-amd64-amd64-libvirt:migrate-support-check:fail:nonblocking xen-unstable-smoke:test-arm64-arm64-xl-xsm:migrate-support-check:fail:nonblocking xen-unstable-smoke:test-arm64-arm64-xl-xsm:saverestore-support-check:fail:nonblocking xen-unstable-smoke:test-armhf-armhf-xl:migrate-support-check:fail:nonblocking xen-unstable-smoke:test-armhf-armhf-xl:saverestore-support-check:fail:nonblocking X-Osstest-Versions-This: xen=87a067fd8f4d4f7c6be02c3d38145115ac542017 X-Osstest-Versions-That: xen=6794cdd08ea8b3512c53b8f162cb3f88fef54d0d From: osstest service owner Date: Fri, 19 Feb 2021 20:14:30 +0000 flight 159481 xen-unstable-smoke real [real] http://logs.test-lab.xenproject.org/osstest/logs/159481/ Failures :-/ but no regressions. Tests which did not succeed, but are not blocking: test-amd64-amd64-libvirt 15 migrate-support-check fail never pass test-arm64-arm64-xl-xsm 15 migrate-support-check fail never pass test-arm64-arm64-xl-xsm 16 saverestore-support-check fail never pass test-armhf-armhf-xl 15 migrate-support-check fail never pass test-armhf-armhf-xl 16 saverestore-support-check fail never pass version targeted for testing: xen 87a067fd8f4d4f7c6be02c3d38145115ac542017 baseline version: xen 6794cdd08ea8b3512c53b8f162cb3f88fef54d0d Last test of basis 159480 2021-02-19 15:01:24 Z 0 days Testing same since 159481 2021-02-19 18:02:31 Z 0 days 1 attempts ------------------------------------------------------------ People who touched revisions under test: Andrew Cooper Ian Jackson Jan Beulich Juergen Gross Marek Marczykowski-Górecki Norbert Manthey Roger Pau Monné Wei Liu jobs: build-arm64-xsm pass build-amd64 pass build-armhf pass build-amd64-libvirt pass test-armhf-armhf-xl pass test-arm64-arm64-xl-xsm pass test-amd64-amd64-xl-qemuu-debianhvm-amd64 pass test-amd64-amd64-libvirt pass ------------------------------------------------------------ sg-report-flight on osstest.test-lab.xenproject.org logs: /home/logs/logs images: /home/logs/images Logs, config files, etc. are available at http://logs.test-lab.xenproject.org/osstest/logs Explanation of these reports, and of osstest in general, is at http://xenbits.xen.org/gitweb/?p=osstest.git;a=blob;f=README.email;hb=master http://xenbits.xen.org/gitweb/?p=osstest.git;a=blob;f=README;hb=master Test harness code can be found at http://xenbits.xen.org/gitweb?p=osstest.git;a=summary Pushing revision : To xenbits.xen.org:/home/xen/git/xen.git 6794cdd08e..87a067fd8f 87a067fd8f4d4f7c6be02c3d38145115ac542017 -> smoke