* [linux-linus test] 160676: regressions - trouble: blocked/broken/fail/pass
@ 2021-04-03 8:03 osstest service owner
0 siblings, 0 replies; only message in thread
From: osstest service owner @ 2021-04-03 8:03 UTC (permalink / raw)
To: xen-devel, osstest-admin
flight 160676 linux-linus real [real]
http://logs.test-lab.xenproject.org/osstest/logs/160676/
Regressions :-(
Tests which did not succeed and are blocking,
including tests which could not be run:
build-armhf <job status> broken
build-armhf 4 host-install(4) broken REGR. vs. 152332
test-armhf-armhf-xl-rtds <job status> broken in 160658
test-armhf-armhf-xl-arndale <job status> broken in 160658
test-armhf-armhf-xl-multivcpu <job status> broken in 160658
test-armhf-armhf-libvirt <job status> broken in 160658
test-armhf-armhf-xl-credit2 <job status> broken in 160658
test-armhf-armhf-xl <job status> broken in 160658
test-armhf-armhf-xl-credit1 <job status> broken in 160658
test-armhf-armhf-xl-vhd <job status> broken in 160658
test-armhf-armhf-libvirt-raw <job status> broken in 160658
test-armhf-armhf-examine 5 host-install broken in 160658 REGR. vs. 152332
test-amd64-i386-xl-xsm 7 xen-install fail REGR. vs. 152332
test-amd64-i386-xl-qemuu-debianhvm-amd64-shadow 7 xen-install fail REGR. vs. 152332
test-amd64-i386-xl-qemut-debianhvm-amd64 7 xen-install fail REGR. vs. 152332
test-amd64-i386-xl-qemuu-ws16-amd64 7 xen-install fail REGR. vs. 152332
test-amd64-i386-xl-qemuu-dmrestrict-amd64-dmrestrict 7 xen-install fail REGR. vs. 152332
test-amd64-i386-qemut-rhel6hvm-intel 7 xen-install fail REGR. vs. 152332
test-amd64-i386-qemuu-rhel6hvm-intel 7 xen-install fail REGR. vs. 152332
test-amd64-i386-examine 6 xen-install fail REGR. vs. 152332
test-amd64-i386-libvirt 7 xen-install fail REGR. vs. 152332
test-amd64-i386-xl-qemuu-debianhvm-i386-xsm 7 xen-install fail REGR. vs. 152332
test-amd64-i386-xl-qemuu-debianhvm-amd64 7 xen-install fail REGR. vs. 152332
test-amd64-i386-xl-qemut-ws16-amd64 7 xen-install fail REGR. vs. 152332
test-amd64-i386-xl 7 xen-install fail REGR. vs. 152332
test-amd64-coresched-i386-xl 7 xen-install fail REGR. vs. 152332
test-amd64-i386-pair 10 xen-install/src_host fail REGR. vs. 152332
test-amd64-i386-libvirt-qemuu-debianhvm-amd64-xsm 7 xen-install fail REGR. vs. 152332
test-amd64-i386-libvirt-xsm 7 xen-install fail REGR. vs. 152332
test-amd64-i386-qemuu-rhel6hvm-amd 7 xen-install fail REGR. vs. 152332
test-amd64-i386-pair 11 xen-install/dst_host fail REGR. vs. 152332
test-amd64-i386-qemut-rhel6hvm-amd 7 xen-install fail REGR. vs. 152332
test-amd64-i386-freebsd10-amd64 7 xen-install fail REGR. vs. 152332
test-amd64-i386-xl-pvshim 7 xen-install fail REGR. vs. 152332
test-amd64-i386-freebsd10-i386 7 xen-install fail REGR. vs. 152332
test-amd64-i386-xl-raw 7 xen-install fail REGR. vs. 152332
test-amd64-i386-xl-shadow 7 xen-install fail REGR. vs. 152332
test-amd64-i386-xl-qemut-debianhvm-i386-xsm 7 xen-install fail REGR. vs. 152332
test-amd64-i386-xl-qemut-win7-amd64 7 xen-install fail REGR. vs. 152332
test-amd64-i386-xl-qemuu-ovmf-amd64 7 xen-install fail REGR. vs. 152332
test-amd64-i386-xl-qemuu-win7-amd64 7 xen-install fail REGR. vs. 152332
test-amd64-i386-libvirt-pair 10 xen-install/src_host fail REGR. vs. 152332
test-amd64-i386-libvirt-pair 11 xen-install/dst_host fail REGR. vs. 152332
test-amd64-i386-xl-qemut-stubdom-debianhvm-amd64-xsm 7 xen-install fail REGR. vs. 152332
test-amd64-amd64-amd64-pvgrub 20 guest-stop fail REGR. vs. 152332
test-amd64-amd64-i386-pvgrub 20 guest-stop fail in 160658 REGR. vs. 152332
Tests which are failing intermittently (not blocking):
test-amd64-amd64-i386-pvgrub 19 guest-localmigrate/x10 fail pass in 160658
test-amd64-amd64-qemuu-freebsd11-amd64 21 guest-start/freebsd.repeat fail pass in 160658
test-amd64-amd64-libvirt-qemuu-debianhvm-amd64-xsm 18 guest-start/debianhvm.repeat fail pass in 160658
Tests which did not succeed, but are not blocking:
test-armhf-armhf-examine 1 build-check(1) blocked n/a
test-armhf-armhf-libvirt 1 build-check(1) blocked n/a
test-armhf-armhf-libvirt-raw 1 build-check(1) blocked n/a
test-armhf-armhf-xl 1 build-check(1) blocked n/a
test-armhf-armhf-xl-arndale 1 build-check(1) blocked n/a
test-armhf-armhf-xl-credit1 1 build-check(1) blocked n/a
test-armhf-armhf-xl-credit2 1 build-check(1) blocked n/a
test-armhf-armhf-xl-cubietruck 1 build-check(1) blocked n/a
test-armhf-armhf-xl-multivcpu 1 build-check(1) blocked n/a
test-armhf-armhf-xl-rtds 1 build-check(1) blocked n/a
build-armhf-libvirt 1 build-check(1) blocked n/a
test-armhf-armhf-xl-vhd 1 build-check(1) blocked n/a
test-armhf-armhf-libvirt 5 host-install(5) broken in 160658 blocked in 152332
test-armhf-armhf-libvirt-raw 5 host-install(5) broken in 160658 blocked in 152332
test-armhf-armhf-xl-rtds 5 host-install(5) broken in 160658 blocked in 152332
test-armhf-armhf-xl-credit2 5 host-install(5) broken in 160658 blocked in 152332
test-armhf-armhf-xl-vhd 5 host-install(5) broken in 160658 blocked in 152332
test-armhf-armhf-xl 5 host-install(5) broken in 160658 blocked in 152332
test-armhf-armhf-xl-arndale 5 host-install(5) broken in 160658 blocked in 152332
test-armhf-armhf-xl-multivcpu 5 host-install(5) broken in 160658 blocked in 152332
test-armhf-armhf-xl-credit1 5 host-install(5) broken in 160658 blocked in 152332
test-armhf-armhf-xl-cubietruck 15 migrate-support-check fail in 160658 never pass
test-armhf-armhf-xl-cubietruck 16 saverestore-support-check fail in 160658 never pass
test-amd64-amd64-xl-qemut-win7-amd64 19 guest-stop fail like 152332
test-amd64-amd64-qemuu-nested-amd 20 debian-hvm-install/l1/l2 fail like 152332
test-amd64-amd64-xl-qemuu-win7-amd64 19 guest-stop fail like 152332
test-amd64-amd64-xl-qemut-ws16-amd64 19 guest-stop fail like 152332
test-amd64-amd64-xl-qemuu-ws16-amd64 19 guest-stop fail like 152332
test-arm64-arm64-xl-seattle 15 migrate-support-check fail never pass
test-arm64-arm64-xl-seattle 16 saverestore-support-check fail never pass
test-amd64-amd64-libvirt-xsm 15 migrate-support-check fail never pass
test-amd64-amd64-libvirt 15 migrate-support-check fail never pass
test-arm64-arm64-xl-credit1 15 migrate-support-check fail never pass
test-arm64-arm64-xl-credit1 16 saverestore-support-check fail never pass
test-arm64-arm64-xl-xsm 15 migrate-support-check fail never pass
test-arm64-arm64-xl-xsm 16 saverestore-support-check fail never pass
test-arm64-arm64-xl-credit2 15 migrate-support-check fail never pass
test-arm64-arm64-xl-credit2 16 saverestore-support-check fail never pass
test-arm64-arm64-xl 15 migrate-support-check fail never pass
test-arm64-arm64-xl 16 saverestore-support-check fail never pass
test-arm64-arm64-libvirt-xsm 15 migrate-support-check fail never pass
test-arm64-arm64-libvirt-xsm 16 saverestore-support-check fail never pass
test-arm64-arm64-xl-thunderx 15 migrate-support-check fail never pass
test-arm64-arm64-xl-thunderx 16 saverestore-support-check fail never pass
test-amd64-amd64-libvirt-qemuu-debianhvm-amd64-xsm 13 migrate-support-check fail never pass
test-amd64-amd64-libvirt-vhd 14 migrate-support-check fail never pass
version targeted for testing:
linux 1678e493d530e7977cce34e59a86bb86f3c5631e
baseline version:
linux deacdb3e3979979016fcd0ffd518c320a62ad166
Last test of basis 152332 2020-07-31 19:41:23 Z 245 days
Failing since 152366 2020-08-01 20:49:34 Z 244 days 416 attempts
Testing same since 160658 2021-04-02 01:11:10 Z 1 days 2 attempts
------------------------------------------------------------
5283 people touched revisions under test,
not listing them all
jobs:
build-amd64-xsm pass
build-arm64-xsm pass
build-i386-xsm pass
build-amd64 pass
build-arm64 pass
build-armhf broken
build-i386 pass
build-amd64-libvirt pass
build-arm64-libvirt pass
build-armhf-libvirt blocked
build-i386-libvirt pass
build-amd64-pvops pass
build-arm64-pvops pass
build-armhf-pvops pass
build-i386-pvops pass
test-amd64-amd64-xl pass
test-amd64-coresched-amd64-xl pass
test-arm64-arm64-xl pass
test-armhf-armhf-xl blocked
test-amd64-i386-xl fail
test-amd64-coresched-i386-xl fail
test-amd64-amd64-libvirt-qemuu-debianhvm-amd64-xsm fail
test-amd64-i386-libvirt-qemuu-debianhvm-amd64-xsm fail
test-amd64-amd64-xl-qemut-stubdom-debianhvm-amd64-xsm pass
test-amd64-i386-xl-qemut-stubdom-debianhvm-amd64-xsm fail
test-amd64-amd64-xl-qemut-debianhvm-i386-xsm pass
test-amd64-i386-xl-qemut-debianhvm-i386-xsm fail
test-amd64-amd64-xl-qemuu-debianhvm-i386-xsm pass
test-amd64-i386-xl-qemuu-debianhvm-i386-xsm fail
test-amd64-amd64-libvirt-xsm pass
test-arm64-arm64-libvirt-xsm pass
test-amd64-i386-libvirt-xsm fail
test-amd64-amd64-xl-xsm pass
test-arm64-arm64-xl-xsm pass
test-amd64-i386-xl-xsm fail
test-amd64-amd64-qemuu-nested-amd fail
test-amd64-amd64-xl-pvhv2-amd pass
test-amd64-i386-qemut-rhel6hvm-amd fail
test-amd64-i386-qemuu-rhel6hvm-amd fail
test-amd64-amd64-dom0pvh-xl-amd pass
test-amd64-amd64-xl-qemut-debianhvm-amd64 pass
test-amd64-i386-xl-qemut-debianhvm-amd64 fail
test-amd64-amd64-xl-qemuu-debianhvm-amd64 pass
test-amd64-i386-xl-qemuu-debianhvm-amd64 fail
test-amd64-i386-freebsd10-amd64 fail
test-amd64-amd64-qemuu-freebsd11-amd64 fail
test-amd64-amd64-qemuu-freebsd12-amd64 pass
test-amd64-amd64-xl-qemuu-ovmf-amd64 pass
test-amd64-i386-xl-qemuu-ovmf-amd64 fail
test-amd64-amd64-xl-qemut-win7-amd64 fail
test-amd64-i386-xl-qemut-win7-amd64 fail
test-amd64-amd64-xl-qemuu-win7-amd64 fail
test-amd64-i386-xl-qemuu-win7-amd64 fail
test-amd64-amd64-xl-qemut-ws16-amd64 fail
test-amd64-i386-xl-qemut-ws16-amd64 fail
test-amd64-amd64-xl-qemuu-ws16-amd64 fail
test-amd64-i386-xl-qemuu-ws16-amd64 fail
test-armhf-armhf-xl-arndale blocked
test-amd64-amd64-xl-credit1 pass
test-arm64-arm64-xl-credit1 pass
test-armhf-armhf-xl-credit1 blocked
test-amd64-amd64-xl-credit2 pass
test-arm64-arm64-xl-credit2 pass
test-armhf-armhf-xl-credit2 blocked
test-armhf-armhf-xl-cubietruck blocked
test-amd64-amd64-xl-qemuu-dmrestrict-amd64-dmrestrict pass
test-amd64-i386-xl-qemuu-dmrestrict-amd64-dmrestrict fail
test-amd64-amd64-examine pass
test-arm64-arm64-examine pass
test-armhf-armhf-examine blocked
test-amd64-i386-examine fail
test-amd64-i386-freebsd10-i386 fail
test-amd64-amd64-qemuu-nested-intel pass
test-amd64-amd64-xl-pvhv2-intel pass
test-amd64-i386-qemut-rhel6hvm-intel fail
test-amd64-i386-qemuu-rhel6hvm-intel fail
test-amd64-amd64-dom0pvh-xl-intel pass
test-amd64-amd64-libvirt pass
test-armhf-armhf-libvirt blocked
test-amd64-i386-libvirt fail
test-amd64-amd64-xl-multivcpu pass
test-armhf-armhf-xl-multivcpu blocked
test-amd64-amd64-pair pass
test-amd64-i386-pair fail
test-amd64-amd64-libvirt-pair pass
test-amd64-i386-libvirt-pair fail
test-amd64-amd64-amd64-pvgrub fail
test-amd64-amd64-i386-pvgrub fail
test-amd64-amd64-xl-pvshim pass
test-amd64-i386-xl-pvshim fail
test-amd64-amd64-pygrub pass
test-amd64-amd64-xl-qcow2 pass
test-armhf-armhf-libvirt-raw blocked
test-amd64-i386-xl-raw fail
test-amd64-amd64-xl-rtds pass
test-armhf-armhf-xl-rtds blocked
test-arm64-arm64-xl-seattle pass
test-amd64-amd64-xl-qemuu-debianhvm-amd64-shadow pass
test-amd64-i386-xl-qemuu-debianhvm-amd64-shadow fail
test-amd64-amd64-xl-shadow pass
test-amd64-i386-xl-shadow fail
test-arm64-arm64-xl-thunderx pass
test-amd64-amd64-libvirt-vhd pass
test-armhf-armhf-xl-vhd blocked
------------------------------------------------------------
sg-report-flight on osstest.test-lab.xenproject.org
logs: /home/logs/logs
images: /home/logs/images
Logs, config files, etc. are available at
http://logs.test-lab.xenproject.org/osstest/logs
Explanation of these reports, and of osstest in general, is at
http://xenbits.xen.org/gitweb/?p=osstest.git;a=blob;f=README.email;hb=master
http://xenbits.xen.org/gitweb/?p=osstest.git;a=blob;f=README;hb=master
Test harness code can be found at
http://xenbits.xen.org/gitweb?p=osstest.git;a=summary
broken-job build-armhf broken
broken-step build-armhf host-install(4)
broken-job test-armhf-armhf-xl-rtds broken
broken-job test-armhf-armhf-xl-arndale broken
broken-job test-armhf-armhf-xl-multivcpu broken
broken-job test-armhf-armhf-libvirt broken
broken-job test-armhf-armhf-xl-credit2 broken
broken-job test-armhf-armhf-xl broken
broken-job test-armhf-armhf-xl-credit1 broken
broken-job test-armhf-armhf-xl-vhd broken
broken-job test-armhf-armhf-libvirt-raw broken
Not pushing.
(No revision log; it would be 1312937 lines long.)
^ permalink raw reply [flat|nested] only message in thread
only message in thread, other threads:[~2021-04-03 8:03 UTC | newest]
Thread overview: (only message) (download: mbox.gz / follow: Atom feed)
-- links below jump to the message on this page --
2021-04-03 8:03 [linux-linus test] 160676: regressions - trouble: blocked/broken/fail/pass osstest service owner
This is a public inbox, see mirroring instructions
for how to clone and mirror all data and code used for this inbox;
as well as URLs for NNTP newsgroup(s).