* [qemu-mainline test] 160704: regressions - trouble: blocked/broken/fail/pass
@ 2021-04-04 7:03 osstest service owner
0 siblings, 0 replies; only message in thread
From: osstest service owner @ 2021-04-04 7:03 UTC (permalink / raw)
To: xen-devel, osstest-admin
flight 160704 qemu-mainline real [real]
http://logs.test-lab.xenproject.org/osstest/logs/160704/
Regressions :-(
Tests which did not succeed and are blocking,
including tests which could not be run:
build-armhf <job status> broken
build-armhf 4 host-install(4) broken REGR. vs. 152631
test-amd64-amd64-qemuu-freebsd11-amd64 16 guest-saverestore fail REGR. vs. 152631
test-amd64-i386-libvirt 14 guest-start fail REGR. vs. 152631
test-amd64-amd64-libvirt 14 guest-start fail REGR. vs. 152631
test-amd64-i386-libvirt-xsm 14 guest-start fail REGR. vs. 152631
test-amd64-amd64-qemuu-freebsd12-amd64 16 guest-saverestore fail REGR. vs. 152631
test-amd64-amd64-libvirt-xsm 14 guest-start fail REGR. vs. 152631
test-amd64-i386-freebsd10-i386 16 guest-saverestore fail REGR. vs. 152631
test-amd64-i386-freebsd10-amd64 16 guest-saverestore fail REGR. vs. 152631
test-amd64-amd64-libvirt-pair 25 guest-start/debian fail REGR. vs. 152631
test-amd64-i386-libvirt-pair 25 guest-start/debian fail REGR. vs. 152631
test-amd64-i386-xl-qemuu-debianhvm-amd64-shadow 15 guest-saverestore fail REGR. vs. 152631
test-amd64-i386-xl-qemuu-debianhvm-amd64 15 guest-saverestore fail REGR. vs. 152631
test-amd64-amd64-xl-qemuu-debianhvm-i386-xsm 15 guest-saverestore fail REGR. vs. 152631
test-amd64-i386-xl-qemuu-ovmf-amd64 15 guest-saverestore fail REGR. vs. 152631
test-amd64-amd64-xl-qemuu-debianhvm-amd64-shadow 15 guest-saverestore fail REGR. vs. 152631
test-amd64-amd64-xl-qemuu-debianhvm-amd64 15 guest-saverestore fail REGR. vs. 152631
test-amd64-amd64-xl-qemuu-win7-amd64 15 guest-saverestore fail REGR. vs. 152631
test-amd64-amd64-xl-qemuu-ovmf-amd64 15 guest-saverestore fail REGR. vs. 152631
test-arm64-arm64-libvirt-xsm 14 guest-start fail REGR. vs. 152631
test-amd64-amd64-qemuu-nested-intel 20 debian-hvm-install/l1/l2 fail REGR. vs. 152631
test-amd64-i386-xl-qemuu-debianhvm-i386-xsm 15 guest-saverestore fail REGR. vs. 152631
test-amd64-i386-xl-qemuu-win7-amd64 15 guest-saverestore fail REGR. vs. 152631
test-amd64-amd64-libvirt-qemuu-debianhvm-amd64-xsm 12 debian-hvm-install fail REGR. vs. 152631
test-amd64-i386-libvirt-qemuu-debianhvm-amd64-xsm 12 debian-hvm-install fail REGR. vs. 152631
test-amd64-i386-xl-qemuu-ws16-amd64 15 guest-saverestore fail REGR. vs. 152631
test-amd64-amd64-xl-qemuu-ws16-amd64 15 guest-saverestore fail REGR. vs. 152631
Tests which did not succeed, but are not blocking:
test-armhf-armhf-libvirt 1 build-check(1) blocked n/a
test-armhf-armhf-libvirt-raw 1 build-check(1) blocked n/a
test-armhf-armhf-xl 1 build-check(1) blocked n/a
test-armhf-armhf-xl-arndale 1 build-check(1) blocked n/a
test-armhf-armhf-xl-credit1 1 build-check(1) blocked n/a
test-armhf-armhf-xl-multivcpu 1 build-check(1) blocked n/a
test-armhf-armhf-xl-rtds 1 build-check(1) blocked n/a
test-armhf-armhf-xl-vhd 1 build-check(1) blocked n/a
build-armhf-libvirt 1 build-check(1) blocked n/a
test-armhf-armhf-xl-credit2 1 build-check(1) blocked n/a
test-armhf-armhf-xl-cubietruck 1 build-check(1) blocked n/a
test-amd64-amd64-qemuu-nested-amd 20 debian-hvm-install/l1/l2 fail like 152631
test-arm64-arm64-xl-seattle 15 migrate-support-check fail never pass
test-arm64-arm64-xl-seattle 16 saverestore-support-check fail never pass
test-amd64-i386-xl-pvshim 14 guest-start fail never pass
test-arm64-arm64-xl 15 migrate-support-check fail never pass
test-arm64-arm64-xl 16 saverestore-support-check fail never pass
test-arm64-arm64-xl-xsm 15 migrate-support-check fail never pass
test-arm64-arm64-xl-xsm 16 saverestore-support-check fail never pass
test-arm64-arm64-xl-thunderx 15 migrate-support-check fail never pass
test-arm64-arm64-xl-thunderx 16 saverestore-support-check fail never pass
test-arm64-arm64-xl-credit1 15 migrate-support-check fail never pass
test-arm64-arm64-xl-credit1 16 saverestore-support-check fail never pass
test-arm64-arm64-xl-credit2 15 migrate-support-check fail never pass
test-arm64-arm64-xl-credit2 16 saverestore-support-check fail never pass
test-amd64-amd64-libvirt-vhd 14 migrate-support-check fail never pass
version targeted for testing:
qemuu 50a9b4499ca99a439b400f715f9475b1702f4e87
baseline version:
qemuu 1d806cef0e38b5db8347a8e12f214d543204a314
Last test of basis 152631 2020-08-20 09:07:46 Z 226 days
Failing since 152659 2020-08-21 14:07:39 Z 225 days 425 attempts
Testing same since 160685 2021-04-03 01:07:58 Z 1 days 2 attempts
------------------------------------------------------------
473 people touched revisions under test,
not listing them all
jobs:
build-amd64-xsm pass
build-arm64-xsm pass
build-i386-xsm pass
build-amd64 pass
build-arm64 pass
build-armhf broken
build-i386 pass
build-amd64-libvirt pass
build-arm64-libvirt pass
build-armhf-libvirt blocked
build-i386-libvirt pass
build-amd64-pvops pass
build-arm64-pvops pass
build-armhf-pvops pass
build-i386-pvops pass
test-amd64-amd64-xl pass
test-amd64-coresched-amd64-xl pass
test-arm64-arm64-xl pass
test-armhf-armhf-xl blocked
test-amd64-i386-xl pass
test-amd64-coresched-i386-xl pass
test-amd64-amd64-libvirt-qemuu-debianhvm-amd64-xsm fail
test-amd64-i386-libvirt-qemuu-debianhvm-amd64-xsm fail
test-amd64-amd64-xl-qemuu-debianhvm-i386-xsm fail
test-amd64-i386-xl-qemuu-debianhvm-i386-xsm fail
test-amd64-amd64-libvirt-xsm fail
test-arm64-arm64-libvirt-xsm fail
test-amd64-i386-libvirt-xsm fail
test-amd64-amd64-xl-xsm pass
test-arm64-arm64-xl-xsm pass
test-amd64-i386-xl-xsm pass
test-amd64-amd64-qemuu-nested-amd fail
test-amd64-amd64-xl-pvhv2-amd pass
test-amd64-i386-qemuu-rhel6hvm-amd pass
test-amd64-amd64-dom0pvh-xl-amd pass
test-amd64-amd64-xl-qemuu-debianhvm-amd64 fail
test-amd64-i386-xl-qemuu-debianhvm-amd64 fail
test-amd64-i386-freebsd10-amd64 fail
test-amd64-amd64-qemuu-freebsd11-amd64 fail
test-amd64-amd64-qemuu-freebsd12-amd64 fail
test-amd64-amd64-xl-qemuu-ovmf-amd64 fail
test-amd64-i386-xl-qemuu-ovmf-amd64 fail
test-amd64-amd64-xl-qemuu-win7-amd64 fail
test-amd64-i386-xl-qemuu-win7-amd64 fail
test-amd64-amd64-xl-qemuu-ws16-amd64 fail
test-amd64-i386-xl-qemuu-ws16-amd64 fail
test-armhf-armhf-xl-arndale blocked
test-amd64-amd64-xl-credit1 pass
test-arm64-arm64-xl-credit1 pass
test-armhf-armhf-xl-credit1 blocked
test-amd64-amd64-xl-credit2 pass
test-arm64-arm64-xl-credit2 pass
test-armhf-armhf-xl-credit2 blocked
test-armhf-armhf-xl-cubietruck blocked
test-amd64-amd64-xl-qemuu-dmrestrict-amd64-dmrestrict pass
test-amd64-i386-xl-qemuu-dmrestrict-amd64-dmrestrict pass
test-amd64-i386-freebsd10-i386 fail
test-amd64-amd64-qemuu-nested-intel fail
test-amd64-amd64-xl-pvhv2-intel pass
test-amd64-i386-qemuu-rhel6hvm-intel pass
test-amd64-amd64-dom0pvh-xl-intel pass
test-amd64-amd64-libvirt fail
test-armhf-armhf-libvirt blocked
test-amd64-i386-libvirt fail
test-amd64-amd64-xl-multivcpu pass
test-armhf-armhf-xl-multivcpu blocked
test-amd64-amd64-pair pass
test-amd64-i386-pair pass
test-amd64-amd64-libvirt-pair fail
test-amd64-i386-libvirt-pair fail
test-amd64-amd64-amd64-pvgrub pass
test-amd64-amd64-i386-pvgrub pass
test-amd64-amd64-xl-pvshim pass
test-amd64-i386-xl-pvshim fail
test-amd64-amd64-pygrub pass
test-amd64-amd64-xl-qcow2 pass
test-armhf-armhf-libvirt-raw blocked
test-amd64-i386-xl-raw pass
test-amd64-amd64-xl-rtds pass
test-armhf-armhf-xl-rtds blocked
test-arm64-arm64-xl-seattle pass
test-amd64-amd64-xl-qemuu-debianhvm-amd64-shadow fail
test-amd64-i386-xl-qemuu-debianhvm-amd64-shadow fail
test-amd64-amd64-xl-shadow pass
test-amd64-i386-xl-shadow pass
test-arm64-arm64-xl-thunderx pass
test-amd64-amd64-libvirt-vhd pass
test-armhf-armhf-xl-vhd blocked
------------------------------------------------------------
sg-report-flight on osstest.test-lab.xenproject.org
logs: /home/logs/logs
images: /home/logs/images
Logs, config files, etc. are available at
http://logs.test-lab.xenproject.org/osstest/logs
Explanation of these reports, and of osstest in general, is at
http://xenbits.xen.org/gitweb/?p=osstest.git;a=blob;f=README.email;hb=master
http://xenbits.xen.org/gitweb/?p=osstest.git;a=blob;f=README;hb=master
Test harness code can be found at
http://xenbits.xen.org/gitweb?p=osstest.git;a=summary
broken-job build-armhf broken
broken-step build-armhf host-install(4)
Not pushing.
(No revision log; it would be 139953 lines long.)
^ permalink raw reply [flat|nested] only message in thread
only message in thread, other threads:[~2021-04-04 7:04 UTC | newest]
Thread overview: (only message) (download: mbox.gz / follow: Atom feed)
-- links below jump to the message on this page --
2021-04-04 7:03 [qemu-mainline test] 160704: regressions - trouble: blocked/broken/fail/pass osstest service owner
This is a public inbox, see mirroring instructions
for how to clone and mirror all data and code used for this inbox;
as well as URLs for NNTP newsgroup(s).