* [xen-unstable test] 161071: regressions - FAIL
@ 2021-04-14 3:20 osstest service owner
0 siblings, 0 replies; only message in thread
From: osstest service owner @ 2021-04-14 3:20 UTC (permalink / raw)
To: xen-devel, osstest-admin
flight 161071 xen-unstable real [real]
flight 161109 xen-unstable real-retest [real]
http://logs.test-lab.xenproject.org/osstest/logs/161071/
http://logs.test-lab.xenproject.org/osstest/logs/161109/
Regressions :-(
Tests which did not succeed and are blocking,
including tests which could not be run:
test-armhf-armhf-xl 18 guest-start/debian.repeat fail REGR. vs. 160646
test-armhf-armhf-xl-credit2 18 guest-start/debian.repeat fail REGR. vs. 160646
test-armhf-armhf-xl-credit1 18 guest-start/debian.repeat fail REGR. vs. 160646
test-armhf-armhf-libvirt 18 guest-start/debian.repeat fail REGR. vs. 160646
test-armhf-armhf-xl-arndale 18 guest-start/debian.repeat fail REGR. vs. 160646
test-armhf-armhf-xl-multivcpu 18 guest-start/debian.repeat fail in 161109 REGR. vs. 160646
test-armhf-armhf-xl-vhd 12 debian-di-install fail in 161109 REGR. vs. 160646
test-armhf-armhf-libvirt-raw 13 guest-start fail in 161109 REGR. vs. 160646
Tests which are failing intermittently (not blocking):
test-armhf-armhf-xl-credit2 8 xen-boot fail in 161109 pass in 161071
test-armhf-armhf-xl 14 guest-start fail in 161109 pass in 161071
test-armhf-armhf-xl-credit1 14 guest-start fail in 161109 pass in 161071
test-armhf-armhf-libvirt 8 xen-boot fail in 161109 pass in 161071
test-armhf-armhf-xl-multivcpu 8 xen-boot fail pass in 161109-retest
test-armhf-armhf-xl-vhd 8 xen-boot fail pass in 161109-retest
test-armhf-armhf-libvirt-raw 12 debian-di-install fail pass in 161109-retest
Regressions which are regarded as allowable (not blocking):
test-amd64-amd64-xl-rtds 20 guest-localmigrate/x10 fail REGR. vs. 160646
test-armhf-armhf-xl-rtds 18 guest-start/debian.repeat fail REGR. vs. 160646
Tests which did not succeed, but are not blocking:
test-armhf-armhf-xl-multivcpu 15 migrate-support-check fail in 161109 never pass
test-armhf-armhf-xl-multivcpu 16 saverestore-support-check fail in 161109 never pass
test-amd64-amd64-xl-qemut-win7-amd64 19 guest-stop fail like 160646
test-amd64-amd64-qemuu-nested-amd 20 debian-hvm-install/l1/l2 fail like 160646
test-armhf-armhf-libvirt 16 saverestore-support-check fail like 160646
test-amd64-amd64-xl-qemuu-ws16-amd64 19 guest-stop fail like 160646
test-amd64-i386-xl-qemut-ws16-amd64 19 guest-stop fail like 160646
test-amd64-amd64-xl-qemuu-win7-amd64 19 guest-stop fail like 160646
test-amd64-i386-xl-qemut-win7-amd64 19 guest-stop fail like 160646
test-amd64-amd64-xl-qemut-ws16-amd64 19 guest-stop fail like 160646
test-amd64-i386-xl-qemuu-win7-amd64 19 guest-stop fail like 160646
test-amd64-i386-xl-qemuu-ws16-amd64 19 guest-stop fail like 160646
test-amd64-i386-xl-pvshim 14 guest-start fail never pass
test-arm64-arm64-xl-seattle 15 migrate-support-check fail never pass
test-arm64-arm64-xl-seattle 16 saverestore-support-check fail never pass
test-amd64-amd64-libvirt-xsm 15 migrate-support-check fail never pass
test-amd64-i386-libvirt-xsm 15 migrate-support-check fail never pass
test-amd64-amd64-libvirt 15 migrate-support-check fail never pass
test-amd64-i386-libvirt 15 migrate-support-check fail never pass
test-arm64-arm64-xl-credit2 15 migrate-support-check fail never pass
test-arm64-arm64-xl-credit2 16 saverestore-support-check fail never pass
test-arm64-arm64-xl-xsm 15 migrate-support-check fail never pass
test-arm64-arm64-xl-xsm 16 saverestore-support-check fail never pass
test-arm64-arm64-xl-credit1 15 migrate-support-check fail never pass
test-arm64-arm64-xl-credit1 16 saverestore-support-check fail never pass
test-arm64-arm64-libvirt-xsm 15 migrate-support-check fail never pass
test-arm64-arm64-libvirt-xsm 16 saverestore-support-check fail never pass
test-arm64-arm64-xl-thunderx 15 migrate-support-check fail never pass
test-arm64-arm64-xl-thunderx 16 saverestore-support-check fail never pass
test-amd64-i386-libvirt-qemuu-debianhvm-amd64-xsm 13 migrate-support-check fail never pass
test-amd64-amd64-libvirt-qemuu-debianhvm-amd64-xsm 13 migrate-support-check fail never pass
test-amd64-amd64-libvirt-vhd 14 migrate-support-check fail never pass
test-armhf-armhf-xl-rtds 15 migrate-support-check fail never pass
test-armhf-armhf-xl-rtds 16 saverestore-support-check fail never pass
test-armhf-armhf-xl-credit2 15 migrate-support-check fail never pass
test-armhf-armhf-xl-credit2 16 saverestore-support-check fail never pass
test-armhf-armhf-xl 15 migrate-support-check fail never pass
test-armhf-armhf-xl 16 saverestore-support-check fail never pass
test-armhf-armhf-xl-credit1 15 migrate-support-check fail never pass
test-armhf-armhf-xl-credit1 16 saverestore-support-check fail never pass
test-armhf-armhf-libvirt 15 migrate-support-check fail never pass
test-arm64-arm64-xl 15 migrate-support-check fail never pass
test-arm64-arm64-xl 16 saverestore-support-check fail never pass
test-armhf-armhf-xl-arndale 15 migrate-support-check fail never pass
test-armhf-armhf-xl-arndale 16 saverestore-support-check fail never pass
test-armhf-armhf-xl-cubietruck 15 migrate-support-check fail never pass
test-armhf-armhf-xl-cubietruck 16 saverestore-support-check fail never pass
version targeted for testing:
xen be167ac0f0268074880b961c936519f756ac045b
baseline version:
xen b0976d5c0441378b6348f5bfedbf431055bd0147
Last test of basis 160646 2021-04-01 15:07:43 Z 12 days
Failing since 160665 2021-04-02 07:40:09 Z 11 days 16 attempts
Testing same since 161071 2021-04-12 22:37:43 Z 1 days 1 attempts
------------------------------------------------------------
People who touched revisions under test:
Andrew Cooper <andrew.cooper3@citrix.com>
Bertrand Marquis <bertrand.marquis@arm.com>
Boris Ostrovsky <boris.ostrovsky@oracle.com>
George Dunlap <george.dunlap@citrix.com>
Ian Jackson <ian.jackson@citrix.com>
Ian Jackson <ian.jackson@eu.citrix.com>
Ian Jackson <iwj@xenproject.org>
Jan Beulich <jbeulich@suse.com>
Juergen Gross <jgross@suse.com>
Julien Grall <jgrall@amazon.com>
Michal Orzel <michal.orzel@arm.com>
Norbert Manthey <nmanthey@amazon.de>
Rahul Singh <rahul.singh@arm.com>
Roger Pau Monné <roger.pau@citrix.com>
Stefano Stabellini <sstabellini@kernel.org>
Stefano Stabellini <stefano.stabellini@xilinx.com>
Tim Deegan <tim@xen.org>
Wei Liu <wl@xen.org>
jobs:
build-amd64-xsm pass
build-arm64-xsm pass
build-i386-xsm pass
build-amd64-xtf pass
build-amd64 pass
build-arm64 pass
build-armhf pass
build-i386 pass
build-amd64-libvirt pass
build-arm64-libvirt pass
build-armhf-libvirt pass
build-i386-libvirt pass
build-amd64-prev pass
build-i386-prev pass
build-amd64-pvops pass
build-arm64-pvops pass
build-armhf-pvops pass
build-i386-pvops pass
test-xtf-amd64-amd64-1 pass
test-xtf-amd64-amd64-2 pass
test-xtf-amd64-amd64-3 pass
test-xtf-amd64-amd64-4 pass
test-xtf-amd64-amd64-5 pass
test-amd64-amd64-xl pass
test-amd64-coresched-amd64-xl pass
test-arm64-arm64-xl pass
test-armhf-armhf-xl fail
test-amd64-i386-xl pass
test-amd64-coresched-i386-xl pass
test-amd64-amd64-libvirt-qemuu-debianhvm-amd64-xsm pass
test-amd64-i386-libvirt-qemuu-debianhvm-amd64-xsm pass
test-amd64-amd64-xl-qemut-stubdom-debianhvm-amd64-xsm pass
test-amd64-i386-xl-qemut-stubdom-debianhvm-amd64-xsm pass
test-amd64-amd64-xl-qemut-debianhvm-i386-xsm pass
test-amd64-i386-xl-qemut-debianhvm-i386-xsm pass
test-amd64-amd64-xl-qemuu-debianhvm-i386-xsm pass
test-amd64-i386-xl-qemuu-debianhvm-i386-xsm pass
test-amd64-amd64-libvirt-xsm pass
test-arm64-arm64-libvirt-xsm pass
test-amd64-i386-libvirt-xsm pass
test-amd64-amd64-xl-xsm pass
test-arm64-arm64-xl-xsm pass
test-amd64-i386-xl-xsm pass
test-amd64-amd64-qemuu-nested-amd fail
test-amd64-amd64-xl-pvhv2-amd pass
test-amd64-i386-qemut-rhel6hvm-amd pass
test-amd64-i386-qemuu-rhel6hvm-amd pass
test-amd64-amd64-dom0pvh-xl-amd pass
test-amd64-amd64-xl-qemut-debianhvm-amd64 pass
test-amd64-i386-xl-qemut-debianhvm-amd64 pass
test-amd64-amd64-xl-qemuu-debianhvm-amd64 pass
test-amd64-i386-xl-qemuu-debianhvm-amd64 pass
test-amd64-i386-freebsd10-amd64 pass
test-amd64-amd64-qemuu-freebsd11-amd64 pass
test-amd64-amd64-qemuu-freebsd12-amd64 pass
test-amd64-amd64-xl-qemuu-ovmf-amd64 pass
test-amd64-i386-xl-qemuu-ovmf-amd64 pass
test-amd64-amd64-xl-qemut-win7-amd64 fail
test-amd64-i386-xl-qemut-win7-amd64 fail
test-amd64-amd64-xl-qemuu-win7-amd64 fail
test-amd64-i386-xl-qemuu-win7-amd64 fail
test-amd64-amd64-xl-qemut-ws16-amd64 fail
test-amd64-i386-xl-qemut-ws16-amd64 fail
test-amd64-amd64-xl-qemuu-ws16-amd64 fail
test-amd64-i386-xl-qemuu-ws16-amd64 fail
test-armhf-armhf-xl-arndale fail
test-amd64-amd64-xl-credit1 pass
test-arm64-arm64-xl-credit1 pass
test-armhf-armhf-xl-credit1 fail
test-amd64-amd64-xl-credit2 pass
test-arm64-arm64-xl-credit2 pass
test-armhf-armhf-xl-credit2 fail
test-armhf-armhf-xl-cubietruck pass
test-amd64-amd64-xl-qemuu-dmrestrict-amd64-dmrestrict pass
test-amd64-i386-xl-qemuu-dmrestrict-amd64-dmrestrict pass
test-amd64-amd64-examine pass
test-arm64-arm64-examine pass
test-armhf-armhf-examine pass
test-amd64-i386-examine pass
test-amd64-i386-freebsd10-i386 pass
test-amd64-amd64-qemuu-nested-intel pass
test-amd64-amd64-xl-pvhv2-intel pass
test-amd64-i386-qemut-rhel6hvm-intel pass
test-amd64-i386-qemuu-rhel6hvm-intel pass
test-amd64-amd64-dom0pvh-xl-intel pass
test-amd64-amd64-libvirt pass
test-armhf-armhf-libvirt fail
test-amd64-i386-libvirt pass
test-amd64-amd64-livepatch pass
test-amd64-i386-livepatch pass
test-amd64-amd64-migrupgrade pass
test-amd64-i386-migrupgrade pass
test-amd64-amd64-xl-multivcpu pass
test-armhf-armhf-xl-multivcpu fail
test-amd64-amd64-pair pass
test-amd64-i386-pair pass
test-amd64-amd64-libvirt-pair pass
test-amd64-i386-libvirt-pair pass
test-amd64-amd64-amd64-pvgrub pass
test-amd64-amd64-i386-pvgrub pass
test-amd64-amd64-xl-pvshim pass
test-amd64-i386-xl-pvshim fail
test-amd64-amd64-pygrub pass
test-amd64-amd64-xl-qcow2 pass
test-armhf-armhf-libvirt-raw fail
test-amd64-i386-xl-raw pass
test-amd64-amd64-xl-rtds fail
test-armhf-armhf-xl-rtds fail
test-arm64-arm64-xl-seattle pass
test-amd64-amd64-xl-qemuu-debianhvm-amd64-shadow pass
test-amd64-i386-xl-qemuu-debianhvm-amd64-shadow pass
test-amd64-amd64-xl-shadow pass
test-amd64-i386-xl-shadow pass
test-arm64-arm64-xl-thunderx pass
test-amd64-amd64-libvirt-vhd pass
test-armhf-armhf-xl-vhd fail
------------------------------------------------------------
sg-report-flight on osstest.test-lab.xenproject.org
logs: /home/logs/logs
images: /home/logs/images
Logs, config files, etc. are available at
http://logs.test-lab.xenproject.org/osstest/logs
Explanation of these reports, and of osstest in general, is at
http://xenbits.xen.org/gitweb/?p=osstest.git;a=blob;f=README.email;hb=master
http://xenbits.xen.org/gitweb/?p=osstest.git;a=blob;f=README;hb=master
Test harness code can be found at
http://xenbits.xen.org/gitweb?p=osstest.git;a=summary
Not pushing.
(No revision log; it would be 1363 lines long.)
^ permalink raw reply [flat|nested] only message in thread
only message in thread, other threads:[~2021-04-14 3:21 UTC | newest]
Thread overview: (only message) (download: mbox.gz / follow: Atom feed)
-- links below jump to the message on this page --
2021-04-14 3:20 [xen-unstable test] 161071: regressions - FAIL osstest service owner
This is a public inbox, see mirroring instructions
for how to clone and mirror all data and code used for this inbox;
as well as URLs for NNTP newsgroup(s).