xen-devel.lists.xenproject.org archive mirror
 help / color / mirror / Atom feed
* [xen-unstable-smoke test] 161332: tolerable all pass - PUSHED
@ 2021-04-20 17:25 osstest service owner
  0 siblings, 0 replies; only message in thread
From: osstest service owner @ 2021-04-20 17:25 UTC (permalink / raw)
  To: xen-devel, osstest-admin

flight 161332 xen-unstable-smoke real [real]
http://logs.test-lab.xenproject.org/osstest/logs/161332/

Failures :-/ but no regressions.

Tests which did not succeed, but are not blocking:
 test-amd64-amd64-libvirt     15 migrate-support-check        fail   never pass
 test-arm64-arm64-xl-xsm      15 migrate-support-check        fail   never pass
 test-arm64-arm64-xl-xsm      16 saverestore-support-check    fail   never pass
 test-armhf-armhf-xl          15 migrate-support-check        fail   never pass
 test-armhf-armhf-xl          16 saverestore-support-check    fail   never pass

version targeted for testing:
 xen                  9f6cd4983715cb31f0ea540e6bbb63f799a35d8a
baseline version:
 xen                  a8c532be6a44c7faa54ac777a717f4aa65e3a806

Last test of basis   161293  2021-04-19 14:00:26 Z    1 days
Failing since        161321  2021-04-20 10:02:00 Z    0 days    2 attempts
Testing same since   161332  2021-04-20 15:00:28 Z    0 days    1 attempts

------------------------------------------------------------
People who touched revisions under test:
  Jan Beulich <jbeulich@suse.com>
  Julien Grall <jgrall@amazon.com>
  Rahul Singh <rahul.singh@arm.com>
  Roger Pau Monné <roger.pau@citrix.com>
  Stefano Stabellini <sstabellini@kernel.org>

jobs:
 build-arm64-xsm                                              pass    
 build-amd64                                                  pass    
 build-armhf                                                  pass    
 build-amd64-libvirt                                          pass    
 test-armhf-armhf-xl                                          pass    
 test-arm64-arm64-xl-xsm                                      pass    
 test-amd64-amd64-xl-qemuu-debianhvm-amd64                    pass    
 test-amd64-amd64-libvirt                                     pass    


------------------------------------------------------------
sg-report-flight on osstest.test-lab.xenproject.org
logs: /home/logs/logs
images: /home/logs/images

Logs, config files, etc. are available at
    http://logs.test-lab.xenproject.org/osstest/logs

Explanation of these reports, and of osstest in general, is at
    http://xenbits.xen.org/gitweb/?p=osstest.git;a=blob;f=README.email;hb=master
    http://xenbits.xen.org/gitweb/?p=osstest.git;a=blob;f=README;hb=master

Test harness code can be found at
    http://xenbits.xen.org/gitweb?p=osstest.git;a=summary


Pushing revision :

To xenbits.xen.org:/home/xen/git/xen.git
   a8c532be6a..9f6cd49837  9f6cd4983715cb31f0ea540e6bbb63f799a35d8a -> smoke


^ permalink raw reply	[flat|nested] only message in thread

only message in thread, other threads:[~2021-04-20 17:26 UTC | newest]

Thread overview: (only message) (download: mbox.gz / follow: Atom feed)
-- links below jump to the message on this page --
2021-04-20 17:25 [xen-unstable-smoke test] 161332: tolerable all pass - PUSHED osstest service owner

This is a public inbox, see mirroring instructions
for how to clone and mirror all data and code used for this inbox;
as well as URLs for NNTP newsgroup(s).