From: osstest service owner <osstest-admin@xenproject.org>
To: xen-devel@lists.xenproject.org, osstest-admin@xenproject.org
Subject: [linux-5.4 test] 161352: tolerable FAIL - PUSHED
Date: Thu, 22 Apr 2021 09:36:47 +0000 [thread overview]
Message-ID: <osstest-161352-mainreport@xen.org> (raw)
flight 161352 linux-5.4 real [real]
flight 161373 linux-5.4 real-retest [real]
http://logs.test-lab.xenproject.org/osstest/logs/161352/
http://logs.test-lab.xenproject.org/osstest/logs/161373/
Failures :-/ but no regressions.
Tests which are failing intermittently (not blocking):
test-armhf-armhf-xl-multivcpu 8 xen-boot fail pass in 161373-retest
Regressions which are regarded as allowable (not blocking):
test-armhf-armhf-xl-rtds 14 guest-start fail REGR. vs. 161201
Tests which did not succeed, but are not blocking:
test-armhf-armhf-xl-multivcpu 15 migrate-support-check fail in 161373 never pass
test-armhf-armhf-xl-multivcpu 16 saverestore-support-check fail in 161373 never pass
test-amd64-amd64-xl-qemuu-win7-amd64 19 guest-stop fail like 161201
test-amd64-amd64-xl-qemut-win7-amd64 19 guest-stop fail like 161201
test-amd64-i386-xl-qemut-win7-amd64 19 guest-stop fail like 161201
test-amd64-amd64-qemuu-nested-amd 20 debian-hvm-install/l1/l2 fail like 161201
test-armhf-armhf-libvirt 16 saverestore-support-check fail like 161201
test-amd64-amd64-xl-qemuu-ws16-amd64 19 guest-stop fail like 161201
test-amd64-amd64-xl-qemut-ws16-amd64 19 guest-stop fail like 161201
test-amd64-i386-xl-qemuu-win7-amd64 19 guest-stop fail like 161201
test-amd64-i386-xl-qemut-ws16-amd64 19 guest-stop fail like 161201
test-armhf-armhf-libvirt-raw 15 saverestore-support-check fail like 161201
test-amd64-i386-xl-qemuu-ws16-amd64 19 guest-stop fail like 161201
test-amd64-i386-xl-pvshim 14 guest-start fail never pass
test-amd64-amd64-libvirt 15 migrate-support-check fail never pass
test-arm64-arm64-xl 15 migrate-support-check fail never pass
test-arm64-arm64-xl 16 saverestore-support-check fail never pass
test-amd64-i386-libvirt-xsm 15 migrate-support-check fail never pass
test-arm64-arm64-xl-seattle 15 migrate-support-check fail never pass
test-arm64-arm64-xl-seattle 16 saverestore-support-check fail never pass
test-amd64-amd64-libvirt-xsm 15 migrate-support-check fail never pass
test-amd64-i386-libvirt 15 migrate-support-check fail never pass
test-amd64-amd64-libvirt-qemuu-debianhvm-amd64-xsm 13 migrate-support-check fail never pass
test-arm64-arm64-xl-credit1 15 migrate-support-check fail never pass
test-arm64-arm64-xl-credit1 16 saverestore-support-check fail never pass
test-arm64-arm64-xl-xsm 15 migrate-support-check fail never pass
test-arm64-arm64-xl-xsm 16 saverestore-support-check fail never pass
test-arm64-arm64-xl-credit2 15 migrate-support-check fail never pass
test-arm64-arm64-xl-credit2 16 saverestore-support-check fail never pass
test-arm64-arm64-xl-thunderx 15 migrate-support-check fail never pass
test-arm64-arm64-libvirt-xsm 15 migrate-support-check fail never pass
test-arm64-arm64-xl-thunderx 16 saverestore-support-check fail never pass
test-arm64-arm64-libvirt-xsm 16 saverestore-support-check fail never pass
test-amd64-i386-libvirt-qemuu-debianhvm-amd64-xsm 13 migrate-support-check fail never pass
test-armhf-armhf-xl-arndale 15 migrate-support-check fail never pass
test-armhf-armhf-xl-arndale 16 saverestore-support-check fail never pass
test-amd64-amd64-libvirt-vhd 14 migrate-support-check fail never pass
test-armhf-armhf-xl 15 migrate-support-check fail never pass
test-armhf-armhf-xl 16 saverestore-support-check fail never pass
test-armhf-armhf-xl-credit2 15 migrate-support-check fail never pass
test-armhf-armhf-xl-credit2 16 saverestore-support-check fail never pass
test-armhf-armhf-xl-credit1 15 migrate-support-check fail never pass
test-armhf-armhf-xl-credit1 16 saverestore-support-check fail never pass
test-armhf-armhf-xl-cubietruck 15 migrate-support-check fail never pass
test-armhf-armhf-xl-cubietruck 16 saverestore-support-check fail never pass
test-armhf-armhf-libvirt 15 migrate-support-check fail never pass
test-armhf-armhf-libvirt-raw 14 migrate-support-check fail never pass
test-armhf-armhf-xl-vhd 14 migrate-support-check fail never pass
test-armhf-armhf-xl-vhd 15 saverestore-support-check fail never pass
version targeted for testing:
linux a7eb81c1d11ae311c25db88c25a7d5228fe5680a
baseline version:
linux ab3bed80f9d34641966eaa329fc7b296a21dab07
Last test of basis 161201 2021-04-16 10:12:43 Z 5 days
Testing same since 161352 2021-04-21 11:11:07 Z 0 days 1 attempts
------------------------------------------------------------
People who touched revisions under test:
A. Cody Schuffelen <schuffelen@google.com>
Al Viro <viro@zeniv.linux.org.uk>
Alex Williamson <alex.williamson@redhat.com>
Alexander Aring <aahringo@redhat.com>
Alexander Shiyan <shc_work@mail.ru>
Andre Przywara <andre.przywara@arm.com>
Andy Shevchenko <andriy.shevchenko@linux.intel.com>
Arnd Bergmann <arnd@arndb.de>
Arun Easi <aeasi@marvell.com>
Bartosz Golaszewski <bgolaszewski@baylibre.com>
Caleb Connolly <caleb@connolly.tech>
Catalin Marinas <catalin.marinas@arm.com>
Christian A. Ehrhardt <lk@c--e.de>
Christophe JAILLET <christophe.jaillet@wanadoo.fr>
Claudiu Beznea <claudiu.beznea@microchip.com>
Dan Williams <dan.j.williams@intel.com>
David S. Miller <davem@davemloft.net>
Dmitry Torokhov <dmitry.torokhov@gmail.com>
Eric Dumazet <edumazet@google.com>
Fabian Vogt <fabian@ritter-vogt.de>
Florian Fainelli <f.fainelli@gmail.com>
Florian Westphal <fw@strlen.de>
Fredrik Strupe <fredrik@strupe.net>
Greg Kroah-Hartman <gregkh@linuxfoundation.org>
Guenter Roeck <linux@roeck-us.net>
Heiner Kallweit <hkallweit1@gmail.com>
Himanshu Madhani <hmadhani@marvell.com>
Hristo Venev <hristo@venev.name>
Hulk Robot <hulkrobot@huawei.com>
Ingo Molnar <mingo@kernel.org>
Jaegeuk Kim <jaegeuk@google.com>
Jakub Kicinski <jakub.kicinski@netronome.com>
Jakub Kicinski <kuba@kernel.org>
Jason Self <jason@bluehome.net>
Jason Xing <xingwanli@kuaishou.com>
Jesper Dangaard Brouer <brouer@redhat.com>
Jiri Kosina <jkosina@suse.cz>
Johannes Berg <johannes.berg@intel.com>
Jolly Shah <jollys@google.com>
Jon Hunter <jonathanh@nvidia.com>
Jordan Crouse <jordan@cosmicpenguin.net>
Juan Garrido <Juan.Garrido@wacom.com>
Kefeng Wang <wangkefeng.wang@huawei.com>
Lijun Pan <lijunp213@gmail.com>
Linus Torvalds <torvalds@linux-foundation.org>
Linux Kernel Functional Testing <lkft@linaro.org>
Luo Jiaxing <luojiaxing@huawei.com>
Marcelo Ricardo Leitner <marcelo.leitner@gmail.com>
Mark Brown <broonie@kernel.org>
Martin K. Petersen <martin.petersen@oracle.com>
Martin Wilck <mwilck@suse.com>
Matti Vaittinen <matti.vaittinen@fi.rohmeurope.com>
Maxime Ripard <maxime@cerno.tech>
Michael Hernandez <mhernandez@marvell.com>
Michael S. Tsirkin <mst@redhat.com>
Mike Snitzer <snitzer@redhat.com>
Nathan Chancellor <nathan@kernel.org>
Nick Desaulniers <ndesaulniers@google.com>
Nicolin Chen <nicoleotsuka@gmail.com>
Or Cohen <orcohen@paloaltonetworks.com>
Pablo Neira Ayuso <pablo@netfilter.org>
Pali Rohár <pali@kernel.org>
Palmer Dabbelt <palmerdabbelt@google.com>
Peter Collingbourne <pcc@google.com>
Ping Cheng <ping.cheng@wacom.com>
Ping Cheng <pinglinux@gmail.com>
Quinn Tran <qutran@marvell.com>
Rob Clark <robdclark@chromium.org>
Roman Mamedov <rm+bko@romanrm.net>
Russell King <rmk+kernel@armlinux.org.uk>
Ryan Lee <ryans.lee@maximintegrated.com>
Sami Tolvanen <samitolvanen@google.com>
Santosh Shilimkar <ssantosh@kernel.org>
Sasha Levin <sashal@kernel.org>
Seevalamuthu Mariappan <seevalam@codeaurora.org>
Shuah Khan <skhan@linuxfoundation.org>
Shujin Li <lishujin@kuaishou.com>
Shyam Sundar <ssundar@marvell.com>
Stefan Schmidt <stefan@datenfreihafen.org>
Sudip Mukherjee <sudip.mukherjee@codethink.co.uk>
Tetsuo Handa <penguin-kernel@I-love.SAKURA.ne.jp>
Tong Zhu <zhutong@amazon.com>
Tony Lindgren <tony@atomide.com>
Vaibhav Jain <vaibhav@linux.ibm.com>
Vineet Gupta <vgupta@synopsys.com>
Vinod Koul <vkoul@kernel.org>
Viresh Kumar <viresh.kumar@linaro.org>
Wang Qing <wangqing@vivo.com>
Will Deacon <will@kernel.org>
jobs:
build-amd64-xsm pass
build-arm64-xsm pass
build-i386-xsm pass
build-amd64 pass
build-arm64 pass
build-armhf pass
build-i386 pass
build-amd64-libvirt pass
build-arm64-libvirt pass
build-armhf-libvirt pass
build-i386-libvirt pass
build-amd64-pvops pass
build-arm64-pvops pass
build-armhf-pvops pass
build-i386-pvops pass
test-amd64-amd64-xl pass
test-amd64-coresched-amd64-xl pass
test-arm64-arm64-xl pass
test-armhf-armhf-xl pass
test-amd64-i386-xl pass
test-amd64-coresched-i386-xl pass
test-amd64-amd64-libvirt-qemuu-debianhvm-amd64-xsm pass
test-amd64-i386-libvirt-qemuu-debianhvm-amd64-xsm pass
test-amd64-amd64-xl-qemut-stubdom-debianhvm-amd64-xsm pass
test-amd64-i386-xl-qemut-stubdom-debianhvm-amd64-xsm pass
test-amd64-amd64-xl-qemut-debianhvm-i386-xsm pass
test-amd64-i386-xl-qemut-debianhvm-i386-xsm pass
test-amd64-amd64-xl-qemuu-debianhvm-i386-xsm pass
test-amd64-i386-xl-qemuu-debianhvm-i386-xsm pass
test-amd64-amd64-libvirt-xsm pass
test-arm64-arm64-libvirt-xsm pass
test-amd64-i386-libvirt-xsm pass
test-amd64-amd64-xl-xsm pass
test-arm64-arm64-xl-xsm pass
test-amd64-i386-xl-xsm pass
test-amd64-amd64-qemuu-nested-amd fail
test-amd64-amd64-xl-pvhv2-amd pass
test-amd64-i386-qemut-rhel6hvm-amd pass
test-amd64-i386-qemuu-rhel6hvm-amd pass
test-amd64-amd64-dom0pvh-xl-amd pass
test-amd64-amd64-xl-qemut-debianhvm-amd64 pass
test-amd64-i386-xl-qemut-debianhvm-amd64 pass
test-amd64-amd64-xl-qemuu-debianhvm-amd64 pass
test-amd64-i386-xl-qemuu-debianhvm-amd64 pass
test-amd64-i386-freebsd10-amd64 pass
test-amd64-amd64-qemuu-freebsd11-amd64 pass
test-amd64-amd64-qemuu-freebsd12-amd64 pass
test-amd64-amd64-xl-qemuu-ovmf-amd64 pass
test-amd64-i386-xl-qemuu-ovmf-amd64 pass
test-amd64-amd64-xl-qemut-win7-amd64 fail
test-amd64-i386-xl-qemut-win7-amd64 fail
test-amd64-amd64-xl-qemuu-win7-amd64 fail
test-amd64-i386-xl-qemuu-win7-amd64 fail
test-amd64-amd64-xl-qemut-ws16-amd64 fail
test-amd64-i386-xl-qemut-ws16-amd64 fail
test-amd64-amd64-xl-qemuu-ws16-amd64 fail
test-amd64-i386-xl-qemuu-ws16-amd64 fail
test-armhf-armhf-xl-arndale pass
test-amd64-amd64-xl-credit1 pass
test-arm64-arm64-xl-credit1 pass
test-armhf-armhf-xl-credit1 pass
test-amd64-amd64-xl-credit2 pass
test-arm64-arm64-xl-credit2 pass
test-armhf-armhf-xl-credit2 pass
test-armhf-armhf-xl-cubietruck pass
test-amd64-amd64-xl-qemuu-dmrestrict-amd64-dmrestrict pass
test-amd64-i386-xl-qemuu-dmrestrict-amd64-dmrestrict pass
test-amd64-amd64-examine pass
test-arm64-arm64-examine pass
test-armhf-armhf-examine pass
test-amd64-i386-examine pass
test-amd64-i386-freebsd10-i386 pass
test-amd64-amd64-qemuu-nested-intel pass
test-amd64-amd64-xl-pvhv2-intel pass
test-amd64-i386-qemut-rhel6hvm-intel pass
test-amd64-i386-qemuu-rhel6hvm-intel pass
test-amd64-amd64-dom0pvh-xl-intel pass
test-amd64-amd64-libvirt pass
test-armhf-armhf-libvirt pass
test-amd64-i386-libvirt pass
test-amd64-amd64-xl-multivcpu pass
test-armhf-armhf-xl-multivcpu fail
test-amd64-amd64-pair pass
test-amd64-i386-pair pass
test-amd64-amd64-libvirt-pair pass
test-amd64-i386-libvirt-pair pass
test-amd64-amd64-amd64-pvgrub pass
test-amd64-amd64-i386-pvgrub pass
test-amd64-amd64-xl-pvshim pass
test-amd64-i386-xl-pvshim fail
test-amd64-amd64-pygrub pass
test-amd64-amd64-xl-qcow2 pass
test-armhf-armhf-libvirt-raw pass
test-amd64-i386-xl-raw pass
test-amd64-amd64-xl-rtds pass
test-armhf-armhf-xl-rtds fail
test-arm64-arm64-xl-seattle pass
test-amd64-amd64-xl-qemuu-debianhvm-amd64-shadow pass
test-amd64-i386-xl-qemuu-debianhvm-amd64-shadow pass
test-amd64-amd64-xl-shadow pass
test-amd64-i386-xl-shadow pass
test-arm64-arm64-xl-thunderx pass
test-amd64-amd64-libvirt-vhd pass
test-armhf-armhf-xl-vhd pass
------------------------------------------------------------
sg-report-flight on osstest.test-lab.xenproject.org
logs: /home/logs/logs
images: /home/logs/images
Logs, config files, etc. are available at
http://logs.test-lab.xenproject.org/osstest/logs
Explanation of these reports, and of osstest in general, is at
http://xenbits.xen.org/gitweb/?p=osstest.git;a=blob;f=README.email;hb=master
http://xenbits.xen.org/gitweb/?p=osstest.git;a=blob;f=README;hb=master
Test harness code can be found at
http://xenbits.xen.org/gitweb?p=osstest.git;a=summary
Pushing revision :
hint: The 'hooks/update' hook was ignored because it's not set as executable.
hint: You can disable this warning with `git config advice.ignoredHook false`.
hint: The 'hooks/post-receive' hook was ignored because it's not set as executable.
hint: You can disable this warning with `git config advice.ignoredHook false`.
hint: The 'hooks/post-update' hook was ignored because it's not set as executable.
hint: You can disable this warning with `git config advice.ignoredHook false`.
To xenbits.xen.org:/home/xen/git/linux-pvops.git
ab3bed80f9d3..a7eb81c1d11a a7eb81c1d11ae311c25db88c25a7d5228fe5680a -> tested/linux-5.4
reply other threads:[~2021-04-22 9:37 UTC|newest]
Thread overview: [no followups] expand[flat|nested] mbox.gz Atom feed
Reply instructions:
You may reply publicly to this message via plain-text email
using any one of the following methods:
* Save the following mbox file, import it into your mail client,
and reply-to-all from there: mbox
Avoid top-posting and favor interleaved quoting:
https://en.wikipedia.org/wiki/Posting_style#Interleaved_style
* Reply using the --to, --cc, and --in-reply-to
switches of git-send-email(1):
git send-email \
--in-reply-to=osstest-161352-mainreport@xen.org \
--to=osstest-admin@xenproject.org \
--cc=xen-devel@lists.xenproject.org \
/path/to/YOUR_REPLY
https://kernel.org/pub/software/scm/git/docs/git-send-email.html
* If your mail client supports setting the In-Reply-To header
via mailto: links, try the mailto: link
Be sure your reply has a Subject: header at the top and a blank line
before the message body.
This is a public inbox, see mirroring instructions
for how to clone and mirror all data and code used for this inbox;
as well as URLs for NNTP newsgroup(s).