xen-devel.lists.xenproject.org archive mirror
 help / color / mirror / Atom feed
* [xen-unstable-smoke test] 161533: tolerable all pass - PUSHED
@ 2021-04-29 23:15 osstest service owner
  0 siblings, 0 replies; only message in thread
From: osstest service owner @ 2021-04-29 23:15 UTC (permalink / raw)
  To: xen-devel, osstest-admin

flight 161533 xen-unstable-smoke real [real]
http://logs.test-lab.xenproject.org/osstest/logs/161533/

Failures :-/ but no regressions.

Tests which did not succeed, but are not blocking:
 test-amd64-amd64-libvirt     15 migrate-support-check        fail   never pass
 test-armhf-armhf-xl          15 migrate-support-check        fail   never pass
 test-armhf-armhf-xl          16 saverestore-support-check    fail   never pass
 test-arm64-arm64-xl-xsm      15 migrate-support-check        fail   never pass
 test-arm64-arm64-xl-xsm      16 saverestore-support-check    fail   never pass

version targeted for testing:
 xen                  b8e53a81ba538849b98b0d417436f8be653fa1ff
baseline version:
 xen                  972ba1d1d4bcb77018b50fd2bb63c0e628859ed3

Last test of basis   161483  2021-04-27 13:00:27 Z    2 days
Failing since        161525  2021-04-29 15:01:31 Z    0 days    2 attempts
Testing same since   161533  2021-04-29 21:03:42 Z    0 days    1 attempts

------------------------------------------------------------
People who touched revisions under test:
  Andrew Cooper <andrew.cooper3@citrix.com>
  Jan Beulich <jbeulich@suse.com>
  Julien Grall <jgrall@amazon.com>
  Roger Pau Monne <roger.pau@citrix.com>
  Roger Pau Monné <roger.pau@citrix.com>

jobs:
 build-arm64-xsm                                              pass    
 build-amd64                                                  pass    
 build-armhf                                                  pass    
 build-amd64-libvirt                                          pass    
 test-armhf-armhf-xl                                          pass    
 test-arm64-arm64-xl-xsm                                      pass    
 test-amd64-amd64-xl-qemuu-debianhvm-amd64                    pass    
 test-amd64-amd64-libvirt                                     pass    


------------------------------------------------------------
sg-report-flight on osstest.test-lab.xenproject.org
logs: /home/logs/logs
images: /home/logs/images

Logs, config files, etc. are available at
    http://logs.test-lab.xenproject.org/osstest/logs

Explanation of these reports, and of osstest in general, is at
    http://xenbits.xen.org/gitweb/?p=osstest.git;a=blob;f=README.email;hb=master
    http://xenbits.xen.org/gitweb/?p=osstest.git;a=blob;f=README;hb=master

Test harness code can be found at
    http://xenbits.xen.org/gitweb?p=osstest.git;a=summary


Pushing revision :

To xenbits.xen.org:/home/xen/git/xen.git
   972ba1d1d4..b8e53a81ba  b8e53a81ba538849b98b0d417436f8be653fa1ff -> smoke


^ permalink raw reply	[flat|nested] only message in thread

only message in thread, other threads:[~2021-04-29 23:15 UTC | newest]

Thread overview: (only message) (download: mbox.gz / follow: Atom feed)
-- links below jump to the message on this page --
2021-04-29 23:15 [xen-unstable-smoke test] 161533: tolerable all pass - PUSHED osstest service owner

This is a public inbox, see mirroring instructions
for how to clone and mirror all data and code used for this inbox;
as well as URLs for NNTP newsgroup(s).