xen-devel.lists.xenproject.org archive mirror
 help / color / mirror / Atom feed
* [xen-unstable-smoke test] 161841: tolerable all pass - PUSHED
@ 2021-05-07 22:53 osstest service owner
  0 siblings, 0 replies; only message in thread
From: osstest service owner @ 2021-05-07 22:53 UTC (permalink / raw)
  To: xen-devel, osstest-admin

flight 161841 xen-unstable-smoke real [real]
http://logs.test-lab.xenproject.org/osstest/logs/161841/

Failures :-/ but no regressions.

Tests which did not succeed, but are not blocking:
 test-amd64-amd64-libvirt     15 migrate-support-check        fail   never pass
 test-armhf-armhf-xl          15 migrate-support-check        fail   never pass
 test-armhf-armhf-xl          16 saverestore-support-check    fail   never pass
 test-arm64-arm64-xl-xsm      15 migrate-support-check        fail   never pass
 test-arm64-arm64-xl-xsm      16 saverestore-support-check    fail   never pass

version targeted for testing:
 xen                  a7da84c457b05479ab423a2e589c5f46c7da0ed7
baseline version:
 xen                  7a2b787880bddbb3bd68b18efe1d6fe339df6ff1

Last test of basis   161831  2021-05-07 09:01:42 Z    0 days
Testing same since   161841  2021-05-07 19:04:15 Z    0 days    1 attempts

------------------------------------------------------------
People who touched revisions under test:
  Andrew Cooper <andrew.cooper3@citrix.com>
  Jason Andryuk <jandryuk@gmail.com>
  Olaf Hering <olaf@aepfle.de>
  Roger Pau Monné <roger.pau@citrix.com>

jobs:
 build-arm64-xsm                                              pass    
 build-amd64                                                  pass    
 build-armhf                                                  pass    
 build-amd64-libvirt                                          pass    
 test-armhf-armhf-xl                                          pass    
 test-arm64-arm64-xl-xsm                                      pass    
 test-amd64-amd64-xl-qemuu-debianhvm-amd64                    pass    
 test-amd64-amd64-libvirt                                     pass    


------------------------------------------------------------
sg-report-flight on osstest.test-lab.xenproject.org
logs: /home/logs/logs
images: /home/logs/images

Logs, config files, etc. are available at
    http://logs.test-lab.xenproject.org/osstest/logs

Explanation of these reports, and of osstest in general, is at
    http://xenbits.xen.org/gitweb/?p=osstest.git;a=blob;f=README.email;hb=master
    http://xenbits.xen.org/gitweb/?p=osstest.git;a=blob;f=README;hb=master

Test harness code can be found at
    http://xenbits.xen.org/gitweb?p=osstest.git;a=summary


Pushing revision :

To xenbits.xen.org:/home/xen/git/xen.git
   7a2b787880..a7da84c457  a7da84c457b05479ab423a2e589c5f46c7da0ed7 -> smoke


^ permalink raw reply	[flat|nested] only message in thread

only message in thread, other threads:[~2021-05-07 22:53 UTC | newest]

Thread overview: (only message) (download: mbox.gz / follow: Atom feed)
-- links below jump to the message on this page --
2021-05-07 22:53 [xen-unstable-smoke test] 161841: tolerable all pass - PUSHED osstest service owner

This is a public inbox, see mirroring instructions
for how to clone and mirror all data and code used for this inbox;
as well as URLs for NNTP newsgroup(s).