* [xen-unstable test] 161851: regressions - FAIL
@ 2021-05-08 18:33 osstest service owner
0 siblings, 0 replies; only message in thread
From: osstest service owner @ 2021-05-08 18:33 UTC (permalink / raw)
To: xen-devel, osstest-admin
flight 161851 xen-unstable real [real]
flight 161858 xen-unstable real-retest [real]
http://logs.test-lab.xenproject.org/osstest/logs/161851/
http://logs.test-lab.xenproject.org/osstest/logs/161858/
Regressions :-(
Tests which did not succeed and are blocking,
including tests which could not be run:
test-xtf-amd64-amd64-5 92 xtf/test-pv32pae-xsa-286 fail REGR. vs. 161836
Tests which are failing intermittently (not blocking):
test-xtf-amd64-amd64-2 92 xtf/test-pv32pae-xsa-286 fail pass in 161858-retest
test-amd64-amd64-examine 4 memdisk-try-append fail pass in 161858-retest
test-armhf-armhf-xl-credit2 18 guest-start/debian.repeat fail pass in 161858-retest
Tests which did not succeed, but are not blocking:
test-amd64-amd64-xl-qemut-win7-amd64 19 guest-stop fail like 161836
test-armhf-armhf-libvirt 16 saverestore-support-check fail like 161836
test-amd64-amd64-qemuu-nested-amd 20 debian-hvm-install/l1/l2 fail like 161836
test-amd64-amd64-xl-qemuu-ws16-amd64 19 guest-stop fail like 161836
test-amd64-amd64-xl-qemuu-win7-amd64 19 guest-stop fail like 161836
test-amd64-i386-xl-qemut-ws16-amd64 19 guest-stop fail like 161836
test-amd64-i386-xl-qemut-win7-amd64 19 guest-stop fail like 161836
test-armhf-armhf-libvirt-raw 15 saverestore-support-check fail like 161836
test-amd64-amd64-xl-qemut-ws16-amd64 19 guest-stop fail like 161836
test-amd64-i386-xl-qemuu-ws16-amd64 19 guest-stop fail like 161836
test-amd64-i386-xl-qemuu-win7-amd64 19 guest-stop fail like 161836
test-amd64-i386-xl-pvshim 14 guest-start fail never pass
test-amd64-i386-libvirt-xsm 15 migrate-support-check fail never pass
test-amd64-i386-libvirt 15 migrate-support-check fail never pass
test-arm64-arm64-xl-seattle 15 migrate-support-check fail never pass
test-arm64-arm64-xl-seattle 16 saverestore-support-check fail never pass
test-amd64-amd64-libvirt 15 migrate-support-check fail never pass
test-amd64-amd64-libvirt-xsm 15 migrate-support-check fail never pass
test-arm64-arm64-xl-xsm 15 migrate-support-check fail never pass
test-arm64-arm64-xl-xsm 16 saverestore-support-check fail never pass
test-arm64-arm64-xl-credit1 15 migrate-support-check fail never pass
test-arm64-arm64-xl-credit2 15 migrate-support-check fail never pass
test-arm64-arm64-xl-credit1 16 saverestore-support-check fail never pass
test-arm64-arm64-xl-credit2 16 saverestore-support-check fail never pass
test-arm64-arm64-libvirt-xsm 15 migrate-support-check fail never pass
test-arm64-arm64-libvirt-xsm 16 saverestore-support-check fail never pass
test-arm64-arm64-xl-thunderx 15 migrate-support-check fail never pass
test-arm64-arm64-xl-thunderx 16 saverestore-support-check fail never pass
test-amd64-i386-libvirt-qemuu-debianhvm-amd64-xsm 13 migrate-support-check fail never pass
test-armhf-armhf-xl-arndale 15 migrate-support-check fail never pass
test-armhf-armhf-xl-arndale 16 saverestore-support-check fail never pass
test-amd64-amd64-libvirt-vhd 14 migrate-support-check fail never pass
test-armhf-armhf-xl-cubietruck 15 migrate-support-check fail never pass
test-armhf-armhf-xl-cubietruck 16 saverestore-support-check fail never pass
test-armhf-armhf-xl-credit2 15 migrate-support-check fail never pass
test-armhf-armhf-xl-credit2 16 saverestore-support-check fail never pass
test-armhf-armhf-xl-multivcpu 15 migrate-support-check fail never pass
test-armhf-armhf-xl-multivcpu 16 saverestore-support-check fail never pass
test-armhf-armhf-xl-rtds 15 migrate-support-check fail never pass
test-armhf-armhf-xl-rtds 16 saverestore-support-check fail never pass
test-armhf-armhf-libvirt 15 migrate-support-check fail never pass
test-armhf-armhf-xl 15 migrate-support-check fail never pass
test-armhf-armhf-xl 16 saverestore-support-check fail never pass
test-arm64-arm64-xl 15 migrate-support-check fail never pass
test-arm64-arm64-xl 16 saverestore-support-check fail never pass
test-amd64-amd64-libvirt-qemuu-debianhvm-amd64-xsm 13 migrate-support-check fail never pass
test-armhf-armhf-libvirt-raw 14 migrate-support-check fail never pass
test-armhf-armhf-xl-vhd 14 migrate-support-check fail never pass
test-armhf-armhf-xl-vhd 15 saverestore-support-check fail never pass
test-armhf-armhf-xl-credit1 15 migrate-support-check fail never pass
test-armhf-armhf-xl-credit1 16 saverestore-support-check fail never pass
version targeted for testing:
xen a7da84c457b05479ab423a2e589c5f46c7da0ed7
baseline version:
xen 7a2b787880bddbb3bd68b18efe1d6fe339df6ff1
Last test of basis 161836 2021-05-07 14:06:46 Z 1 days
Testing same since 161851 2021-05-08 07:36:24 Z 0 days 1 attempts
------------------------------------------------------------
People who touched revisions under test:
Andrew Cooper <andrew.cooper3@citrix.com>
Jason Andryuk <jandryuk@gmail.com>
Olaf Hering <olaf@aepfle.de>
Roger Pau Monné <roger.pau@citrix.com>
jobs:
build-amd64-xsm pass
build-arm64-xsm pass
build-i386-xsm pass
build-amd64-xtf pass
build-amd64 pass
build-arm64 pass
build-armhf pass
build-i386 pass
build-amd64-libvirt pass
build-arm64-libvirt pass
build-armhf-libvirt pass
build-i386-libvirt pass
build-amd64-prev pass
build-i386-prev pass
build-amd64-pvops pass
build-arm64-pvops pass
build-armhf-pvops pass
build-i386-pvops pass
test-xtf-amd64-amd64-1 pass
test-xtf-amd64-amd64-2 pass
test-xtf-amd64-amd64-3 pass
test-xtf-amd64-amd64-4 pass
test-xtf-amd64-amd64-5 pass
test-amd64-amd64-xl pass
test-amd64-coresched-amd64-xl pass
test-arm64-arm64-xl pass
test-armhf-armhf-xl pass
test-amd64-i386-xl pass
test-amd64-coresched-i386-xl pass
test-amd64-amd64-libvirt-qemuu-debianhvm-amd64-xsm pass
test-amd64-i386-libvirt-qemuu-debianhvm-amd64-xsm pass
test-amd64-amd64-xl-qemut-stubdom-debianhvm-amd64-xsm pass
test-amd64-i386-xl-qemut-stubdom-debianhvm-amd64-xsm pass
test-amd64-amd64-xl-qemut-debianhvm-i386-xsm pass
test-amd64-i386-xl-qemut-debianhvm-i386-xsm pass
test-amd64-amd64-xl-qemuu-debianhvm-i386-xsm pass
test-amd64-i386-xl-qemuu-debianhvm-i386-xsm pass
test-amd64-amd64-libvirt-xsm pass
test-arm64-arm64-libvirt-xsm pass
test-amd64-i386-libvirt-xsm pass
test-amd64-amd64-xl-xsm pass
test-arm64-arm64-xl-xsm pass
test-amd64-i386-xl-xsm pass
test-amd64-amd64-qemuu-nested-amd fail
test-amd64-amd64-xl-pvhv2-amd pass
test-amd64-i386-qemut-rhel6hvm-amd pass
test-amd64-i386-qemuu-rhel6hvm-amd pass
test-amd64-amd64-dom0pvh-xl-amd pass
test-amd64-amd64-xl-qemut-debianhvm-amd64 pass
test-amd64-i386-xl-qemut-debianhvm-amd64 pass
test-amd64-amd64-xl-qemuu-debianhvm-amd64 pass
test-amd64-i386-xl-qemuu-debianhvm-amd64 pass
test-amd64-i386-freebsd10-amd64 pass
test-amd64-amd64-qemuu-freebsd11-amd64 pass
test-amd64-amd64-qemuu-freebsd12-amd64 pass
test-amd64-amd64-xl-qemuu-ovmf-amd64 pass
test-amd64-i386-xl-qemuu-ovmf-amd64 pass
test-amd64-amd64-xl-qemut-win7-amd64 fail
test-amd64-i386-xl-qemut-win7-amd64 fail
test-amd64-amd64-xl-qemuu-win7-amd64 fail
test-amd64-i386-xl-qemuu-win7-amd64 fail
test-amd64-amd64-xl-qemut-ws16-amd64 fail
test-amd64-i386-xl-qemut-ws16-amd64 fail
test-amd64-amd64-xl-qemuu-ws16-amd64 fail
test-amd64-i386-xl-qemuu-ws16-amd64 fail
test-armhf-armhf-xl-arndale pass
test-amd64-amd64-xl-credit1 pass
test-arm64-arm64-xl-credit1 pass
test-armhf-armhf-xl-credit1 pass
test-amd64-amd64-xl-credit2 pass
test-arm64-arm64-xl-credit2 pass
test-armhf-armhf-xl-credit2 fail
test-armhf-armhf-xl-cubietruck pass
test-amd64-amd64-xl-qemuu-dmrestrict-amd64-dmrestrict pass
test-amd64-i386-xl-qemuu-dmrestrict-amd64-dmrestrict pass
test-amd64-amd64-examine pass
test-arm64-arm64-examine pass
test-armhf-armhf-examine pass
test-amd64-i386-examine pass
test-amd64-i386-freebsd10-i386 pass
test-amd64-amd64-qemuu-nested-intel pass
test-amd64-amd64-xl-pvhv2-intel pass
test-amd64-i386-qemut-rhel6hvm-intel pass
test-amd64-i386-qemuu-rhel6hvm-intel pass
test-amd64-amd64-dom0pvh-xl-intel pass
test-amd64-amd64-libvirt pass
test-armhf-armhf-libvirt pass
test-amd64-i386-libvirt pass
test-amd64-amd64-livepatch pass
test-amd64-i386-livepatch pass
test-amd64-amd64-migrupgrade pass
test-amd64-i386-migrupgrade pass
test-amd64-amd64-xl-multivcpu pass
test-armhf-armhf-xl-multivcpu pass
test-amd64-amd64-pair pass
test-amd64-i386-pair pass
test-amd64-amd64-libvirt-pair pass
test-amd64-i386-libvirt-pair pass
test-amd64-amd64-amd64-pvgrub pass
test-amd64-amd64-i386-pvgrub pass
test-amd64-amd64-xl-pvshim pass
test-amd64-i386-xl-pvshim fail
test-amd64-amd64-pygrub pass
test-amd64-amd64-xl-qcow2 pass
test-armhf-armhf-libvirt-raw pass
test-amd64-i386-xl-raw pass
test-amd64-amd64-xl-rtds pass
test-armhf-armhf-xl-rtds pass
test-arm64-arm64-xl-seattle pass
test-amd64-amd64-xl-qemuu-debianhvm-amd64-shadow pass
test-amd64-i386-xl-qemuu-debianhvm-amd64-shadow pass
test-amd64-amd64-xl-shadow pass
test-amd64-i386-xl-shadow pass
test-arm64-arm64-xl-thunderx pass
test-amd64-amd64-libvirt-vhd pass
test-armhf-armhf-xl-vhd pass
------------------------------------------------------------
sg-report-flight on osstest.test-lab.xenproject.org
logs: /home/logs/logs
images: /home/logs/images
Logs, config files, etc. are available at
http://logs.test-lab.xenproject.org/osstest/logs
Explanation of these reports, and of osstest in general, is at
http://xenbits.xen.org/gitweb/?p=osstest.git;a=blob;f=README.email;hb=master
http://xenbits.xen.org/gitweb/?p=osstest.git;a=blob;f=README;hb=master
Test harness code can be found at
http://xenbits.xen.org/gitweb?p=osstest.git;a=summary
Not pushing.
------------------------------------------------------------
commit a7da84c457b05479ab423a2e589c5f46c7da0ed7
Author: Jason Andryuk <jandryuk@gmail.com>
Date: Thu May 6 09:59:15 2021 -0400
vtpmmgr: Move vtpmmgr_shutdown
Reposition vtpmmgr_shutdown so it can call flush_tpm2 without a forward
declaration.
Signed-off-by: Jason Andryuk <jandryuk@gmail.com>
Reviewed-by: Samuel Thibault <samuel.thibault@ens-lyon.org>
Reviewed-by: Daniel P. Smith <dpsmith@apertussolutions.com>
commit 244fdf0027b223cc7f402783c1c6084e179e7064
Author: Jason Andryuk <jandryuk@gmail.com>
Date: Thu May 6 09:59:13 2021 -0400
stubom: newlib: Enable C99 formats for %z
vtpmmgr was changed to print size_t with the %z modifier, but newlib
isn't compiled with %z support. So you get output like:
root seal: zu; sector of 13: zu
root: zu v=zu
itree: 36; sector of 112: zu
group: zu v=zu id=zu md=zu
group seal: zu; 5 in parent: zu; sector of 13: zu
vtpm: zu+zu; sector of 48: zu
Enable the C99 formats in newlib so vtpmmgr prints the numeric values.
Fixes: 9379af08ccc0 ("stubdom: vtpmmgr: Correctly format size_t with %z when printing.")
Signed-off-by: Jason Andryuk <jandryuk@gmail.com>
Reviewed-by: Samuel Thibault <samuel.thibault@ens-lyon.org>
Reviewed-by: Daniel P. Smith <dpsmith@apertussolutions.com>
commit 15a59d6ef3acdd816578eecca7a9247fd38bdf99
Author: Jason Andryuk <jandryuk@gmail.com>
Date: Thu May 6 09:59:12 2021 -0400
vtpmmgr: Print error code to aid debugging
tpm_get_error_name returns "Unknown Error Code" when an error string
is not defined. In that case, we should print the Error Code so it can
be looked up offline. tpm_get_error_name returns a const string, so
just have the two callers always print the error code so it is always
available.
Signed-off-by: Jason Andryuk <jandryuk@gmail.com>
Reviewed-by: Samuel Thibault <samuel.thibault@ens-lyon.org>
Reviewed-by: Daniel P. Smith <dpsmith@apertussolutions.com>
commit 93b2558fae83ab3a6a9b48c851d48ccf57be2298
Author: Jason Andryuk <jandryuk@gmail.com>
Date: Thu May 6 09:59:11 2021 -0400
docs: Warn about incomplete vtpmmgr TPM 2.0 support
The vtpmmgr TPM 2.0 support is incomplete. Add a warning about that to
the documentation so others don't have to work through discovering it is
broken.
Signed-off-by: Jason Andryuk <jandryuk@gmail.com>
Acked-by: Andrew Cooper <andrew.cooper3@citrix.com>
Reviewed-by: Daniel P. Smith <dpsmith@apertussolutions.com>
commit 27a4986d4fcd6a1bfdac9cafbce1a2f7a58f796e
Author: Olaf Hering <olaf@aepfle.de>
Date: Thu May 6 17:17:01 2021 +0200
tools: fix incorrect suggestions for XENCONSOLED_TRACE on BSD
--log does not take a file, it specifies what is supposed to be logged.
Also separate the XENSTORED and XENCONSOLED variables by a newline.
Signed-off-by: Olaf Hering <olaf@aepfle.de>
Acked-by: Andrew Cooper <andrew.cooper3@citrix.com>
Acked-by: Roger Pau Monné <roger.pau@citrix.com>
(qemu changes not included)
^ permalink raw reply [flat|nested] only message in thread
only message in thread, other threads:[~2021-05-08 18:33 UTC | newest]
Thread overview: (only message) (download: mbox.gz / follow: Atom feed)
-- links below jump to the message on this page --
2021-05-08 18:33 [xen-unstable test] 161851: regressions - FAIL osstest service owner
This is a public inbox, see mirroring instructions
for how to clone and mirror all data and code used for this inbox;
as well as URLs for NNTP newsgroup(s).