* [qemu-mainline test] 161853: regressions - FAIL
@ 2021-05-08 10:38 osstest service owner
0 siblings, 0 replies; only message in thread
From: osstest service owner @ 2021-05-08 10:38 UTC (permalink / raw)
To: xen-devel, osstest-admin
flight 161853 qemu-mainline real [real]
http://logs.test-lab.xenproject.org/osstest/logs/161853/
Regressions :-(
Tests which did not succeed and are blocking,
including tests which could not be run:
build-amd64 6 xen-build fail REGR. vs. 152631
build-arm64 6 xen-build fail REGR. vs. 152631
build-i386 6 xen-build fail REGR. vs. 152631
build-i386-xsm 6 xen-build fail REGR. vs. 152631
build-arm64-xsm 6 xen-build fail REGR. vs. 152631
build-amd64-xsm 6 xen-build fail REGR. vs. 152631
build-armhf 6 xen-build fail REGR. vs. 152631
Tests which did not succeed, but are not blocking:
test-arm64-arm64-xl 1 build-check(1) blocked n/a
test-arm64-arm64-xl-credit1 1 build-check(1) blocked n/a
test-arm64-arm64-xl-credit2 1 build-check(1) blocked n/a
test-arm64-arm64-xl-seattle 1 build-check(1) blocked n/a
test-arm64-arm64-xl-thunderx 1 build-check(1) blocked n/a
test-arm64-arm64-xl-xsm 1 build-check(1) blocked n/a
test-armhf-armhf-libvirt 1 build-check(1) blocked n/a
test-armhf-armhf-libvirt-raw 1 build-check(1) blocked n/a
test-armhf-armhf-xl 1 build-check(1) blocked n/a
test-armhf-armhf-xl-arndale 1 build-check(1) blocked n/a
test-armhf-armhf-xl-credit1 1 build-check(1) blocked n/a
test-armhf-armhf-xl-multivcpu 1 build-check(1) blocked n/a
test-armhf-armhf-xl-rtds 1 build-check(1) blocked n/a
test-armhf-armhf-xl-vhd 1 build-check(1) blocked n/a
test-amd64-i386-pair 1 build-check(1) blocked n/a
test-amd64-i386-libvirt-xsm 1 build-check(1) blocked n/a
test-amd64-i386-libvirt-qemuu-debianhvm-amd64-xsm 1 build-check(1) blocked n/a
test-amd64-i386-libvirt-pair 1 build-check(1) blocked n/a
test-amd64-i386-libvirt 1 build-check(1) blocked n/a
test-amd64-i386-freebsd10-i386 1 build-check(1) blocked n/a
test-amd64-i386-freebsd10-amd64 1 build-check(1) blocked n/a
test-amd64-coresched-i386-xl 1 build-check(1) blocked n/a
test-amd64-coresched-amd64-xl 1 build-check(1) blocked n/a
test-amd64-amd64-xl-xsm 1 build-check(1) blocked n/a
test-amd64-amd64-xl-shadow 1 build-check(1) blocked n/a
test-amd64-amd64-xl-rtds 1 build-check(1) blocked n/a
build-amd64-libvirt 1 build-check(1) blocked n/a
test-amd64-amd64-xl-qemuu-ws16-amd64 1 build-check(1) blocked n/a
test-amd64-amd64-xl-qemuu-win7-amd64 1 build-check(1) blocked n/a
build-arm64-libvirt 1 build-check(1) blocked n/a
test-amd64-amd64-xl-qemuu-ovmf-amd64 1 build-check(1) blocked n/a
test-amd64-amd64-xl-qemuu-dmrestrict-amd64-dmrestrict 1 build-check(1) blocked n/a
test-amd64-amd64-xl-qemuu-debianhvm-i386-xsm 1 build-check(1) blocked n/a
build-armhf-libvirt 1 build-check(1) blocked n/a
test-amd64-amd64-xl-qemuu-debianhvm-amd64-shadow 1 build-check(1) blocked n/a
build-i386-libvirt 1 build-check(1) blocked n/a
test-amd64-amd64-xl-qemuu-debianhvm-amd64 1 build-check(1) blocked n/a
test-amd64-amd64-amd64-pvgrub 1 build-check(1) blocked n/a
test-amd64-amd64-xl-qcow2 1 build-check(1) blocked n/a
test-amd64-amd64-dom0pvh-xl-amd 1 build-check(1) blocked n/a
test-amd64-amd64-xl-pvshim 1 build-check(1) blocked n/a
test-amd64-amd64-dom0pvh-xl-intel 1 build-check(1) blocked n/a
test-amd64-amd64-i386-pvgrub 1 build-check(1) blocked n/a
test-amd64-amd64-libvirt 1 build-check(1) blocked n/a
test-amd64-amd64-xl-pvhv2-intel 1 build-check(1) blocked n/a
test-amd64-amd64-libvirt-pair 1 build-check(1) blocked n/a
test-amd64-amd64-libvirt-qemuu-debianhvm-amd64-xsm 1 build-check(1) blocked n/a
test-amd64-amd64-xl-pvhv2-amd 1 build-check(1) blocked n/a
test-amd64-amd64-libvirt-vhd 1 build-check(1) blocked n/a
test-amd64-amd64-libvirt-xsm 1 build-check(1) blocked n/a
test-amd64-amd64-xl-multivcpu 1 build-check(1) blocked n/a
test-amd64-amd64-pair 1 build-check(1) blocked n/a
test-amd64-amd64-pygrub 1 build-check(1) blocked n/a
test-amd64-amd64-xl-credit2 1 build-check(1) blocked n/a
test-amd64-amd64-qemuu-freebsd11-amd64 1 build-check(1) blocked n/a
test-amd64-amd64-qemuu-freebsd12-amd64 1 build-check(1) blocked n/a
test-amd64-amd64-xl-credit1 1 build-check(1) blocked n/a
test-amd64-amd64-qemuu-nested-amd 1 build-check(1) blocked n/a
test-amd64-amd64-qemuu-nested-intel 1 build-check(1) blocked n/a
test-amd64-amd64-xl 1 build-check(1) blocked n/a
test-armhf-armhf-xl-credit2 1 build-check(1) blocked n/a
test-armhf-armhf-xl-cubietruck 1 build-check(1) blocked n/a
test-amd64-i386-qemuu-rhel6hvm-amd 1 build-check(1) blocked n/a
test-amd64-i386-qemuu-rhel6hvm-intel 1 build-check(1) blocked n/a
test-amd64-i386-xl 1 build-check(1) blocked n/a
test-amd64-i386-xl-pvshim 1 build-check(1) blocked n/a
test-amd64-i386-xl-qemuu-debianhvm-amd64 1 build-check(1) blocked n/a
test-amd64-i386-xl-qemuu-debianhvm-amd64-shadow 1 build-check(1) blocked n/a
test-amd64-i386-xl-qemuu-debianhvm-i386-xsm 1 build-check(1) blocked n/a
test-amd64-i386-xl-qemuu-dmrestrict-amd64-dmrestrict 1 build-check(1) blocked n/a
test-amd64-i386-xl-qemuu-ovmf-amd64 1 build-check(1) blocked n/a
test-amd64-i386-xl-qemuu-win7-amd64 1 build-check(1) blocked n/a
test-amd64-i386-xl-qemuu-ws16-amd64 1 build-check(1) blocked n/a
test-amd64-i386-xl-raw 1 build-check(1) blocked n/a
test-amd64-i386-xl-shadow 1 build-check(1) blocked n/a
test-amd64-i386-xl-xsm 1 build-check(1) blocked n/a
test-arm64-arm64-libvirt-xsm 1 build-check(1) blocked n/a
version targeted for testing:
qemuu d90f154867ec0ec22fd719164b88716e8fd48672
baseline version:
qemuu 1d806cef0e38b5db8347a8e12f214d543204a314
Last test of basis 152631 2020-08-20 09:07:46 Z 261 days
Failing since 152659 2020-08-21 14:07:39 Z 259 days 474 attempts
Testing same since 161826 2021-05-07 02:33:20 Z 1 days 3 attempts
------------------------------------------------------------
487 people touched revisions under test,
not listing them all
jobs:
build-amd64-xsm fail
build-arm64-xsm fail
build-i386-xsm fail
build-amd64 fail
build-arm64 fail
build-armhf fail
build-i386 fail
build-amd64-libvirt blocked
build-arm64-libvirt blocked
build-armhf-libvirt blocked
build-i386-libvirt blocked
build-amd64-pvops pass
build-arm64-pvops pass
build-armhf-pvops pass
build-i386-pvops pass
test-amd64-amd64-xl blocked
test-amd64-coresched-amd64-xl blocked
test-arm64-arm64-xl blocked
test-armhf-armhf-xl blocked
test-amd64-i386-xl blocked
test-amd64-coresched-i386-xl blocked
test-amd64-amd64-libvirt-qemuu-debianhvm-amd64-xsm blocked
test-amd64-i386-libvirt-qemuu-debianhvm-amd64-xsm blocked
test-amd64-amd64-xl-qemuu-debianhvm-i386-xsm blocked
test-amd64-i386-xl-qemuu-debianhvm-i386-xsm blocked
test-amd64-amd64-libvirt-xsm blocked
test-arm64-arm64-libvirt-xsm blocked
test-amd64-i386-libvirt-xsm blocked
test-amd64-amd64-xl-xsm blocked
test-arm64-arm64-xl-xsm blocked
test-amd64-i386-xl-xsm blocked
test-amd64-amd64-qemuu-nested-amd blocked
test-amd64-amd64-xl-pvhv2-amd blocked
test-amd64-i386-qemuu-rhel6hvm-amd blocked
test-amd64-amd64-dom0pvh-xl-amd blocked
test-amd64-amd64-xl-qemuu-debianhvm-amd64 blocked
test-amd64-i386-xl-qemuu-debianhvm-amd64 blocked
test-amd64-i386-freebsd10-amd64 blocked
test-amd64-amd64-qemuu-freebsd11-amd64 blocked
test-amd64-amd64-qemuu-freebsd12-amd64 blocked
test-amd64-amd64-xl-qemuu-ovmf-amd64 blocked
test-amd64-i386-xl-qemuu-ovmf-amd64 blocked
test-amd64-amd64-xl-qemuu-win7-amd64 blocked
test-amd64-i386-xl-qemuu-win7-amd64 blocked
test-amd64-amd64-xl-qemuu-ws16-amd64 blocked
test-amd64-i386-xl-qemuu-ws16-amd64 blocked
test-armhf-armhf-xl-arndale blocked
test-amd64-amd64-xl-credit1 blocked
test-arm64-arm64-xl-credit1 blocked
test-armhf-armhf-xl-credit1 blocked
test-amd64-amd64-xl-credit2 blocked
test-arm64-arm64-xl-credit2 blocked
test-armhf-armhf-xl-credit2 blocked
test-armhf-armhf-xl-cubietruck blocked
test-amd64-amd64-xl-qemuu-dmrestrict-amd64-dmrestrict blocked
test-amd64-i386-xl-qemuu-dmrestrict-amd64-dmrestrict blocked
test-amd64-i386-freebsd10-i386 blocked
test-amd64-amd64-qemuu-nested-intel blocked
test-amd64-amd64-xl-pvhv2-intel blocked
test-amd64-i386-qemuu-rhel6hvm-intel blocked
test-amd64-amd64-dom0pvh-xl-intel blocked
test-amd64-amd64-libvirt blocked
test-armhf-armhf-libvirt blocked
test-amd64-i386-libvirt blocked
test-amd64-amd64-xl-multivcpu blocked
test-armhf-armhf-xl-multivcpu blocked
test-amd64-amd64-pair blocked
test-amd64-i386-pair blocked
test-amd64-amd64-libvirt-pair blocked
test-amd64-i386-libvirt-pair blocked
test-amd64-amd64-amd64-pvgrub blocked
test-amd64-amd64-i386-pvgrub blocked
test-amd64-amd64-xl-pvshim blocked
test-amd64-i386-xl-pvshim blocked
test-amd64-amd64-pygrub blocked
test-amd64-amd64-xl-qcow2 blocked
test-armhf-armhf-libvirt-raw blocked
test-amd64-i386-xl-raw blocked
test-amd64-amd64-xl-rtds blocked
test-armhf-armhf-xl-rtds blocked
test-arm64-arm64-xl-seattle blocked
test-amd64-amd64-xl-qemuu-debianhvm-amd64-shadow blocked
test-amd64-i386-xl-qemuu-debianhvm-amd64-shadow blocked
test-amd64-amd64-xl-shadow blocked
test-amd64-i386-xl-shadow blocked
test-arm64-arm64-xl-thunderx blocked
test-amd64-amd64-libvirt-vhd blocked
test-armhf-armhf-xl-vhd blocked
------------------------------------------------------------
sg-report-flight on osstest.test-lab.xenproject.org
logs: /home/logs/logs
images: /home/logs/images
Logs, config files, etc. are available at
http://logs.test-lab.xenproject.org/osstest/logs
Explanation of these reports, and of osstest in general, is at
http://xenbits.xen.org/gitweb/?p=osstest.git;a=blob;f=README.email;hb=master
http://xenbits.xen.org/gitweb/?p=osstest.git;a=blob;f=README;hb=master
Test harness code can be found at
http://xenbits.xen.org/gitweb?p=osstest.git;a=summary
Not pushing.
(No revision log; it would be 148130 lines long.)
^ permalink raw reply [flat|nested] only message in thread
only message in thread, other threads:[~2021-05-08 10:39 UTC | newest]
Thread overview: (only message) (download: mbox.gz / follow: Atom feed)
-- links below jump to the message on this page --
2021-05-08 10:38 [qemu-mainline test] 161853: regressions - FAIL osstest service owner
This is a public inbox, see mirroring instructions
for how to clone and mirror all data and code used for this inbox;
as well as URLs for NNTP newsgroup(s).